{"id":13,"date":"2018-10-17T08:08:23","date_gmt":"2018-10-17T08:08:23","guid":{"rendered":"https:\/\/fg.ull.es\/transparencia\/?page_id=13"},"modified":"2025-06-16T07:07:27","modified_gmt":"2025-06-16T07:07:27","slug":"inicio","status":"publish","type":"page","link":"https:\/\/fg.ull.es\/transparencia\/","title":{"rendered":"Inicio"},"content":{"rendered":"<section class=\"wpb-content-wrapper\"><p>[vc_row full_width=&#8221;stretch_row_content_no_spaces&#8221; css=&#8221;.vc_custom_1594127516989{margin-top: -30px !important;background-image: url(https:\/\/fg.ull.es\/transparencia\/wp-content\/uploads\/sites\/7\/2020\/07\/Header_Transparencia_fgull_png2-compressor.png?id=562) !important;background-position: center !important;background-repeat: no-repeat !important;background-size: cover !important;}&#8221;][vc_column][vc_empty_space height=&#8221;400px&#8221;][\/vc_column][\/vc_row][vc_row][vc_column][vc_column_text]Este portal de transparencia facilita a toda la ciudadan\u00eda el acceso a la informaci\u00f3n <strong>de la Fundaci\u00f3n General de la Universidad de La Laguna.<\/strong>[\/vc_column_text][\/vc_column][\/vc_row][vc_row][vc_column][vc_column_text]Da respuesta a la demanda de informaci\u00f3n de la sociedad, as\u00ed como la que define la normativa relacionada con Transparencia, Derecho de acceso a la informaci\u00f3n p\u00fablica y Buen Gobierno\u00a0<strong><a href=\"https:\/\/www.boe.es\/boe\/dias\/2013\/12\/10\/pdfs\/BOE-A-2013-12887.pdf\">Ley 19\/2013, de 9 de diciembre de Transparencia, Acceso a la Informaci\u00f3n P\u00fablica y Buen Gobierno<\/a>;\u00a0<a href=\"https:\/\/www.boe.es\/boe\/dias\/2015\/02\/06\/pdfs\/BOE-A-2015-1114.pdf\">la Ley 12\/2014 de transparencia y de acceso a la informaci\u00f3n p\u00fablica<\/a><\/strong>; y la<strong>\u00a0<a href=\"https:\/\/www.boe.es\/buscar\/pdf\/2015\/BOE-A-2015-4621-consolidado.pdf\">Ley 8\/2015, de 1 de abril, de cabildos insulares<\/a><\/strong>\u00a0y en el resto del ordenamiento jur\u00eddico.<\/p>\n<p>El portal, asimismo, est\u00e1 alineada con las recomendaciones de la<a href=\"https:\/\/transparencia.org.es\/\"> organizaci\u00f3n de Transparencia Internacional-Espa\u00f1a<\/a>.[\/vc_column_text][\/vc_column][\/vc_row][vc_row][vc_column][vc_empty_space height=&#8221;60px&#8221;][\/vc_column][\/vc_row][vc_row][vc_column width=&#8221;1\/6&#8243; el_class=&#8221;menurapido&#8221;][vc_empty_space][vc_icon type=&#8221;typicons&#8221; icon_typicons=&#8221;typcn typcn-home&#8221; color=&#8221;custom&#8221; size=&#8221;xl&#8221; align=&#8221;center&#8221; custom_color=&#8221;#000000&#8243; link=&#8221;url:%2Ftransparencia%2Finstitucional%2F|||&#8221;][vc_custom_heading text=&#8221;1. Institucional&#8221; font_container=&#8221;tag:h4|font_size:20px|text_align:center|line_height:30px&#8221; google_fonts=&#8221;font_family:Pontano%20Sans%3Aregular|font_style:400%20regular%3A400%3Anormal&#8221; link=&#8221;url:%2Ftransparencia%2Finstitucional%2F|||&#8221;][\/vc_column][vc_column width=&#8221;1\/6&#8243; el_class=&#8221;menurapido&#8221;][vc_empty_space][vc_icon type=&#8221;typicons&#8221; icon_typicons=&#8221;typcn typcn-group-outline&#8221; color=&#8221;custom&#8221; size=&#8221;xl&#8221; align=&#8221;center&#8221; custom_color=&#8221;#000000&#8243; link=&#8221;url:%2Ftransparencia%2Forganizativa%2F|||&#8221;][vc_custom_heading text=&#8221;2. Organizativa&#8221; font_container=&#8221;tag:h4|font_size:20px|text_align:center|line_height:30px&#8221; google_fonts=&#8221;font_family:Pontano%20Sans%3Aregular|font_style:400%20regular%3A400%3Anormal&#8221; link=&#8221;url:%2Ftransparencia%2Forganizativa%2F|||&#8221;][\/vc_column][vc_column width=&#8221;1\/6&#8243; el_class=&#8221;menurapido&#8221;][vc_empty_space][vc_icon type=&#8221;typicons&#8221; icon_typicons=&#8221;typcn typcn-globe-outline&#8221; color=&#8221;custom&#8221; size=&#8221;xl&#8221; align=&#8221;center&#8221; custom_color=&#8221;#000000&#8243; link=&#8221;url:%2Ftransparencia%2Fpersonal-de-libre-nombramiento%2F|||&#8221;][vc_custom_heading text=&#8221;3. Personal de libre nombramiento&#8221; font_container=&#8221;tag:h4|font_size:20px|text_align:center|line_height:30px&#8221; google_fonts=&#8221;font_family:Pontano%20Sans%3Aregular|font_style:400%20regular%3A400%3Anormal&#8221; link=&#8221;url:%2Ftransparencia%2Fpersonal-de-libre-nombramiento%2F|title:Personal%20de%20libre%20nombramiento||&#8221;][\/vc_column][vc_column width=&#8221;1\/6&#8243; el_class=&#8221;menurapido&#8221;][vc_empty_space][vc_icon type=&#8221;typicons&#8221; icon_typicons=&#8221;typcn typcn-point-of-interest-outline&#8221; color=&#8221;custom&#8221; size=&#8221;xl&#8221; align=&#8221;center&#8221; custom_color=&#8221;#000000&#8243; link=&#8221;url:%2Ftransparencia%2Fempleo-en-el-sector-publico%2F|||&#8221;][vc_custom_heading text=&#8221;4. Empleo del sector p\u00fablico&#8221; font_container=&#8221;tag:h4|font_size:20px|text_align:center|line_height:30px&#8221; google_fonts=&#8221;font_family:Pontano%20Sans%3Aregular|font_style:400%20regular%3A400%3Anormal&#8221; link=&#8221;url:%2Ftransparencia%2Fempleo-en-el-sector-publico%2F|title:Empleo%20del%20sector%20p%C3%BAblico||&#8221;][\/vc_column][vc_column width=&#8221;1\/6&#8243; el_class=&#8221;menurapido&#8221;][vc_empty_space][vc_icon type=&#8221;typicons&#8221; icon_typicons=&#8221;typcn typcn-starburst-outline&#8221; color=&#8221;custom&#8221; size=&#8221;xl&#8221; align=&#8221;center&#8221; custom_color=&#8221;#000000&#8243; link=&#8221;url:%20%2Ftransparencia%2Fretribuciones%2F|||&#8221;][vc_custom_heading text=&#8221;5. Retribuciones&#8221; font_container=&#8221;tag:h4|font_size:20px|text_align:center|line_height:30px&#8221; google_fonts=&#8221;font_family:Pontano%20Sans%3Aregular|font_style:400%20regular%3A400%3Anormal&#8221; link=&#8221;url:%2Ftransparencia%2Fretribuciones%2F|title:Retribuciones||&#8221;][\/vc_column][vc_column width=&#8221;1\/6&#8243; el_class=&#8221;menurapido&#8221;][vc_empty_space][vc_icon type=&#8221;typicons&#8221; icon_typicons=&#8221;typcn typcn-flow-children&#8221; color=&#8221;custom&#8221; size=&#8221;xl&#8221; align=&#8221;center&#8221; custom_color=&#8221;#000000&#8243; link=&#8221;url:%2Ftransparencia%2Fservicios-y-procedimientos&#8221;][vc_custom_heading text=&#8221;7. Servicios y procedimientos&#8221; font_container=&#8221;tag:h4|font_size:20px|text_align:center|line_height:30px&#8221; google_fonts=&#8221;font_family:Pontano%20Sans%3Aregular|font_style:400%20regular%3A400%3Anormal&#8221; link=&#8221;url:%2Ftransparencia%2Fservicios-y-procedimientos|title:Contratos||&#8221;][\/vc_column][\/vc_row][vc_row][vc_column][vc_empty_space height=&#8221;60px&#8221;][\/vc_column][\/vc_row][vc_row][vc_column width=&#8221;1\/6&#8243; el_class=&#8221;menurapido&#8221;][vc_empty_space][vc_icon type=&#8221;typicons&#8221; icon_typicons=&#8221;typcn typcn-chart-line&#8221; color=&#8221;custom&#8221; size=&#8221;xl&#8221; align=&#8221;center&#8221; custom_color=&#8221;#000000&#8243; link=&#8221;url:%2Ftransparencia%2Feconomico-financiera%2F|||&#8221;][vc_custom_heading text=&#8221;8. Econ\u00f3mico-financiera&#8221; font_container=&#8221;tag:h4|font_size:20px|text_align:center|line_height:30px&#8221; google_fonts=&#8221;font_family:Pontano%20Sans%3Aregular|font_style:400%20regular%3A400%3Anormal&#8221; link=&#8221;url:%2Ftransparencia%2Feconomico-financiera%2F|title:Econ%C3%B3mico-financiera||&#8221;][\/vc_column][vc_column width=&#8221;1\/6&#8243; el_class=&#8221;menurapido&#8221;][vc_empty_space][vc_icon type=&#8221;typicons&#8221; icon_typicons=&#8221;typcn typcn-pen&#8221; color=&#8221;custom&#8221; size=&#8221;xl&#8221; align=&#8221;center&#8221; custom_color=&#8221;#000000&#8243; link=&#8221;url:%2Ftransparencia%2Fcontratos%2F|||&#8221;][vc_custom_heading text=&#8221;12. Contratos&#8221; font_container=&#8221;tag:h4|font_size:20px|text_align:center|line_height:30px&#8221; google_fonts=&#8221;font_family:Pontano%20Sans%3Aregular|font_style:400%20regular%3A400%3Anormal&#8221; link=&#8221;url:%2Ftransparencia%2Fcontratos%2F|title:Contratos||&#8221;][\/vc_column][vc_column width=&#8221;1\/6&#8243; el_class=&#8221;menurapido&#8221;][vc_empty_space][vc_icon type=&#8221;typicons&#8221; icon_typicons=&#8221;typcn typcn-arrow-unsorted&#8221; color=&#8221;custom&#8221; size=&#8221;xl&#8221; align=&#8221;center&#8221; custom_color=&#8221;#000000&#8243; link=&#8221;url:%20%2Ftransparencia%2Fconvenios-y-encargos-de-gestion%2F|||&#8221;][vc_custom_heading text=&#8221;13. Convenios y Encargos&#8221; font_container=&#8221;tag:h4|font_size:20px|text_align:center|line_height:30px&#8221; google_fonts=&#8221;font_family:Pontano%20Sans%3Aregular|font_style:400%20regular%3A400%3Anormal&#8221; link=&#8221;url:%2Ftransparencia%2Fconvenios-y-encargos-de-gestion%2F|title:Convenios%20y%20Encargos%20de%20gesti%C3%B3n||&#8221;][\/vc_column][vc_column width=&#8221;1\/6&#8243; el_class=&#8221;menurapido&#8221;][vc_empty_space][vc_icon type=&#8221;typicons&#8221; icon_typicons=&#8221;typcn typcn-user-add&#8221; color=&#8221;custom&#8221; size=&#8221;xl&#8221; align=&#8221;center&#8221; custom_color=&#8221;#000000&#8243; link=&#8221;url:%2Ftransparencia%2Fayudas-y-subvenciones|||&#8221;][vc_custom_heading text=&#8221;15. Ayudas y subvenciones&#8221; font_container=&#8221;tag:h4|font_size:20px|text_align:center|line_height:30px&#8221; google_fonts=&#8221;font_family:Pontano%20Sans%3Aregular|font_style:400%20regular%3A400%3Anormal&#8221; link=&#8221;url:%2Ftransparencia%2Fayudas-y-subvenciones|title:Econ%C3%B3mico-financiera||&#8221;][\/vc_column][vc_column width=&#8221;1\/6&#8243; el_class=&#8221;menurapido&#8221;][vc_empty_space][vc_icon type=&#8221;typicons&#8221; icon_typicons=&#8221;typcn typcn-briefcase&#8221; color=&#8221;custom&#8221; size=&#8221;xl&#8221; align=&#8221;center&#8221; custom_color=&#8221;#000000&#8243; link=&#8221;url:%20%2Ftransparencia%2Fderecho-de-acceso%2F|||&#8221;][vc_custom_heading text=&#8221;18. Derecho de acceso&#8221; font_container=&#8221;tag:h4|font_size:20px|text_align:center|line_height:30px&#8221; google_fonts=&#8221;font_family:Pontano%20Sans%3Aregular|font_style:400%20regular%3A400%3Anormal&#8221; link=&#8221;url:%2Ftransparencia%2Fderecho-de-acceso%2F|title:Convenios%20y%20Encargos%20de%20gesti%C3%B3n||&#8221;][\/vc_column][vc_column width=&#8221;1\/6&#8243; el_class=&#8221;menurapido&#8221;][vc_empty_space][vc_icon type=&#8221;typicons&#8221; icon_typicons=&#8221;typcn typcn-eye-outline&#8221; color=&#8221;custom&#8221; size=&#8221;xl&#8221; align=&#8221;center&#8221; custom_color=&#8221;#000000&#8243; link=&#8221;url:https%3A%2F%2Ffg.ull.es%2Faccesibilidad%2F&#8221;][vc_custom_heading text=&#8221;Accesibilidad&#8221; font_container=&#8221;tag:h4|font_size:20px|text_align:center|line_height:30px&#8221; google_fonts=&#8221;font_family:Pontano%20Sans%3Aregular|font_style:400%20regular%3A400%3Anormal&#8221; link=&#8221;url:https%3A%2F%2Ffg.ull.es%2Faccesibilidad%2F|title:Accesibilidad&#8221;][\/vc_column][\/vc_row][vc_row][vc_column][vc_empty_space height=&#8221;60px&#8221;][\/vc_column][\/vc_row][vc_row][vc_column width=&#8221;1\/6&#8243; el_class=&#8221;menurapido&#8221;][vc_empty_space][vc_icon type=&#8221;typicons&#8221; icon_typicons=&#8221;typcn typcn-chart-area-outline&#8221; color=&#8221;custom&#8221; size=&#8221;xl&#8221; align=&#8221;center&#8221; custom_color=&#8221;#000000&#8243; link=&#8221;url:%2Ftransparencia%2Fprtr%2F&#8221;][vc_custom_heading text=&#8221;Plan de Recuperaci\u00f3n, Transformaci\u00f3n y Resiliencia&#8221; font_container=&#8221;tag:h4|font_size:20px|text_align:center|line_height:30px&#8221; google_fonts=&#8221;font_family:Pontano%20Sans%3Aregular|font_style:400%20regular%3A400%3Anormal&#8221; link=&#8221;url:%2Ftransparencia%2Fprtr%2F|title:Econ%C3%B3mico-financiera&#8221;][\/vc_column][vc_column width=&#8221;1\/6&#8243; el_class=&#8221;menurapido&#8221;][\/vc_column][vc_column width=&#8221;1\/6&#8243; el_class=&#8221;menurapido&#8221;][\/vc_column][vc_column width=&#8221;1\/6&#8243; el_class=&#8221;menurapido&#8221;][\/vc_column][vc_column width=&#8221;1\/6&#8243; el_class=&#8221;menurapido&#8221;][\/vc_column][vc_column width=&#8221;1\/6&#8243; el_class=&#8221;menurapido&#8221;][\/vc_column][\/vc_row][vc_row disable_element=&#8221;yes&#8221;][vc_column width=&#8221;1\/6&#8243; el_class=&#8221;menurapido&#8221;][vc_empty_space][vc_icon type=&#8221;typicons&#8221; icon_typicons=&#8221;typcn typcn-chart-line&#8221; color=&#8221;custom&#8221; size=&#8221;xl&#8221; align=&#8221;center&#8221; custom_color=&#8221;#000000&#8243; link=&#8221;url:%2Ftransparencia%2Feconomico-financiera%2F|||&#8221;][vc_custom_heading text=&#8221;8. Econ\u00f3mico-financiera&#8221; font_container=&#8221;tag:h4|font_size:20px|text_align:center|line_height:30px&#8221; google_fonts=&#8221;font_family:Pontano%20Sans%3Aregular|font_style:400%20regular%3A400%3Anormal&#8221; link=&#8221;url:%2Ftransparencia%2Feconomico-financiera%2F|title:Econ%C3%B3mico-financiera||&#8221;][\/vc_column][vc_column width=&#8221;1\/6&#8243; el_class=&#8221;menurapido&#8221;][vc_empty_space][vc_icon type=&#8221;typicons&#8221; icon_typicons=&#8221;typcn typcn-pen&#8221; color=&#8221;custom&#8221; size=&#8221;xl&#8221; align=&#8221;center&#8221; custom_color=&#8221;#000000&#8243; link=&#8221;url:%2Ftransparencia%2Fcontratos%2F|||&#8221;][vc_custom_heading text=&#8221;12. Contratos&#8221; font_container=&#8221;tag:h4|font_size:20px|text_align:center|line_height:30px&#8221; google_fonts=&#8221;font_family:Pontano%20Sans%3Aregular|font_style:400%20regular%3A400%3Anormal&#8221; link=&#8221;url:%2Ftransparencia%2Fcontratos%2F|title:Contratos||&#8221;][\/vc_column][vc_column width=&#8221;1\/6&#8243; el_class=&#8221;menurapido&#8221;][vc_empty_space][vc_icon type=&#8221;typicons&#8221; icon_typicons=&#8221;typcn typcn-arrow-unsorted&#8221; color=&#8221;custom&#8221; size=&#8221;xl&#8221; align=&#8221;center&#8221; custom_color=&#8221;#000000&#8243; link=&#8221;url:%20%2Ftransparencia%2Fconvenios-y-encargos-de-gestion%2F|||&#8221;][vc_custom_heading text=&#8221;13. Convenios y Encargos&#8221; font_container=&#8221;tag:h4|font_size:20px|text_align:center|line_height:30px&#8221; google_fonts=&#8221;font_family:Pontano%20Sans%3Aregular|font_style:400%20regular%3A400%3Anormal&#8221; link=&#8221;url:%2Ftransparencia%2Fconvenios-y-encargos-de-gestion%2F|title:Convenios%20y%20Encargos%20de%20gesti%C3%B3n||&#8221;][\/vc_column][vc_column width=&#8221;1\/6&#8243; el_class=&#8221;menurapido&#8221;][vc_empty_space][vc_icon type=&#8221;typicons&#8221; icon_typicons=&#8221;typcn typcn-message-typing&#8221; color=&#8221;custom&#8221; size=&#8221;xl&#8221; align=&#8221;center&#8221; custom_color=&#8221;#000000&#8243; link=&#8221;url:%2Ftransparencia%2Fconcesion-de-servicios-publicos|||&#8221;][vc_custom_heading text=&#8221;14. Concesi\u00f3n de servicios p\u00fablicos&#8221; font_container=&#8221;tag:h4|font_size:20px|text_align:center|line_height:30px&#8221; google_fonts=&#8221;font_family:Pontano%20Sans%3Aregular|font_style:400%20regular%3A400%3Anormal&#8221; link=&#8221;url:%2Ftransparencia%2Fconcesion-de-servicios-publicos|title:Retribuciones||&#8221;][\/vc_column][vc_column width=&#8221;1\/6&#8243; el_class=&#8221;menurapido&#8221;][vc_empty_space][vc_icon type=&#8221;typicons&#8221; icon_typicons=&#8221;typcn typcn-user-add&#8221; color=&#8221;custom&#8221; size=&#8221;xl&#8221; align=&#8221;center&#8221; custom_color=&#8221;#000000&#8243; link=&#8221;url:%2Ftransparencia%2Fayudas-y-subvenciones|||&#8221;][vc_custom_heading text=&#8221;15. Ayudas y subvenciones&#8221; font_container=&#8221;tag:h4|font_size:20px|text_align:center|line_height:30px&#8221; google_fonts=&#8221;font_family:Pontano%20Sans%3Aregular|font_style:400%20regular%3A400%3Anormal&#8221; link=&#8221;url:%2Ftransparencia%2Fayudas-y-subvenciones|title:Econ%C3%B3mico-financiera||&#8221;][\/vc_column][vc_column width=&#8221;1\/6&#8243; el_class=&#8221;menurapido&#8221;][vc_empty_space][vc_icon type=&#8221;typicons&#8221; icon_typicons=&#8221;typcn typcn-database&#8221; color=&#8221;custom&#8221; size=&#8221;xl&#8221; align=&#8221;center&#8221; custom_color=&#8221;#000000&#8243; link=&#8221;url:%2Ftransparencia%2Festadistica%2F|||&#8221;][vc_custom_heading text=&#8221;17. Estad\u00edstica&#8221; font_container=&#8221;tag:h4|font_size:20px|text_align:center|line_height:30px&#8221; google_fonts=&#8221;font_family:Pontano%20Sans%3Aregular|font_style:400%20regular%3A400%3Anormal&#8221; link=&#8221;url:%2Ftransparencia%2Festadistica%2F|title:Contratos||&#8221;][\/vc_column][\/vc_row][vc_row][vc_column][vc_empty_space height=&#8221;60px&#8221;][\/vc_column][\/vc_row][vc_row][vc_column el_class=&#8221;menurapido&#8221;][vc_column_text]Adem\u00e1s de la informaci\u00f3n que se publica en este portal, toda la ciudadan\u00eda puede acceder a la informaci\u00f3n p\u00fablica, en los t\u00e9rminos previstos en la Ley 19\/2013, de 9 de diciembre de Transparencia, Acceso a la Informaci\u00f3n P\u00fablica y Buen Gobierno; la Ley 12\/2014 de transparencia y de acceso a la informaci\u00f3n p\u00fablica; y la ley 8\/2015, de 1 de abril, de cabildos insulares y en el resto del ordenamiento jur\u00eddico, mediante la Solicitud de acceso a la informaci\u00f3n p\u00fablica, presentada a trav\u00e9s de los siguientes medios:[\/vc_column_text][vc_column_text]Puede interponer reclamaciones en materia de Transparencia ante el <a href=\"https:\/\/transparenciacanarias.org\/\">Comisionado de Transparencia de Canarias<\/a>.[\/vc_column_text][vc_column_text]<strong>Modelo de solicitud:<\/strong> <a href=\"https:\/\/fg.ull.es\/fundacion\/opina\/\">Solicitud de acceso a la informaci\u00f3n p\u00fablica<\/a>.<\/p>\n<p><strong>Presencialmente en:<\/strong> Avenida de la Trinidad, 61,\u00a038204, San Crist\u00f3bal de La Laguna[\/vc_column_text][vc_column_text]<strong>Por correo electr\u00f3nico<\/strong>: transparencia@fg.ull.es[\/vc_column_text][\/vc_column][\/vc_row][vc_row][vc_column width=&#8221;1\/2&#8243;][\/vc_column][vc_column width=&#8221;1\/2&#8243;][\/vc_column][\/vc_row][vc_row][vc_column][\/vc_column][\/vc_row][vc_row][vc_column][vc_empty_space height=&#8221;100px&#8221;][\/vc_column][\/vc_row]<\/p>\n<\/section>","protected":false},"excerpt":{"rendered":"<p>[vc_row full_width=&#8221;stretch_row_content_no_spaces&#8221; css=&#8221;.vc_custom_1594127516989{margin-top: -30px !important;background-image: url(https:\/\/fg.ull.es\/transparencia\/wp-content\/uploads\/sites\/7\/2020\/07\/Header_Transparencia_fgull_png2-compressor.png?id=562) !important;background-position: center !important;background-repeat: no-repeat !important;background-size: cover !important;}&#8221;][vc_column][vc_empty_space height=&#8221;400px&#8221;][\/vc_column][\/vc_row][vc_row][vc_column][vc_column_text]Este portal de transparencia facilita a toda la ciudadan\u00eda el acceso a la informaci\u00f3n de la Fundaci\u00f3n General de la Universidad de La Laguna.[\/vc_column_text][\/vc_column][\/vc_row][vc_row][vc_column][vc_column_text]Da respuesta a la demanda de informaci\u00f3n de la sociedad, as\u00ed como la que define la normativa relacionada con&#8230;<\/p>\n","protected":false},"author":1,"featured_media":562,"parent":0,"menu_order":0,"comment_status":"closed","ping_status":"closed","template":"templates\/template-frontpage.php","meta":{"footnotes":""},"_links":{"self":[{"href":"https:\/\/fg.ull.es\/transparencia\/wp-json\/wp\/v2\/pages\/13"}],"collection":[{"href":"https:\/\/fg.ull.es\/transparencia\/wp-json\/wp\/v2\/pages"}],"about":[{"href":"https:\/\/fg.ull.es\/transparencia\/wp-json\/wp\/v2\/types\/page"}],"author":[{"embeddable":true,"href":"https:\/\/fg.ull.es\/transparencia\/wp-json\/wp\/v2\/users\/1"}],"replies":[{"embeddable":true,"href":"https:\/\/fg.ull.es\/transparencia\/wp-json\/wp\/v2\/comments?post=13"}],"version-history":[{"count":32,"href":"https:\/\/fg.ull.es\/transparencia\/wp-json\/wp\/v2\/pages\/13\/revisions"}],"predecessor-version":[{"id":843,"href":"https:\/\/fg.ull.es\/transparencia\/wp-json\/wp\/v2\/pages\/13\/revisions\/843"}],"wp:featuredmedia":[{"embeddable":true,"href":"https:\/\/fg.ull.es\/transparencia\/wp-json\/wp\/v2\/media\/562"}],"wp:attachment":[{"href":"https:\/\/fg.ull.es\/transparencia\/wp-json\/wp\/v2\/media?parent=13"}],"curies":[{"name":"wp","href":"https:\/\/api.w.org\/{rel}","templated":true}]}}