{"id":121,"date":"2018-10-17T09:09:18","date_gmt":"2018-10-17T09:09:18","guid":{"rendered":"https:\/\/fg.ull.es\/transparencia\/?page_id=36"},"modified":"2026-03-18T10:09:44","modified_gmt":"2026-03-18T10:09:44","slug":"institucional","status":"publish","type":"page","link":"https:\/\/fg.ull.es\/transparencia\/institucional\/","title":{"rendered":"1. Institucional"},"content":{"rendered":"<section class=\"wpb-content-wrapper\"><p>[vc_row full_width=&#8221;stretch_row&#8221; css=&#8221;.vc_custom_1539767596472{margin-top: -20px !important;background-color: #cccccc !important;}&#8221;][vc_column][vc_empty_space height=&#8221;100px&#8221;][vc_row_inner][vc_column_inner width=&#8221;1\/2&#8243;][vc_custom_heading text=&#8221;1. Institucional&#8221; font_container=&#8221;tag:h1|text_align:left|color:%23000000&#8243; use_theme_fonts=&#8221;yes&#8221;][\/vc_column_inner][vc_column_inner width=&#8221;1\/2&#8243;][vc_custom_heading text=&#8221;Mapa del portal de transparencia&#8221; font_container=&#8221;tag:h4|text_align:right|color:%23777777&#8243; use_theme_fonts=&#8221;yes&#8221;][\/vc_column_inner][\/vc_row_inner][vc_row_inner][vc_column_inner width=&#8221;1\/3&#8243;][vc_wp_custommenu nav_menu=&#8221;3&#8243; el_class=&#8221;menusuperior&#8221;][\/vc_column_inner][vc_column_inner width=&#8221;1\/3&#8243;][vc_wp_custommenu nav_menu=&#8221;4&#8243; el_class=&#8221;menusuperior&#8221;][\/vc_column_inner][vc_column_inner width=&#8221;1\/3&#8243;][vc_wp_custommenu nav_menu=&#8221;6&#8243; el_class=&#8221;menusuperior&#8221;][\/vc_column_inner][\/vc_row_inner][vc_empty_space height=&#8221;60px&#8221;][\/vc_column][\/vc_row][vc_row][vc_column][vc_custom_heading text=&#8221;Informaci\u00f3n institucional (1001)&#8221; font_container=&#8221;tag:h2|text_align:left|color:%23000000&#8243; use_theme_fonts=&#8221;yes&#8221;][vc_empty_space height=&#8221;40px&#8221;][\/vc_column][\/vc_row][vc_row][vc_column][vc_column_text]La<strong> Fundaci\u00f3n General de la Universidad de La Laguna (FGULL)<\/strong>, anteriormente, denominada <strong>Fundaci\u00f3n Empresa (FEULL)<\/strong>, tiene como objetivo ser el puente entre la <strong>Universidad de La Laguna (ULL)<\/strong> y la sociedad canaria. La Universidad y las personas que la integran generan talento, y la misi\u00f3n es impulsarlo y acercarlo a nuestro entorno.<\/p>\n<p>La FGULL nace el 22 de septiembre de 1987 y es conocida durante los primeros 25 a\u00f1os de su existencia como FEULL. Surge a iniciativa de la propia Universidad y su Consejo Social, la C\u00e1mara de Comercio de Tenerife, Industria y Navegaci\u00f3n de Santa Cruz de Tenerife, la Confederaci\u00f3n Tinerfe\u00f1a de Empresarios (CEOE), la Caja de Ahorros de Canarias (CajaCanarias) y el C\u00edrculo Canario de Empresarios.<\/p>\n<p>La irrupci\u00f3n de la Fundaci\u00f3n coincide con el comienzo de la apertura de la universidad espa\u00f1ola a las necesidades y demandas de la sociedad, y a consecuencia, precisamente, del planteamiento de una de las misiones de la Universidad: el compromiso con su desarrollo social y econ\u00f3mico.<\/p>\n<p>Con este objetivo se trabaj\u00f3 durante estos veinticinco a\u00f1os, que se cumplieron el 22 de septiembre de 2012, y para continuar profundizando en esta labor, la FEULL se transform\u00f3 en FGULL, un nuevo nombre con el que se asume un mayor compromiso con la eficacia, la creatividad, el empleo, la proyecci\u00f3n y la innovaci\u00f3n.<\/p>\n<p>El 26 de junio de 2012, el Patronato aprob\u00f3 de forma un\u00e1nime una modificaci\u00f3n estatutaria para la revisi\u00f3n, adaptaci\u00f3n y mejora del contexto de relaci\u00f3n entre la entidad y la Universidad de La Laguna. Fruto de esa nueva redacci\u00f3n, cambia su denominaci\u00f3n a Fundaci\u00f3n Canaria General de la Universidad de La Laguna, adem\u00e1s de realizar los cambios necesarios para que pueda recibir de la Universidad de La Laguna encomiendas de gesti\u00f3n.<\/p>\n<p>El 9 de Diciembre del 2019 se realiz\u00f3 una nueva modificaci\u00f3n de los <a href=\"https:\/\/drive.google.com\/file\/d\/1mbFsFRgfNRtmhQjQI3tQQ4dzkJNyAGN5\/view\" target=\"_blank\" rel=\"noopener\">estatutos<\/a>, el Patronato aprob\u00f3 de forma un\u00e1nime una modificaci\u00f3n estatutaria para la revisi\u00f3n, adaptaci\u00f3n y mejora del contexto de relaci\u00f3n entre la entidad y la Universidad de La Laguna.<\/p>\n<p>Nuestros objetivos generales son: transferencia del conocimiento generado por los investigadores universitarios, facilitar las demandas de formaci\u00f3n especializada y de idiomas, ajustadas a las necesidades del mercado laboral, y fomentar la inserci\u00f3n laboral de nuestros titulados y tituladas, orientando sus trayectorias y vocaciones a trav\u00e9s de pr\u00e1cticas, becas de inserci\u00f3n laboral, movilidad internacional y creaci\u00f3n de empresas intensivas en conocimiento que hagan emerger el talento canario.<\/p>\n<p>En definitiva, la Fundaci\u00f3n General persigue abrir puentes entre la Universidad de La Laguna y la sociedad.<\/p>\n<p><b>Visi\u00f3n<\/b><\/p>\n<p>La Fundaci\u00f3n estimula el progreso de su entorno socioecon\u00f3mico y el de la sociedad general a trav\u00e9s del impulso del talento universitario. El talento de la Universidad de La Laguna est\u00e1 representado en el que aportan tanto el alumnado, personas tituladas, personal de investigaci\u00f3n y docente, como por las personas emprendedoras, es decir todas aquellas integrantes de la comunidad universitaria.<\/p>\n<p>&nbsp;<\/p>\n<p><b>Misi\u00f3n<\/b><\/p>\n<ul>\n<li>Actuar como centro de informaci\u00f3n y coordinaci\u00f3n para empresas y entidades p\u00fablicas que deseen establecer relaciones especiales con la Universidad de La Laguna sobre asuntos tales como la promoci\u00f3n de estudios, impulso de iniciativas empresariales en investigaci\u00f3n y desarrollo, contratos de investigaci\u00f3n, ofrecimiento de becas, selecci\u00f3n y perfeccionamiento de personal, becas de inserci\u00f3n laboral, pr\u00e1cticas de estudiantes, formaci\u00f3n cont\u00ednua de posgrado y reciclaje profesional, y cualquier otra modalidad que facilite el conocimiento mutuo y la colaboraci\u00f3n para el cumplimiento de sus fines.<\/li>\n<li>Potenciar, favorecer e instrumentar la transferencia de tecnolog\u00eda y resultados de la investigaci\u00f3n de la Universidad de La Laguna hacia las empresas, las administraciones p\u00fablicas y la sociedad canaria en general.<\/li>\n<li>Canalizar iniciativas de investigaci\u00f3n, transferencia de resultados, servicios y asistencia al profesorado, grupos de investigaci\u00f3n, departamentos, institutos y otros centros universitarios, hacia las empresas y entidades p\u00fablicas; asumir las tareas de promocionar, gestionar, negociar y participar en concursos p\u00fablicos y licitaciones y, finalmente, suscribir convenios, contratos y acuerdos de colaboraci\u00f3n, asesoramiento, prestaci\u00f3n de servicios o apoyo tecnol\u00f3gico.<\/li>\n<li>Desarrollar acciones que favorezcan la especializaci\u00f3n, las posibilidades de inserci\u00f3n laboral, la mejora de empleo, el autoempleo y la emprendedur\u00eda de los universitarios.<\/li>\n<li>Prestar servicios a entidades p\u00fablicas o privadas en el \u00e1mbito de la formaci\u00f3n especializada y continua, asistencia cient\u00edfica y tecnol\u00f3gica, fomentar la inserci\u00f3n laboral de los estudiantes universitarios, e impulsar el emprendimiento intensivo en conocimiento y de base tecnol\u00f3gica con origen en la comunidad universitaria.<\/li>\n<li>Fomentar y apoyar la formaci\u00f3n de expertos, entendida como el conjunto de acciones formativas que capaciten para el desempe\u00f1o cualificado de las profesiones, facilitar el acceso al empleo y la reinserci\u00f3n laboral, y promover la formaci\u00f3n continua que asegure la actualizaci\u00f3n permanente de las competencias profesionales y, cuando sea necesario, facilitar la readaptaci\u00f3n laboral.<\/li>\n<\/ul>\n<p><b>Pol\u00edtica de calidad<\/b><\/p>\n<p>Desde la Fundaci\u00f3n se asume el compromiso de ofrecer los servicios con un est\u00e1ndar de excelencia y que proporcionen un m\u00e1ximo nivel de satisfacci\u00f3n con el resultado obtenido. Est\u00e1 integrada en el Sistema de Gesti\u00f3n de Calidad, raz\u00f3n por la cual es sometida a revisiones peri\u00f3dicas, facilitando la actuaci\u00f3n para la mejora continua.<\/p>\n<p>La Fundaci\u00f3n proporciona los medios necesarios, las infraestructuras y la formaci\u00f3n adecuada para llevar a cabo los diversos servicios de forma que cumplan con los requisitos de calidad establecidos en la norma de referencia, sirviendo \u00e9sta y la pol\u00edtica de calidad como marcos de referencia para el establecimiento y revisi\u00f3n de los objetivos y de las l\u00edneas estrat\u00e9gicas a seguir.<\/p>\n<p><strong>Informaci\u00f3n econ\u00f3mica<\/strong><\/p>\n<p>Las principales v\u00edas de financiaci\u00f3n de la Fundaci\u00f3n son los encargos realizadas por la Universidad de La Laguna, siendo la Fundaci\u00f3n medio propio de la misma, as\u00ed como, gestionando proyectos de diversa \u00edndole (formativos, de innovaci\u00f3n, de I+D y de empleo) mediante la recepci\u00f3n de subvenciones de Entidades P\u00fablicas. En los apartados 8. Econ\u00f3mico-financiera, 12. Contratos y 13. Convenios y Encargos de este portal podr\u00e1n consultar esta informaci\u00f3n.[\/vc_column_text][vc_column_text]<\/p>\n<p style=\"text-align: right;\"><strong>\u00daltima fecha de revisi\u00f3n<\/strong>: 18\/03\/2026 12:05<\/p>\n<p>[\/vc_column_text][vc_empty_space height=&#8221;20px&#8221;][vc_btn title=&#8221;Estatutos&#8221; style=&#8221;outline-custom&#8221; outline_custom_color=&#8221;#000000&#8243; outline_custom_hover_background=&#8221;#5c068c&#8221; outline_custom_hover_text=&#8221;#ffffff&#8221; shape=&#8221;square&#8221; align=&#8221;left&#8221; i_icon_fontawesome=&#8221;far fa-copy&#8221; add_icon=&#8221;true&#8221; link=&#8221;url:https%3A%2F%2Fdocs.google.com%2Fdocument%2Fd%2Fe%2F2PACX-1vTg8_w1sabbwG8wmM16t8hFlakZGWgJBMeWlCfK-498uIMoXQHmALloBRRIHGTZ1w%2Fpub|target:_blank&#8221; css=&#8221;.vc_custom_1746003031285{margin-top: 20px !important;margin-bottom: 20px !important;}&#8221;][vc_btn title=&#8221;Datos en abierto&#8221; style=&#8221;outline-custom&#8221; outline_custom_color=&#8221;#000000&#8243; outline_custom_hover_background=&#8221;#5c068c&#8221; outline_custom_hover_text=&#8221;#ffffff&#8221; shape=&#8221;square&#8221; align=&#8221;left&#8221; i_icon_fontawesome=&#8221;fa fa-file-o&#8221; add_icon=&#8221;true&#8221; link=&#8221;url:https%3A%2F%2Fdrive.google.com%2Ffile%2Fd%2F1Ekx7YYZ0HSyQwxJe31NAEmMmf12JJTY-%2Fview%3Fusp%3Dsharing|||&#8221; css=&#8221;.vc_custom_1594704326653{margin-top: 20px !important;margin-bottom: 20px !important;}&#8221;][\/vc_column][\/vc_row][vc_row][vc_column][vc_column_text][\/vc_column_text][\/vc_column][\/vc_row][vc_row el_id=&#8221;boton-vuelta&#8221;][vc_column width=&#8221;2\/3&#8243;][vc_empty_space height=&#8221;100px&#8221;][vc_btn title=&#8221;Volver al inicio del portal&#8221; style=&#8221;custom&#8221; custom_background=&#8221;#5c068c&#8221; custom_text=&#8221;#ffffff&#8221; shape=&#8221;square&#8221; size=&#8221;lg&#8221; i_icon_fontawesome=&#8221;fa fa-arrow-left&#8221; css_animation=&#8221;appear&#8221; add_icon=&#8221;true&#8221; link=&#8221;url:%2Ftransparencia%2F|||&#8221;][vc_empty_space height=&#8221;40px&#8221;][\/vc_column][vc_column width=&#8221;1\/3&#8243;][vc_empty_space height=&#8221;100px&#8221;][vc_custom_heading text=&#8221;Acceso r\u00e1pido&#8221; font_container=&#8221;tag:h3|text_align:right|color:%23777777&#8243; use_theme_fonts=&#8221;yes&#8221;][vc_empty_space height=&#8221;40px&#8221;][\/vc_column][\/vc_row][vc_row][vc_column width=&#8221;1\/6&#8243; el_class=&#8221;menurapido&#8221;][vc_empty_space][vc_icon type=&#8221;typicons&#8221; icon_typicons=&#8221;typcn typcn-home&#8221; color=&#8221;custom&#8221; size=&#8221;xl&#8221; align=&#8221;center&#8221; custom_color=&#8221;#000000&#8243; link=&#8221;url:%2Ftransparencia%2Finstitucional%2F|||&#8221; el_class=&#8221;Ticono&#8221;][vc_custom_heading text=&#8221;1. Institucional&#8221; font_container=&#8221;tag:h4|font_size:18px|text_align:center|line_height:25px&#8221; google_fonts=&#8221;font_family:Pontano%20Sans%3Aregular|font_style:400%20regular%3A400%3Anormal&#8221; link=&#8221;url:%2Ftransparencia%2Finstitucional%2F|||&#8221;][\/vc_column][vc_column width=&#8221;1\/6&#8243; el_class=&#8221;menurapido&#8221;][vc_empty_space][vc_icon type=&#8221;typicons&#8221; icon_typicons=&#8221;typcn typcn-group-outline&#8221; color=&#8221;custom&#8221; size=&#8221;xl&#8221; align=&#8221;center&#8221; custom_color=&#8221;#000000&#8243; link=&#8221;url:%2Ftransparencia%2Forganizativa%2F|||&#8221;][vc_custom_heading text=&#8221;2. Organizativa&#8221; font_container=&#8221;tag:h4|font_size:18px|text_align:center|line_height:25px&#8221; google_fonts=&#8221;font_family:Pontano%20Sans%3Aregular|font_style:400%20regular%3A400%3Anormal&#8221; link=&#8221;url:%2Ftransparencia%2Forganizativa%2F|||&#8221;][\/vc_column][vc_column width=&#8221;1\/6&#8243; el_class=&#8221;menurapido&#8221;][vc_empty_space][vc_icon type=&#8221;typicons&#8221; icon_typicons=&#8221;typcn typcn-globe-outline&#8221; color=&#8221;custom&#8221; size=&#8221;xl&#8221; align=&#8221;center&#8221; custom_color=&#8221;#000000&#8243; link=&#8221;url:%2Ftransparencia%2Fpersonal-de-libre-nombramiento%2F|||&#8221;][vc_custom_heading text=&#8221;3. Personal de libre nombramiento&#8221; font_container=&#8221;tag:h4|font_size:18px|text_align:center|line_height:25px&#8221; google_fonts=&#8221;font_family:Pontano%20Sans%3Aregular|font_style:400%20regular%3A400%3Anormal&#8221; link=&#8221;url:%2Ftransparencia%2Fpersonal-de-libre-nombramiento%2F|title:Personal%20de%20libre%20nombramiento||&#8221;][\/vc_column][vc_column width=&#8221;1\/6&#8243; el_class=&#8221;menurapido&#8221;][vc_empty_space][vc_icon type=&#8221;typicons&#8221; icon_typicons=&#8221;typcn typcn-point-of-interest-outline&#8221; color=&#8221;custom&#8221; size=&#8221;xl&#8221; align=&#8221;center&#8221; custom_color=&#8221;#000000&#8243; link=&#8221;url:%2Ftransparencia%2Fempleo-en-el-sector-publico%2F|||&#8221;][vc_custom_heading text=&#8221;4. Empleo del sector p\u00fablico&#8221; font_container=&#8221;tag:h4|font_size:18px|text_align:center|line_height:25px&#8221; google_fonts=&#8221;font_family:Pontano%20Sans%3Aregular|font_style:400%20regular%3A400%3Anormal&#8221; link=&#8221;url:%2Ftransparencia%2Fempleo-en-el-sector-publico%2F|title:Empleo%20del%20sector%20p%C3%BAblico||&#8221;][\/vc_column][vc_column width=&#8221;1\/6&#8243; el_class=&#8221;menurapido&#8221;][vc_empty_space][vc_icon type=&#8221;typicons&#8221; icon_typicons=&#8221;typcn typcn-starburst-outline&#8221; color=&#8221;custom&#8221; size=&#8221;xl&#8221; align=&#8221;center&#8221; custom_color=&#8221;#000000&#8243; link=&#8221;url:%20%2Ftransparencia%2Fretribuciones%2F|||&#8221;][vc_custom_heading text=&#8221;5. Retribuciones&#8221; font_container=&#8221;tag:h4|font_size:18px|text_align:center|line_height:25px&#8221; google_fonts=&#8221;font_family:Pontano%20Sans%3Aregular|font_style:400%20regular%3A400%3Anormal&#8221; link=&#8221;url:%2Ftransparencia%2Fretribuciones%2F|title:Retribuciones||&#8221;][\/vc_column][vc_column width=&#8221;1\/6&#8243; el_class=&#8221;menurapido&#8221;][vc_empty_space][vc_icon type=&#8221;typicons&#8221; icon_typicons=&#8221;typcn typcn-flow-children&#8221; color=&#8221;custom&#8221; size=&#8221;xl&#8221; align=&#8221;center&#8221; custom_color=&#8221;#000000&#8243; link=&#8221;url:%20%2Ftransparencia%2Fservicios-y-procedimientos|||&#8221;][vc_custom_heading text=&#8221;7. Servicios y procedimientos&#8221; font_container=&#8221;tag:h4|font_size:18px|text_align:center|line_height:25px&#8221; google_fonts=&#8221;font_family:Pontano%20Sans%3Aregular|font_style:400%20regular%3A400%3Anormal&#8221; link=&#8221;url:%2Ftransparencia%2Fservicios-y-procedimientos|title:Contratos||&#8221;][\/vc_column][\/vc_row][vc_row][vc_column][vc_empty_space height=&#8221;60px&#8221;][\/vc_column][\/vc_row][vc_row][vc_column width=&#8221;1\/6&#8243; el_class=&#8221;menurapido&#8221;][vc_empty_space][vc_icon type=&#8221;typicons&#8221; icon_typicons=&#8221;typcn typcn-chart-line&#8221; color=&#8221;custom&#8221; size=&#8221;xl&#8221; align=&#8221;center&#8221; custom_color=&#8221;#000000&#8243; link=&#8221;url:%2Ftransparencia%2Feconomico-financiera%2F|||&#8221;][vc_custom_heading text=&#8221;8. Econ\u00f3mico-financiera&#8221; font_container=&#8221;tag:h4|font_size:18px|text_align:center|line_height:25px&#8221; google_fonts=&#8221;font_family:Pontano%20Sans%3Aregular|font_style:400%20regular%3A400%3Anormal&#8221; link=&#8221;url:%2Ftransparencia%2Feconomico-financiera%2F|title:Econ%C3%B3mico-financiera||&#8221;][\/vc_column][vc_column width=&#8221;1\/6&#8243; el_class=&#8221;menurapido&#8221;][vc_empty_space][vc_icon type=&#8221;typicons&#8221; icon_typicons=&#8221;typcn typcn-pen&#8221; color=&#8221;custom&#8221; size=&#8221;xl&#8221; align=&#8221;center&#8221; custom_color=&#8221;#000000&#8243; link=&#8221;url:%2Ftransparencia%2Fcontratos%2F|||&#8221;][vc_custom_heading text=&#8221;12. Contratos&#8221; font_container=&#8221;tag:h4|font_size:18px|text_align:center|line_height:25px&#8221; google_fonts=&#8221;font_family:Pontano%20Sans%3Aregular|font_style:400%20regular%3A400%3Anormal&#8221; link=&#8221;url:%2Ftransparencia%2Fcontratos%2F|title:Contratos||&#8221;][\/vc_column][vc_column width=&#8221;1\/6&#8243; el_class=&#8221;menurapido&#8221;][vc_empty_space][vc_icon type=&#8221;typicons&#8221; icon_typicons=&#8221;typcn typcn-arrow-unsorted&#8221; color=&#8221;custom&#8221; size=&#8221;xl&#8221; align=&#8221;center&#8221; custom_color=&#8221;#000000&#8243; link=&#8221;url:%20%2Ftransparencia%2Fconvenios-y-encargos-de-gestion%2F|||&#8221;][vc_custom_heading text=&#8221;13. Convenios y Encargos&#8221; font_container=&#8221;tag:h4|font_size:18px|text_align:center|line_height:25px&#8221; google_fonts=&#8221;font_family:Pontano%20Sans%3Aregular|font_style:400%20regular%3A400%3Anormal&#8221; link=&#8221;url:%2Ftransparencia%2Fconvenios-y-encargos-de-gestion%2F|title:Convenios%20y%20Encargos%20de%20gesti%C3%B3n||&#8221;][\/vc_column][vc_column width=&#8221;1\/6&#8243; el_class=&#8221;menurapido&#8221;][vc_empty_space][vc_icon type=&#8221;typicons&#8221; icon_typicons=&#8221;typcn typcn-message-typing&#8221; color=&#8221;custom&#8221; size=&#8221;xl&#8221; align=&#8221;center&#8221; custom_color=&#8221;#000000&#8243; link=&#8221;url:%2Ftransparencia%2Fconcesion-de-servicios-publicos|||&#8221;][vc_custom_heading text=&#8221;14. Concesi\u00f3n de servicios p\u00fablicos&#8221; font_container=&#8221;tag:h4|font_size:18px|text_align:center|line_height:25px&#8221; google_fonts=&#8221;font_family:Pontano%20Sans%3Aregular|font_style:400%20regular%3A400%3Anormal&#8221; link=&#8221;url:%2Ftransparencia%2Fconcesion-de-servicios-publicos|title:Retribuciones||&#8221;][\/vc_column][vc_column width=&#8221;1\/6&#8243; el_class=&#8221;menurapido&#8221;][vc_empty_space][vc_icon type=&#8221;typicons&#8221; icon_typicons=&#8221;typcn typcn-user-add&#8221; color=&#8221;custom&#8221; size=&#8221;xl&#8221; align=&#8221;center&#8221; custom_color=&#8221;#000000&#8243; link=&#8221;url:%2Ftransparencia%2Fayudas-y-subvenciones|||&#8221;][vc_custom_heading text=&#8221;15. Ayudas y subvenciones&#8221; font_container=&#8221;tag:h4|font_size:18px|text_align:center|line_height:25px&#8221; google_fonts=&#8221;font_family:Pontano%20Sans%3Aregular|font_style:400%20regular%3A400%3Anormal&#8221; link=&#8221;url:%2Ftransparencia%2Fayudas-y-subvenciones|title:Econ%C3%B3mico-financiera||&#8221;][\/vc_column][vc_column width=&#8221;1\/6&#8243; el_class=&#8221;menurapido&#8221;][vc_empty_space][vc_icon type=&#8221;typicons&#8221; icon_typicons=&#8221;typcn typcn-briefcase&#8221; color=&#8221;custom&#8221; size=&#8221;xl&#8221; align=&#8221;center&#8221; custom_color=&#8221;#000000&#8243; link=&#8221;url:%20%2Ftransparencia%2Fderecho-de-acceso%2F|||&#8221;][vc_custom_heading text=&#8221;18. Derecho de acceso&#8221; font_container=&#8221;tag:h4|font_size:18px|text_align:center|line_height:25px&#8221; google_fonts=&#8221;font_family:Pontano%20Sans%3Aregular|font_style:400%20regular%3A400%3Anormal&#8221; link=&#8221;url:%2Ftransparencia%2Fderecho-de-acceso%2F|title:Convenios%20y%20Encargos%20de%20gesti%C3%B3n||&#8221;][\/vc_column][\/vc_row][vc_row][vc_column][vc_empty_space height=&#8221;60px&#8221;][\/vc_column][\/vc_row][vc_row][vc_column width=&#8221;1\/6&#8243; el_class=&#8221;menurapido&#8221;][\/vc_column][vc_column width=&#8221;1\/6&#8243;][\/vc_column][vc_column width=&#8221;1\/6&#8243;][\/vc_column][vc_column width=&#8221;1\/6&#8243;][\/vc_column][vc_column width=&#8221;1\/6&#8243;][\/vc_column][vc_column width=&#8221;1\/6&#8243;][\/vc_column][\/vc_row][vc_row][vc_column][vc_empty_space height=&#8221;60px&#8221;][\/vc_column][\/vc_row]<\/p>\n<\/section>","protected":false},"excerpt":{"rendered":"<p>[vc_row full_width=&#8221;stretch_row&#8221; css=&#8221;.vc_custom_1539767596472{margin-top: -20px !important;background-color: #cccccc !important;}&#8221;][vc_column][vc_empty_space height=&#8221;100px&#8221;][vc_row_inner][vc_column_inner width=&#8221;1\/2&#8243;][vc_custom_heading text=&#8221;1. Institucional&#8221; font_container=&#8221;tag:h1|text_align:left|color:%23000000&#8243; use_theme_fonts=&#8221;yes&#8221;][\/vc_column_inner][vc_column_inner width=&#8221;1\/2&#8243;][vc_custom_heading text=&#8221;Mapa del portal de transparencia&#8221; font_container=&#8221;tag:h4|text_align:right|color:%23777777&#8243; use_theme_fonts=&#8221;yes&#8221;][\/vc_column_inner][\/vc_row_inner][vc_row_inner][vc_column_inner width=&#8221;1\/3&#8243;][vc_wp_custommenu nav_menu=&#8221;3&#8243; el_class=&#8221;menusuperior&#8221;][\/vc_column_inner][vc_column_inner width=&#8221;1\/3&#8243;][vc_wp_custommenu nav_menu=&#8221;4&#8243; el_class=&#8221;menusuperior&#8221;][\/vc_column_inner][vc_column_inner width=&#8221;1\/3&#8243;][vc_wp_custommenu nav_menu=&#8221;6&#8243; el_class=&#8221;menusuperior&#8221;][\/vc_column_inner][\/vc_row_inner][vc_empty_space height=&#8221;60px&#8221;][\/vc_column][\/vc_row][vc_row][vc_column][vc_custom_heading text=&#8221;Informaci\u00f3n institucional (1001)&#8221; font_container=&#8221;tag:h2|text_align:left|color:%23000000&#8243; use_theme_fonts=&#8221;yes&#8221;][vc_empty_space height=&#8221;40px&#8221;][\/vc_column][\/vc_row][vc_row][vc_column][vc_column_text]La Fundaci\u00f3n General de la Universidad de La Laguna (FGULL), anteriormente, denominada Fundaci\u00f3n Empresa (FEULL), tiene como objetivo ser&#8230;<\/p>\n","protected":false},"author":1,"featured_media":0,"parent":0,"menu_order":0,"comment_status":"closed","ping_status":"closed","template":"templates\/template-frontpage.php","meta":{"footnotes":""},"_links":{"self":[{"href":"https:\/\/fg.ull.es\/transparencia\/wp-json\/wp\/v2\/pages\/121"}],"collection":[{"href":"https:\/\/fg.ull.es\/transparencia\/wp-json\/wp\/v2\/pages"}],"about":[{"href":"https:\/\/fg.ull.es\/transparencia\/wp-json\/wp\/v2\/types\/page"}],"author":[{"embeddable":true,"href":"https:\/\/fg.ull.es\/transparencia\/wp-json\/wp\/v2\/users\/1"}],"replies":[{"embeddable":true,"href":"https:\/\/fg.ull.es\/transparencia\/wp-json\/wp\/v2\/comments?post=121"}],"version-history":[{"count":14,"href":"https:\/\/fg.ull.es\/transparencia\/wp-json\/wp\/v2\/pages\/121\/revisions"}],"predecessor-version":[{"id":893,"href":"https:\/\/fg.ull.es\/transparencia\/wp-json\/wp\/v2\/pages\/121\/revisions\/893"}],"wp:attachment":[{"href":"https:\/\/fg.ull.es\/transparencia\/wp-json\/wp\/v2\/media?parent=121"}],"curies":[{"name":"wp","href":"https:\/\/api.w.org\/{rel}","templated":true}]}}