{"id":35307,"date":"2024-09-10T11:16:29","date_gmt":"2024-09-10T11:16:29","guid":{"rendered":"https:\/\/fg.ull.es\/innovacion\/?page_id=35307"},"modified":"2024-09-12T12:09:33","modified_gmt":"2024-09-12T12:09:33","slug":"automatizacion","status":"publish","type":"page","link":"https:\/\/fg.ull.es\/innovacion\/automatizacion\/","title":{"rendered":"Automatizaci\u00f3n"},"content":{"rendered":"<section class=\"wpb-content-wrapper\"><p>[vc_row][vc_column][vc_empty_space][vc_column_text]<\/p>\n<h1><\/h1>\n<h1 style=\"text-align: center\"><span style=\"color: #808080\"><strong>FORMACI\u00d3N PARA LA TRANSFORMACI\u00d3N DIGITAL<\/strong><\/span><\/h1>\n<p>El <a href=\"https:\/\/fg.ull.es\/innovacion\/red-cide\/\">Centro CIDE de la Fundaci\u00f3n General Universidad de La Laguna<\/a> organiza de forma gratuita dos formaciones sobre innovaci\u00f3n y automatizaci\u00f3n de procesos, dirigidas a emprendedores, profesionales y empresas. En el actual entorno empresarial competitivo, la automatizaci\u00f3n de tareas y la optimizaci\u00f3n de flujos de trabajo son fundamentales para quienes buscan mejorar su eficiencia, ahorrar tiempo y aumentar su rentabilidad. Estas formaciones proporcionan herramientas innovadoras que potencian la productividad y ofrecen una ventaja competitiva. Financiadas a trav\u00e9s de la Red Canaria de Centros de Innovaci\u00f3n y Desarrollo Empresarial (<a href=\"https:\/\/www.redcide.es\/\">CIDE<\/a>), estas formaciones son posibles gracias a la \u00a0Consejer\u00eda de Universidades, Ciencia e Innovaci\u00f3n y Cultura del Gobierno de Canarias, impulsada a trav\u00e9s de la <a href=\"https:\/\/www.gobiernodecanarias.org\/conocimiento\/\">Agencia Canaria de Investigaci\u00f3n, Innovaci\u00f3n y Sociedad de la Informaci\u00f3n (ACIISI)<\/a>, \u00a0y cofinanciada por el <a href=\"https:\/\/ec.europa.eu\/regional_policy\/funding\/erdf_en?etrans=es\">Fondo Europeo de Desarrollo Regional<\/a>, con una tasa de cofinanciaci\u00f3n del 85% en el marco del <a href=\"https:\/\/www.gobiernodecanarias.org\/fondoseuropeos\/temas\/fondos_estructurales_y_de_inversion\/feder\/\">Programa Operativo FEDER Canarias 2021-2027<\/a>\u201d[\/vc_column_text][vc_empty_space][\/vc_column][\/vc_row][vc_row][vc_column][vc_single_image image=&#8221;35345&#8243; img_size=&#8221;full&#8221; alignment=&#8221;center&#8221; css_animation=&#8221;none&#8221;][\/vc_column][\/vc_row][vc_row][vc_column][vc_empty_space][\/vc_column][\/vc_row][vc_row][vc_column width=&#8221;1\/2&#8243;][vc_row_inner][vc_column_inner width=&#8221;1\/4&#8243;][\/vc_column_inner][vc_column_inner width=&#8221;1\/2&#8243;][vc_btn title=&#8221;INSCR\u00cdBETE&#8221; color=&#8221;purple&#8221; size=&#8221;lg&#8221; align=&#8221;center&#8221; button_block=&#8221;true&#8221; link=&#8221;url:https%3A%2F%2Fforms.gle%2FFuCS9sdtgYqypDrW8|target:_blank&#8221;][\/vc_column_inner][vc_column_inner width=&#8221;1\/4&#8243;][\/vc_column_inner][\/vc_row_inner][vc_tta_accordion active_section=&#8221;&#8221; collapsible_all=&#8221;true&#8221; css=&#8221;.vc_custom_1600168586285{background-position: center !important;background-repeat: no-repeat !important;background-size: contain !important;}&#8221;][vc_tta_section title=&#8221;Aprendizajes&#8221; tab_id=&#8221;1571216148910-9b0b9737-947b&#8221;][vc_column_text]<\/p>\n<ul>\n<li>Resumen y archivado automatizado de videoconferencias con inteligencia artificial.<\/li>\n<li>Mejora el agendamiento de reuniones con Calendly y la inteligencia artificial.<\/li>\n<li>Env\u00edo de facturas autom\u00e1tico para clientes recurrentes.<\/li>\n<li>Conecta tu E-commerce con tu tienda f\u00edsica.<\/li>\n<li>La forma de no olvidarse de las facturas pendientes.<\/li>\n<\/ul>\n<p>[\/vc_column_text][\/vc_tta_section][vc_tta_section title=&#8221;Dirigido a&#8221; tab_id=&#8221;1571230556339-00c2c160-2ac3&#8243;][vc_column_text]<\/p>\n<ul>\n<li>Peque\u00f1as y medianas empresas<\/li>\n<li>Personas emprendedoras<\/li>\n<li>Responsables de administraci\u00f3n, contabilidad u otros departamentos<\/li>\n<li>Profesionales<\/li>\n<\/ul>\n<p>[\/vc_column_text][\/vc_tta_section][vc_tta_section title=&#8221;Otros datos de inter\u00e9s&#8221; tab_id=&#8221;1571216149099-7a27c1ee-ec33&#8243;][vc_column_text]<\/p>\n<ul>\n<li>D\u00eda: 19 de septiembre<\/li>\n<li>Hora:\u00a0 9 a 11 horas (Canarias UTC-01:00)<\/li>\n<li>Duraci\u00f3n: 2 horas<\/li>\n<li>Precio: gratuito<\/li>\n<li>Plazas limitadas<\/li>\n<\/ul>\n<p>[\/vc_column_text][\/vc_tta_section][\/vc_tta_accordion][\/vc_column][vc_column width=&#8221;1\/2&#8243;][vc_row_inner][vc_column_inner][\/vc_column_inner][\/vc_row_inner][vc_row_inner][vc_column_inner][vc_column_text css=&#8221;.vc_custom_1726135988694{padding-bottom: 5px !important;}&#8221;]<img decoding=\"async\" loading=\"lazy\" class=\"wp-image-35316 alignleft\" src=\"https:\/\/fg.ull.es\/innovacion\/wp-content\/uploads\/sites\/5\/2024\/09\/1715726363290.jpg\" alt=\"\" width=\"175\" height=\"175\" srcset=\"https:\/\/fg.ull.es\/innovacion\/wp-content\/uploads\/sites\/5\/2024\/09\/1715726363290.jpg 200w, https:\/\/fg.ull.es\/innovacion\/wp-content\/uploads\/sites\/5\/2024\/09\/1715726363290-150x150.jpg 150w, https:\/\/fg.ull.es\/innovacion\/wp-content\/uploads\/sites\/5\/2024\/09\/1715726363290-50x50.jpg 50w\" sizes=\"(max-width: 175px) 100vw, 175px\" \/><\/p>\n<p><a href=\"https:\/\/www.linkedin.com\/in\/alvaro-ferrandis-ruiz\/?locale=es_ES\" target=\"_blank\" rel=\"noopener\">\u00c1lvaro Ferrandis Ruiz<\/a> es co-fundador de <a href=\"https:\/\/ooptime.com\/\" target=\"_blank\" rel=\"noopener\">OOptime<\/a>, una empresa especializada en simplificar y automatizar procesos mediante herramientas No-Code como Make y Notion. Con m\u00e1s de tres a\u00f1os de experiencia, ha trabajado personalizando estas plataformas para mejorar la eficiencia y resultados de diversas empresas. Adem\u00e1s de impartir formaciones en estas herramientas, ha colaborado con organizaciones de m\u00e1s de 50 empleados para optimizar la colaboraci\u00f3n entre departamentos.\u00a0 La alta especializaci\u00f3n de \u00c1lvaro en gesti\u00f3n de proyectos, workflows y consultor\u00eda empresarial, le permite ofrecer soluciones integrales que conectan sistemas y optimizan la productividad de los negocios.[\/vc_column_text][\/vc_column_inner][\/vc_row_inner][\/vc_column][vc_column][vc_empty_space][vc_empty_space][vc_separator color=&#8221;purple&#8221; border_width=&#8221;3&#8243;][vc_row_inner][vc_column_inner][vc_empty_space][vc_empty_space][\/vc_column_inner][\/vc_row_inner][\/vc_column][\/vc_row][vc_row][vc_column][vc_single_image image=&#8221;35346&#8243; img_size=&#8221;full&#8221; alignment=&#8221;center&#8221;][vc_empty_space][\/vc_column][\/vc_row][vc_row][vc_column width=&#8221;1\/2&#8243;][vc_row_inner][vc_column_inner][\/vc_column_inner][\/vc_row_inner][vc_row_inner][vc_column_inner][vc_column_text css=&#8221;.vc_custom_1726135972428{padding-bottom: 5px !important;}&#8221;]<img decoding=\"async\" loading=\"lazy\" class=\"wp-image-35316 alignleft\" src=\"https:\/\/fg.ull.es\/innovacion\/wp-content\/uploads\/sites\/5\/2024\/09\/1715726363290.jpg\" alt=\"\" width=\"175\" height=\"175\" srcset=\"https:\/\/fg.ull.es\/innovacion\/wp-content\/uploads\/sites\/5\/2024\/09\/1715726363290.jpg 200w, https:\/\/fg.ull.es\/innovacion\/wp-content\/uploads\/sites\/5\/2024\/09\/1715726363290-150x150.jpg 150w, https:\/\/fg.ull.es\/innovacion\/wp-content\/uploads\/sites\/5\/2024\/09\/1715726363290-50x50.jpg 50w\" sizes=\"(max-width: 175px) 100vw, 175px\" \/><\/p>\n<p><a href=\"https:\/\/www.linkedin.com\/in\/alvaro-ferrandis-ruiz\/?locale=es_ES\" target=\"_blank\" rel=\"noopener\">\u00c1lvaro Ferrandis Ruiz<\/a> es co-fundador de <a href=\"https:\/\/ooptime.com\/\" target=\"_blank\" rel=\"noopener\">OOptime<\/a>, una empresa especializada en simplificar y automatizar procesos mediante herramientas No-Code como Make y Notion. Con m\u00e1s de tres a\u00f1os de experiencia, ha trabajado personalizando estas plataformas para mejorar la eficiencia y resultados de diversas empresas. Adem\u00e1s de impartir formaciones en estas herramientas, ha colaborado con organizaciones de m\u00e1s de 50 empleados para optimizar la colaboraci\u00f3n entre departamentos.\u00a0 La alta especializaci\u00f3n de \u00c1lvaro en gesti\u00f3n de proyectos, workflows y consultor\u00eda empresarial, le permite ofrecer soluciones integrales que conectan sistemas y optimizan la productividad de los negocios.[\/vc_column_text][\/vc_column_inner][\/vc_row_inner][\/vc_column][vc_column width=&#8221;1\/2&#8243;][vc_row_inner][vc_column_inner width=&#8221;1\/4&#8243;][\/vc_column_inner][vc_column_inner width=&#8221;1\/2&#8243;][vc_btn title=&#8221;INSCR\u00cdBETE&#8221; color=&#8221;purple&#8221; size=&#8221;lg&#8221; align=&#8221;center&#8221; button_block=&#8221;true&#8221; link=&#8221;url:https%3A%2F%2Fforms.gle%2FcvosDFrzyMAUmP796|target:_blank&#8221;][\/vc_column_inner][vc_column_inner width=&#8221;1\/4&#8243;][\/vc_column_inner][\/vc_row_inner][vc_tta_accordion active_section=&#8221;&#8221; collapsible_all=&#8221;true&#8221; css=&#8221;.vc_custom_1600168586285{background-position: center !important;background-repeat: no-repeat !important;background-size: contain !important;}&#8221;][vc_tta_section title=&#8221;Aprendizajes&#8221; tab_id=&#8221;1726048076521-f1bfe43b-1b0b&#8221;][vc_column_text]<\/p>\n<ul>\n<li>Automatizaci\u00f3n de bienvenida y formaci\u00f3n a nuevos clientes o empleados.<\/li>\n<li>Creaci\u00f3n de un embudo para la gesti\u00f3n de nuevos clientes.<\/li>\n<li>Sincronizaci\u00f3n autom\u00e1tica entre CRM y E-mail, utilizando Inteligencia Artificial.<\/li>\n<li>Utilizaci\u00f3n de la inteligencia artificial para la creaci\u00f3n de posts para redes sociales.<\/li>\n<li>Creaci\u00f3n de un ChatBot inteligente para Whatsapp con inteligencia artificial.<\/li>\n<\/ul>\n<p>[\/vc_column_text][\/vc_tta_section][vc_tta_section title=&#8221;Dirigido a&#8221; tab_id=&#8221;1726048076598-b43a1db0-3b85&#8243;][vc_column_text]<\/p>\n<ul>\n<li>Peque\u00f1as y medianas empresas<\/li>\n<li>Personas emprendedoras<\/li>\n<li>Responsables de marketing, ventas u otros departamentos<\/li>\n<li>Profesionales<\/li>\n<\/ul>\n<p>[\/vc_column_text][\/vc_tta_section][vc_tta_section title=&#8221;Otros datos de inter\u00e9s&#8221; tab_id=&#8221;1726048076637-5e697404-b51a&#8221;][vc_column_text]<\/p>\n<ul>\n<li>D\u00eda: 19 de septiembre<\/li>\n<li>Hora:\u00a0 9 a 11 horas (Canarias UTC-01:00)<\/li>\n<li>Duraci\u00f3n: 2 horas<\/li>\n<li>Precio: gratuito<\/li>\n<li>Plazas limitadas<\/li>\n<\/ul>\n<p>[\/vc_column_text][\/vc_tta_section][\/vc_tta_accordion][\/vc_column][vc_column][vc_empty_space][vc_empty_space][vc_separator color=&#8221;purple&#8221;][\/vc_column][\/vc_row][vc_row][vc_column][vc_empty_space][vc_empty_space][vc_single_image image=&#8221;35339&#8243; img_size=&#8221;full&#8221; alignment=&#8221;center&#8221;][\/vc_column][\/vc_row][vc_row][vc_column][vc_column_text]&#8221;La <a href=\"https:\/\/www.redcide.es\/\" target=\"_blank\" rel=\"noopener noreferrer\">Red CIDE<\/a> es una iniciativa de la Consejer\u00eda de Universidades, Ciencia e Innovaci\u00f3n y Cultura del Gobierno de Canarias, impulsada a trav\u00e9s de la <a href=\"https:\/\/www.gobiernodecanarias.org\/conocimiento\/\">Agencia Canaria de Investigaci\u00f3n, Innovaci\u00f3n y Sociedad de la Informaci\u00f3n (ACIISI)<\/a>, \u00a0y cofinanciada por el <a href=\"https:\/\/ec.europa.eu\/regional_policy\/funding\/erdf_en?etrans=es\">Fondo Europeo de Desarrollo Regional<\/a>, con una tasa de cofinanciaci\u00f3n del 85% en el marco del <a href=\"https:\/\/www.gobiernodecanarias.org\/fondoseuropeos\/temas\/fondos_estructurales_y_de_inversion\/feder\/\">Programa Operativo FEDER Canarias 2021-2027<\/a>\u201d[\/vc_column_text][\/vc_column][\/vc_row]<\/p>\n<\/section>","protected":false},"excerpt":{"rendered":"<p>[vc_row][vc_column][vc_empty_space][vc_column_text] FORMACI\u00d3N PARA LA TRANSFORMACI\u00d3N DIGITAL El Centro CIDE de la Fundaci\u00f3n General Universidad de La Laguna organiza de forma gratuita dos formaciones sobre innovaci\u00f3n y automatizaci\u00f3n de procesos, dirigidas a emprendedores, profesionales y empresas. En el actual entorno empresarial competitivo, la automatizaci\u00f3n de tareas y la optimizaci\u00f3n de flujos de trabajo son fundamentales para&#8230;<\/p>\n","protected":false},"author":19,"featured_media":0,"parent":0,"menu_order":0,"comment_status":"closed","ping_status":"closed","template":"templates\/template-frontpage.php","meta":{"footnotes":""},"yoast_head":"<!-- This site is optimized with the Yoast SEO plugin v21.0 - https:\/\/yoast.com\/wordpress\/plugins\/seo\/ -->\n<title>Automatizaci\u00f3n - Agencia Universitaria de Innovaci\u00f3n<\/title>\n<meta name=\"robots\" content=\"index, follow, max-snippet:-1, max-image-preview:large, max-video-preview:-1\" \/>\n<link rel=\"canonical\" href=\"https:\/\/fg.ull.es\/innovacion\/automatizacion\/\" \/>\n<meta property=\"og:locale\" content=\"es_ES\" \/>\n<meta property=\"og:type\" content=\"article\" \/>\n<meta property=\"og:title\" content=\"Automatizaci\u00f3n - Agencia Universitaria de Innovaci\u00f3n\" \/>\n<meta property=\"og:description\" content=\"[vc_row][vc_column][vc_empty_space][vc_column_text] FORMACI\u00d3N PARA LA TRANSFORMACI\u00d3N DIGITAL El Centro CIDE de la Fundaci\u00f3n General Universidad de La Laguna organiza de forma gratuita dos formaciones sobre innovaci\u00f3n y automatizaci\u00f3n de procesos, dirigidas a emprendedores, profesionales y empresas. En el actual entorno empresarial competitivo, la automatizaci\u00f3n de tareas y la optimizaci\u00f3n de flujos de trabajo son fundamentales para...\" \/>\n<meta property=\"og:url\" content=\"https:\/\/fg.ull.es\/innovacion\/automatizacion\/\" \/>\n<meta property=\"og:site_name\" content=\"Agencia Universitaria de Innovaci\u00f3n\" \/>\n<meta property=\"article:modified_time\" content=\"2024-09-12T12:09:33+00:00\" \/>\n<meta property=\"og:image\" content=\"https:\/\/fg.ull.es\/innovacion\/wp-content\/uploads\/sites\/5\/2024\/09\/1715726363290.jpg\" \/>\n<meta name=\"twitter:card\" content=\"summary_large_image\" \/>\n<meta name=\"twitter:label1\" content=\"Est. reading time\" \/>\n\t<meta name=\"twitter:data1\" content=\"6 minutos\" \/>\n<script type=\"application\/ld+json\" class=\"yoast-schema-graph\">{\"@context\":\"https:\/\/schema.org\",\"@graph\":[{\"@type\":\"WebPage\",\"@id\":\"https:\/\/fg.ull.es\/innovacion\/automatizacion\/\",\"url\":\"https:\/\/fg.ull.es\/innovacion\/automatizacion\/\",\"name\":\"Automatizaci\u00f3n - Agencia Universitaria de Innovaci\u00f3n\",\"isPartOf\":{\"@id\":\"https:\/\/fg.ull.es\/innovacion\/#website\"},\"datePublished\":\"2024-09-10T11:16:29+00:00\",\"dateModified\":\"2024-09-12T12:09:33+00:00\",\"breadcrumb\":{\"@id\":\"https:\/\/fg.ull.es\/innovacion\/automatizacion\/#breadcrumb\"},\"inLanguage\":\"es\",\"potentialAction\":[{\"@type\":\"ReadAction\",\"target\":[\"https:\/\/fg.ull.es\/innovacion\/automatizacion\/\"]}]},{\"@type\":\"BreadcrumbList\",\"@id\":\"https:\/\/fg.ull.es\/innovacion\/automatizacion\/#breadcrumb\",\"itemListElement\":[{\"@type\":\"ListItem\",\"position\":1,\"name\":\"Portada\",\"item\":\"https:\/\/fg.ull.es\/innovacion\/\"},{\"@type\":\"ListItem\",\"position\":2,\"name\":\"Automatizaci\u00f3n\"}]},{\"@type\":\"WebSite\",\"@id\":\"https:\/\/fg.ull.es\/innovacion\/#website\",\"url\":\"https:\/\/fg.ull.es\/innovacion\/\",\"name\":\"Agencia Universitaria de Innovaci\u00f3n\",\"description\":\"Agencia Universitaria de Innovaci\u00f3n de La Universidad de La Laguna\",\"potentialAction\":[{\"@type\":\"SearchAction\",\"target\":{\"@type\":\"EntryPoint\",\"urlTemplate\":\"https:\/\/fg.ull.es\/innovacion\/?s={search_term_string}\"},\"query-input\":\"required name=search_term_string\"}],\"inLanguage\":\"es\"}]}<\/script>\n<!-- \/ Yoast SEO plugin. -->","yoast_head_json":{"title":"Automatizaci\u00f3n - Agencia Universitaria de Innovaci\u00f3n","robots":{"index":"index","follow":"follow","max-snippet":"max-snippet:-1","max-image-preview":"max-image-preview:large","max-video-preview":"max-video-preview:-1"},"canonical":"https:\/\/fg.ull.es\/innovacion\/automatizacion\/","og_locale":"es_ES","og_type":"article","og_title":"Automatizaci\u00f3n - Agencia Universitaria de Innovaci\u00f3n","og_description":"[vc_row][vc_column][vc_empty_space][vc_column_text] FORMACI\u00d3N PARA LA TRANSFORMACI\u00d3N DIGITAL El Centro CIDE de la Fundaci\u00f3n General Universidad de La Laguna organiza de forma gratuita dos formaciones sobre innovaci\u00f3n y automatizaci\u00f3n de procesos, dirigidas a emprendedores, profesionales y empresas. En el actual entorno empresarial competitivo, la automatizaci\u00f3n de tareas y la optimizaci\u00f3n de flujos de trabajo son fundamentales para...","og_url":"https:\/\/fg.ull.es\/innovacion\/automatizacion\/","og_site_name":"Agencia Universitaria de Innovaci\u00f3n","article_modified_time":"2024-09-12T12:09:33+00:00","og_image":[{"url":"https:\/\/fg.ull.es\/innovacion\/wp-content\/uploads\/sites\/5\/2024\/09\/1715726363290.jpg"}],"twitter_card":"summary_large_image","twitter_misc":{"Est. reading time":"6 minutos"},"schema":{"@context":"https:\/\/schema.org","@graph":[{"@type":"WebPage","@id":"https:\/\/fg.ull.es\/innovacion\/automatizacion\/","url":"https:\/\/fg.ull.es\/innovacion\/automatizacion\/","name":"Automatizaci\u00f3n - Agencia Universitaria de Innovaci\u00f3n","isPartOf":{"@id":"https:\/\/fg.ull.es\/innovacion\/#website"},"datePublished":"2024-09-10T11:16:29+00:00","dateModified":"2024-09-12T12:09:33+00:00","breadcrumb":{"@id":"https:\/\/fg.ull.es\/innovacion\/automatizacion\/#breadcrumb"},"inLanguage":"es","potentialAction":[{"@type":"ReadAction","target":["https:\/\/fg.ull.es\/innovacion\/automatizacion\/"]}]},{"@type":"BreadcrumbList","@id":"https:\/\/fg.ull.es\/innovacion\/automatizacion\/#breadcrumb","itemListElement":[{"@type":"ListItem","position":1,"name":"Portada","item":"https:\/\/fg.ull.es\/innovacion\/"},{"@type":"ListItem","position":2,"name":"Automatizaci\u00f3n"}]},{"@type":"WebSite","@id":"https:\/\/fg.ull.es\/innovacion\/#website","url":"https:\/\/fg.ull.es\/innovacion\/","name":"Agencia Universitaria de Innovaci\u00f3n","description":"Agencia Universitaria de Innovaci\u00f3n de La Universidad de La Laguna","potentialAction":[{"@type":"SearchAction","target":{"@type":"EntryPoint","urlTemplate":"https:\/\/fg.ull.es\/innovacion\/?s={search_term_string}"},"query-input":"required name=search_term_string"}],"inLanguage":"es"}]}},"_links":{"self":[{"href":"https:\/\/fg.ull.es\/innovacion\/wp-json\/wp\/v2\/pages\/35307"}],"collection":[{"href":"https:\/\/fg.ull.es\/innovacion\/wp-json\/wp\/v2\/pages"}],"about":[{"href":"https:\/\/fg.ull.es\/innovacion\/wp-json\/wp\/v2\/types\/page"}],"author":[{"embeddable":true,"href":"https:\/\/fg.ull.es\/innovacion\/wp-json\/wp\/v2\/users\/19"}],"replies":[{"embeddable":true,"href":"https:\/\/fg.ull.es\/innovacion\/wp-json\/wp\/v2\/comments?post=35307"}],"version-history":[{"count":30,"href":"https:\/\/fg.ull.es\/innovacion\/wp-json\/wp\/v2\/pages\/35307\/revisions"}],"predecessor-version":[{"id":35350,"href":"https:\/\/fg.ull.es\/innovacion\/wp-json\/wp\/v2\/pages\/35307\/revisions\/35350"}],"wp:attachment":[{"href":"https:\/\/fg.ull.es\/innovacion\/wp-json\/wp\/v2\/media?parent=35307"}],"curies":[{"name":"wp","href":"https:\/\/api.w.org\/{rel}","templated":true}]}}