{"id":33553,"date":"2020-09-15T07:49:42","date_gmt":"2020-09-15T07:49:42","guid":{"rendered":"https:\/\/fg.ull.es\/innovacion\/?page_id=33553"},"modified":"2020-09-15T07:49:42","modified_gmt":"2020-09-15T07:49:42","slug":"formacion-red-cide-2020","status":"publish","type":"page","link":"https:\/\/fg.ull.es\/innovacion\/formacion-red-cide-2020\/","title":{"rendered":"Formaci\u00f3n Centro CIDE de la Fundaci\u00f3n General Universidad de La Laguna"},"content":{"rendered":"<section class=\"wpb-content-wrapper\"><p>[vc_row][vc_column][vc_empty_space][vc_column_text]<\/p>\n<h1><\/h1>\n<h1 style=\"text-align: center\"><span style=\"color: #808080\"><strong>FORMACI\u00d3N PARA LA TRANSFORMACI\u00d3N DIGITAL<\/strong><\/span><\/h1>\n<p>&nbsp;<\/p>\n<p>El centro CIDE de la Fundaci\u00f3n General Universidad de La Laguna organiza <strong>gratuitamente<\/strong> tres sesiones formativas en tem\u00e1ticas relacionadas con la innovaci\u00f3n para personas emprendedoras, profesionales y\u00a0 empresas.<\/p>\n<p>Esta formaci\u00f3n es gratuita pero tiene un coste para tod@s nosotr@s. Por eso, se pide responsabilidad a la hora de inscribirse y cumplir con la formaci\u00f3n hasta el final. No quisi\u00e9ramos que se quede desierta y no se aproveche al 100%<\/p>\n<p>Est\u00e1 financiada por \u201cLa <a href=\"https:\/\/www.redcide.es\/\" target=\"_blank\" rel=\"noopener noreferrer\">Red CIDE<\/a> es una iniciativa de la <a href=\"http:\/\/www.gobiernodecanarias.org\/ceic\/\" target=\"_blank\" rel=\"noopener noreferrer\">Consejer\u00eda de Econom\u00eda, Conocimiento y Empleo del Gobierno de Canarias<\/a>, impulsada a trav\u00e9s de la<a href=\"http:\/\/www.gobiernodecanarias.org\/aciisi\/\" target=\"_blank\" rel=\"noopener noreferrer\"> Agencia Canaria de Investigaci\u00f3n, Innovaci\u00f3n y Sociedad de la Informaci\u00f3n (ACIISI)<\/a>, y cofinanciada por el <a href=\"http:\/\/ec.europa.eu\/regional_policy\/es\/funding\/erdf\/\" target=\"_blank\" rel=\"noopener noreferrer\">Fondo Europeo de Desarrollo Regional<\/a>, con una tasa de cofinanciaci\u00f3n del 85% en el marco del <a href=\"http:\/\/www.gobiernodecanarias.org\/medioambiente\/piac\/cofinanciacion-europea\/programa-feder-2014-2020\/\" target=\"_blank\" rel=\"noopener noreferrer\">Programa Operativo FEDER Canarias 2014-2020<\/a>\u201d<\/p>\n<p>&nbsp;<\/p>\n<h4><\/h4>\n<p>[\/vc_column_text][\/vc_column][\/vc_row][vc_row][vc_column][vc_empty_space][vc_empty_space][vc_single_image image=&#8221;33619&#8243; img_size=&#8221;large&#8221; alignment=&#8221;center&#8221;][vc_empty_space][\/vc_column][\/vc_row][vc_row][vc_column][vc_btn title=&#8221;Cerrado&#8221; color=&#8221;sandy-brown&#8221; size=&#8221;lg&#8221; align=&#8221;center&#8221; link=&#8221;||target:%20_blank|&#8221;][\/vc_column][\/vc_row][vc_row][vc_column width=&#8221;1\/2&#8243;][vc_empty_space][vc_column_text css=&#8221;.vc_custom_1600336472490{padding-bottom: 5px !important;}&#8221;]<strong><img decoding=\"async\" loading=\"lazy\" class=\"wp-image-33556 alignleft\" src=\"https:\/\/fg.ull.es\/innovacion\/wp-content\/uploads\/sites\/5\/2020\/09\/Sonia-Contero.jpg\" alt=\"\" width=\"125\" height=\"125\" \/><\/strong><\/p>\n<p><span style=\"color: #808080\"><em>Profesora<\/em><\/span><\/p>\n<p><a href=\"https:\/\/www.linkedin.com\/in\/soniacontero\/\" target=\"_blank\" rel=\"noopener noreferrer\"><strong>Sonia Contero<\/strong><\/a> es Product Owner en Sngular. Es especialista en metodolog\u00edas \u00e1giles y en Marketing Digital. Colabora habitualmente como profesora en la Universidad de Sevilla, en la Universidad Internacional de Andaluc\u00eda, en la C\u00e1mara de Comercio y en la Escuela de Organizaci\u00f3n Industrial. Es licenciada en periodismo, tiene un M\u00e1ster en Comunicaci\u00f3n Corporativa, un t\u00edtulo de t\u00e9cnico superior en Google Analytics y Web Analytics, y ha realizado formaciones en programaci\u00f3n con Python y Big Data.[\/vc_column_text][\/vc_column][vc_column width=&#8221;1\/2&#8243;][vc_empty_space][vc_column_text css=&#8221;.vc_custom_1600336504685{padding-bottom: 5px !important;}&#8221;]<strong><img decoding=\"async\" loading=\"lazy\" class=\"alignleft wp-image-33557\" src=\"https:\/\/fg.ull.es\/innovacion\/wp-content\/uploads\/sites\/5\/2020\/09\/Javier-Martin.jpg\" alt=\"\" width=\"125\" height=\"125\" \/> <\/strong><\/p>\n<p><em><span style=\"color: #808080\">Profesor<\/span><\/em><\/p>\n<p><a href=\"https:\/\/www.linkedin.com\/in\/loogic\/\" target=\"_blank\" rel=\"noopener noreferrer\"><strong>Javier Mart\u00edn<\/strong><\/a> es Director de Innovaci\u00f3n Abierta en Sngular. Ha creado y vendido las empresas Tecnoblogs, dedicada al desarrollo de blogs sobre tecnolog\u00eda y Social Media Factory, una agencia de marketing en redes sociales. Escribe a diario sobre startups en Loogic.com y semanalmente sobre innovaci\u00f3n en la newsletter Futurizable.com. Tambi\u00e9n ha escrito los libros Emprender Ligero y Smart Money. Es promotor de los eventos de emprendedores Iniciador y de los eventos de inversi\u00f3n en startups Smart Money. Colabora habitualmente como profesor en varias Universidades y Escuelas de Negocio en temas de innovaci\u00f3n, Marketing y Financiaci\u00f3n.[\/vc_column_text][\/vc_column][vc_column][vc_tta_accordion active_section=&#8221;&#8221; collapsible_all=&#8221;true&#8221; css=&#8221;.vc_custom_1600351834594{background-position: center !important;background-repeat: no-repeat !important;background-size: contain !important;}&#8221;][vc_tta_section title=&#8221;Aprendizajes &#8221; tab_id=&#8221;1600243335160-f14bc720-2302&#8243;][vc_column_text]<\/p>\n<ul>\n<li>Descubrir OKR como un sistema que ayuda a las empresas y los profesionales a lograr sus objetivos.<\/li>\n<li>Entender la importancia que tiene aplicar un sistema de productividad y enfocado a resultados, cuando queremos lograr el \u00e9xito a nivel empresarial.<\/li>\n<li>Conocer el significado de OKR (Objetivos y Resultados Clave) y CFR (Conversaciones, Feedback y Reconocimiento) como sistema de gesti\u00f3n del rendimiento.<\/li>\n<li>Aplicar el sistema OKR tanto a nivel de empresa, como de equipos y a nivel personal en el \u00e1mbito profesional.<\/li>\n<li>C\u00f3mo OKR ayuda a mejorar la cultura de colaboraci\u00f3n y transparencia en las empresas, adem\u00e1s de la importancia de tener un prop\u00f3sito para alcanzar el \u00e9xito.<\/li>\n<li>Conocer ejemplos de OKR para diferentes tipos de empresas, equipos y personas.<\/li>\n<li>Dise\u00f1ar los OKR propios, tanto los personales, los de equipo y los de la empresa.<\/li>\n<li>Descubrir c\u00f3mo OKR y otras metodolog\u00edas \u00e1giles, pueden ayudar a las empresas a ser m\u00e1s flexibles y adaptativas, adem\u00e1s de c\u00f3mo les pueden ayudar a ser m\u00e1s eficientes y productivas en este nuevo contexto donde cada vez va a resultar m\u00e1s importante el trabajo de forma remoto y deslocalizado.<\/li>\n<li>Trabajar como OKR Champion, que es el responsable de lograr que esta metodolog\u00eda se implante con \u00e9xito en toda la organizaci\u00f3n.<\/li>\n<\/ul>\n<p>[\/vc_column_text][\/vc_tta_section][vc_tta_section title=&#8221;Dirigido a&#8221; tab_id=&#8221;1600243335391-53269b0e-9706&#8243;][vc_column_text]<\/p>\n<ul>\n<li>Directores o mandos intermedios de peque\u00f1as y medianas empresas<\/li>\n<li>Personas emprendedoras<\/li>\n<\/ul>\n<p>[\/vc_column_text][\/vc_tta_section][vc_tta_section title=&#8221;Otros datos de inter\u00e9s&#8221; tab_id=&#8221;1600243335521-1d621ea4-15f3&#8243;][vc_column_text]<\/p>\n<ul>\n<li>D\u00eda: 1 y 5 de octubre<\/li>\n<li>Hora:\u00a0 10 a 13 horas<\/li>\n<li>Duraci\u00f3n: 6 horas divida en dos d\u00edas<\/li>\n<li>Precio: gratuito<\/li>\n<li>Plazas limitadas<\/li>\n<li>Se confirmar\u00e1 inscripci\u00f3n definitiva al menos 48 horas antes del inicio<\/li>\n<\/ul>\n<p>[\/vc_column_text][\/vc_tta_section][\/vc_tta_accordion][vc_row_inner][vc_column_inner][vc_empty_space][vc_empty_space][vc_separator][vc_empty_space][\/vc_column_inner][\/vc_row_inner][\/vc_column][\/vc_row][vc_row][vc_column][vc_single_image image=&#8221;33599&#8243; img_size=&#8221;large&#8221; alignment=&#8221;center&#8221; css_animation=&#8221;none&#8221;][\/vc_column][\/vc_row][vc_row][vc_column][vc_empty_space][\/vc_column][\/vc_row][vc_row][vc_column width=&#8221;1\/2&#8243;][vc_btn title=&#8221;Cerrado&#8221; color=&#8221;sandy-brown&#8221; size=&#8221;lg&#8221; align=&#8221;center&#8221; link=&#8221;||target:%20_blank|&#8221;][vc_tta_accordion active_section=&#8221;&#8221; collapsible_all=&#8221;true&#8221; css=&#8221;.vc_custom_1600168586285{background-position: center !important;background-repeat: no-repeat !important;background-size: contain !important;}&#8221;][vc_tta_section title=&#8221;Aprendizajes &#8221; tab_id=&#8221;1571216148910-9b0b9737-947b&#8221;][vc_column_text]<\/p>\n<ul>\n<li>Claves de una ronda de inversi\u00f3n y c\u00f3mo funcionan<\/li>\n<li>Entender cu\u00e1les son las exigencias de los inversores<\/li>\n<li>Conceptos b\u00e1sicos para el desarrollo de la documentaci\u00f3n necesaria para presentar a inversores<\/li>\n<li>Consejos pr\u00e1cticos sobre el proceso a la hora de presentar nuestro proyecto a inversores<\/li>\n<li>D\u00f3nde puedo encontrar inversores que podr\u00edan estar interesados en invertir en mi empresa<\/li>\n<\/ul>\n<p>[\/vc_column_text][\/vc_tta_section][vc_tta_section title=&#8221;Dirigido a&#8221; tab_id=&#8221;1571230556339-00c2c160-2ac3&#8243;][vc_column_text]<\/p>\n<ul>\n<li>Fundador@s de empresas innovadoras<\/li>\n<li>Fundador@s de empresas con alg\u00fan componente tecnol\u00f3gico<\/li>\n<li>Personas emprendedoras<\/li>\n<\/ul>\n<p>[\/vc_column_text][\/vc_tta_section][vc_tta_section title=&#8221;Otros datos de inter\u00e9s&#8221; tab_id=&#8221;1571216149099-7a27c1ee-ec33&#8243;][vc_column_text]<\/p>\n<ul>\n<li>D\u00eda: 23 de septiembre<\/li>\n<li>Hora:\u00a0 11 a 13 horas<\/li>\n<li>Duraci\u00f3n: 2 horas<\/li>\n<li>Precio: gratuito<\/li>\n<li>Plazas limitadas<\/li>\n<\/ul>\n<p>[\/vc_column_text][\/vc_tta_section][\/vc_tta_accordion][\/vc_column][vc_column width=&#8221;1\/2&#8243;][vc_row_inner][vc_column_inner][\/vc_column_inner][\/vc_row_inner][vc_row_inner][vc_column_inner][vc_column_text css=&#8221;.vc_custom_1600264088469{padding-bottom: 5px !important;}&#8221;]<img decoding=\"async\" loading=\"lazy\" class=\"alignleft wp-image-33591\" src=\"https:\/\/fg.ull.es\/innovacion\/wp-content\/uploads\/sites\/5\/2020\/09\/Lavin-Luis-270x300.jpg\" alt=\"\" width=\"125\" height=\"140\" \/><\/p>\n<p style=\"text-align: left\"><em><span style=\"color: #808080\">Profesor<\/span><\/em><\/p>\n<p><a href=\"https:\/\/www.linkedin.com\/in\/lavinluis\/\" target=\"_blank\" rel=\"noopener noreferrer\">Lavin Luis<\/a> es co-fundador de Boardfy, una plataforma de monitorizaci\u00f3n de precios para retailers, ecommerces y marcas, con presencia en +20 pa\u00edses. Comenz\u00f3 a emprender online a los 14 a\u00f1os con una de las primeras plataformas de torneos de E-Sports en Espa\u00f1a. A los 19 cre\u00f3 Meteordesk, una plataforma de atenci\u00f3n al cliente en WhatsApp que tuvo presencia en +25 pa\u00edses. A lo largo de esta trayectoria se ha especializado en direcci\u00f3n, ventas y fundraising.[\/vc_column_text][\/vc_column_inner][\/vc_row_inner][\/vc_column][vc_column][vc_empty_space][vc_empty_space][vc_separator][vc_row_inner][vc_column_inner][vc_empty_space][vc_empty_space][\/vc_column_inner][\/vc_row_inner][\/vc_column][\/vc_row][vc_row][vc_column][vc_single_image image=&#8221;33597&#8243; img_size=&#8221;large&#8221; alignment=&#8221;center&#8221;][\/vc_column][\/vc_row][vc_row][vc_column][vc_empty_space][\/vc_column][\/vc_row][vc_row][vc_column width=&#8221;1\/2&#8243;][vc_row_inner][vc_column_inner][\/vc_column_inner][\/vc_row_inner][vc_row_inner][vc_column_inner][vc_column_text css=&#8221;.vc_custom_1600264105929{padding-bottom: 5px !important;}&#8221;]<img decoding=\"async\" loading=\"lazy\" class=\"alignleft wp-image-33591\" src=\"https:\/\/fg.ull.es\/innovacion\/wp-content\/uploads\/sites\/5\/2020\/09\/Lavin-Luis-270x300.jpg\" alt=\"\" width=\"125\" height=\"140\" \/><\/p>\n<p style=\"text-align: left\"><em><span style=\"color: #808080\">Profesor<\/span><\/em><\/p>\n<p><a href=\"https:\/\/www.linkedin.com\/in\/lavinluis\/\" target=\"_blank\" rel=\"noopener noreferrer\">Lavin Luis<\/a> es co-fundador de Boardfy, una plataforma de monitorizaci\u00f3n de precios para retailers, ecommerces y marcas, con presencia en +20 pa\u00edses. Comenz\u00f3 a emprender online a los 14 a\u00f1os con una de las primeras plataformas de torneos de E-Sports en Espa\u00f1a. A los 19 cre\u00f3 Meteordesk, una plataforma de atenci\u00f3n al cliente en WhatsApp que tuvo presencia en +25 pa\u00edses. A lo largo de esta trayectoria se ha especializado en direcci\u00f3n, ventas y fundraising.[\/vc_column_text][\/vc_column_inner][\/vc_row_inner][\/vc_column][vc_column width=&#8221;1\/2&#8243;][vc_btn title=&#8221;Cerrado&#8221; color=&#8221;sandy-brown&#8221; size=&#8221;lg&#8221; align=&#8221;center&#8221; link=&#8221;||target:%20_blank|&#8221;][vc_tta_accordion active_section=&#8221;&#8221; collapsible_all=&#8221;true&#8221; css=&#8221;.vc_custom_1600168586285{background-position: center !important;background-repeat: no-repeat !important;background-size: contain !important;}&#8221;][vc_tta_section title=&#8221;Aprendizajes &#8221; tab_id=&#8221;1600170722125-7ba057fe-b35f&#8221;][vc_column_text]<\/p>\n<ul>\n<li>Claves de la estrategia que utilizan compa\u00f1\u00edas como Hubspot, SalesForce or RedPoints<\/li>\n<li>Entender el proceso de ventas y c\u00f3mo aplicarlo<\/li>\n<li>Entender los perfiles claves, salarios y seniority que requerir\u00e1 nuestro equipo de ventas<\/li>\n<li>Identificar el canal de ventas seg\u00fan el servicio\/producto que vendemos<\/li>\n<li>Entender cu\u00e1l es el plan de comisiones que utilizan estas empresas de \u00e9xito<\/li>\n<\/ul>\n<p>[\/vc_column_text][\/vc_tta_section][vc_tta_section title=&#8221;Dirigido a&#8221; tab_id=&#8221;1600170722235-7d575b29-f1f9&#8243;][vc_column_text]<\/p>\n<ul>\n<li>Peque\u00f1as y medianas empresas<\/li>\n<li>Personas emprendedoras<\/li>\n<li>Responsables de ventas, marketing o CEOs<\/li>\n<\/ul>\n<p>[\/vc_column_text][\/vc_tta_section][vc_tta_section title=&#8221;Otros datos de inter\u00e9s&#8221; tab_id=&#8221;1600170722341-0d2fd636-e202&#8243;][vc_column_text]<\/p>\n<ul>\n<li>D\u00eda: 25 de septiembre<\/li>\n<li>Hora:\u00a0 11 a 13 horas<\/li>\n<li>Duraci\u00f3n: 2 horas<\/li>\n<li>Precio: gratuito<\/li>\n<li>Plazas limitadas<\/li>\n<\/ul>\n<p>[\/vc_column_text][\/vc_tta_section][\/vc_tta_accordion][\/vc_column][vc_column][vc_empty_space][vc_empty_space][vc_separator][\/vc_column][\/vc_row][vc_row disable_element=&#8221;yes&#8221;][vc_column][vc_empty_space][vc_empty_space][vc_single_image image=&#8221;33589&#8243; img_size=&#8221;large&#8221; alignment=&#8221;center&#8221;][\/vc_column][\/vc_row][vc_row][vc_column][vc_empty_space][vc_empty_space][vc_single_image image=&#8221;33604&#8243; img_size=&#8221;full&#8221; alignment=&#8221;center&#8221;][\/vc_column][\/vc_row][vc_row][vc_column][vc_column_text]\u201cLa <a href=\"https:\/\/www.redcide.es\/\" target=\"_blank\" rel=\"noopener noreferrer\">Red CIDE<\/a> es una iniciativa de la <a href=\"http:\/\/www.gobiernodecanarias.org\/ceic\/\" target=\"_blank\" rel=\"noopener noreferrer\">Consejer\u00eda de Econom\u00eda, Conocimiento y Empleo del Gobierno de Canarias<\/a>, impulsada a trav\u00e9s de la<a href=\"http:\/\/www.gobiernodecanarias.org\/aciisi\/\" target=\"_blank\" rel=\"noopener noreferrer\"> Agencia Canaria de Investigaci\u00f3n, Innovaci\u00f3n y Sociedad de la Informaci\u00f3n (ACIISI)<\/a>, y cofinanciada por el <a href=\"http:\/\/ec.europa.eu\/regional_policy\/es\/funding\/erdf\/\" target=\"_blank\" rel=\"noopener noreferrer\">Fondo Europeo de Desarrollo Regional<\/a>, con una tasa de cofinanciaci\u00f3n del 85% en el marco del <a href=\"http:\/\/www.gobiernodecanarias.org\/medioambiente\/piac\/cofinanciacion-europea\/programa-feder-2014-2020\/\" target=\"_blank\" rel=\"noopener noreferrer\">Programa Operativo FEDER Canarias 2014-2020<\/a>\u201d[\/vc_column_text][\/vc_column][\/vc_row]<\/p>\n<\/section>","protected":false},"excerpt":{"rendered":"<p>[vc_row][vc_column][vc_empty_space][vc_column_text] FORMACI\u00d3N PARA LA TRANSFORMACI\u00d3N DIGITAL &nbsp; El centro CIDE de la Fundaci\u00f3n General Universidad de La Laguna organiza gratuitamente tres sesiones formativas en tem\u00e1ticas relacionadas con la innovaci\u00f3n para personas emprendedoras, profesionales y\u00a0 empresas. Esta formaci\u00f3n es gratuita pero tiene un coste para tod@s nosotr@s. Por eso, se pide responsabilidad a la hora de&#8230;<\/p>\n","protected":false},"author":19,"featured_media":0,"parent":0,"menu_order":0,"comment_status":"closed","ping_status":"closed","template":"templates\/template-frontpage.php","meta":{"footnotes":""},"yoast_head":"<!-- This site is optimized with the Yoast SEO plugin v21.0 - https:\/\/yoast.com\/wordpress\/plugins\/seo\/ -->\n<title>Formaci\u00f3n Centro CIDE de la Fundaci\u00f3n General Universidad de La Laguna - Agencia Universitaria de Innovaci\u00f3n<\/title>\n<meta name=\"robots\" content=\"index, follow, max-snippet:-1, max-image-preview:large, max-video-preview:-1\" \/>\n<link rel=\"canonical\" href=\"https:\/\/fg.ull.es\/innovacion\/formacion-red-cide-2020\/\" \/>\n<meta property=\"og:locale\" content=\"es_ES\" \/>\n<meta property=\"og:type\" content=\"article\" \/>\n<meta property=\"og:title\" content=\"Formaci\u00f3n Centro CIDE de la Fundaci\u00f3n General Universidad de La Laguna - Agencia Universitaria de Innovaci\u00f3n\" \/>\n<meta property=\"og:description\" content=\"[vc_row][vc_column][vc_empty_space][vc_column_text] FORMACI\u00d3N PARA LA TRANSFORMACI\u00d3N DIGITAL &nbsp; El centro CIDE de la Fundaci\u00f3n General Universidad de La Laguna organiza gratuitamente tres sesiones formativas en tem\u00e1ticas relacionadas con la innovaci\u00f3n para personas emprendedoras, profesionales y\u00a0 empresas. Esta formaci\u00f3n es gratuita pero tiene un coste para tod@s nosotr@s. Por eso, se pide responsabilidad a la hora de...\" \/>\n<meta property=\"og:url\" content=\"https:\/\/fg.ull.es\/innovacion\/formacion-red-cide-2020\/\" \/>\n<meta property=\"og:site_name\" content=\"Agencia Universitaria de Innovaci\u00f3n\" \/>\n<meta property=\"og:image\" content=\"https:\/\/fg.ull.es\/innovacion\/wp-content\/uploads\/sites\/5\/2020\/09\/Sonia-Contero.jpg\" \/>\n<meta name=\"twitter:card\" content=\"summary_large_image\" \/>\n<meta name=\"twitter:label1\" content=\"Est. reading time\" \/>\n\t<meta name=\"twitter:data1\" content=\"9 minutos\" \/>\n<script type=\"application\/ld+json\" class=\"yoast-schema-graph\">{\"@context\":\"https:\/\/schema.org\",\"@graph\":[{\"@type\":\"WebPage\",\"@id\":\"https:\/\/fg.ull.es\/innovacion\/formacion-red-cide-2020\/\",\"url\":\"https:\/\/fg.ull.es\/innovacion\/formacion-red-cide-2020\/\",\"name\":\"Formaci\u00f3n Centro CIDE de la Fundaci\u00f3n General Universidad de La Laguna - Agencia Universitaria de Innovaci\u00f3n\",\"isPartOf\":{\"@id\":\"https:\/\/fg.ull.es\/innovacion\/#website\"},\"datePublished\":\"2020-09-15T07:49:42+00:00\",\"dateModified\":\"2020-09-15T07:49:42+00:00\",\"breadcrumb\":{\"@id\":\"https:\/\/fg.ull.es\/innovacion\/formacion-red-cide-2020\/#breadcrumb\"},\"inLanguage\":\"es\",\"potentialAction\":[{\"@type\":\"ReadAction\",\"target\":[\"https:\/\/fg.ull.es\/innovacion\/formacion-red-cide-2020\/\"]}]},{\"@type\":\"BreadcrumbList\",\"@id\":\"https:\/\/fg.ull.es\/innovacion\/formacion-red-cide-2020\/#breadcrumb\",\"itemListElement\":[{\"@type\":\"ListItem\",\"position\":1,\"name\":\"Portada\",\"item\":\"https:\/\/fg.ull.es\/innovacion\/\"},{\"@type\":\"ListItem\",\"position\":2,\"name\":\"Formaci\u00f3n Centro CIDE de la Fundaci\u00f3n General Universidad de La Laguna\"}]},{\"@type\":\"WebSite\",\"@id\":\"https:\/\/fg.ull.es\/innovacion\/#website\",\"url\":\"https:\/\/fg.ull.es\/innovacion\/\",\"name\":\"Agencia Universitaria de Innovaci\u00f3n\",\"description\":\"Agencia Universitaria de Innovaci\u00f3n de La Universidad de La Laguna\",\"potentialAction\":[{\"@type\":\"SearchAction\",\"target\":{\"@type\":\"EntryPoint\",\"urlTemplate\":\"https:\/\/fg.ull.es\/innovacion\/?s={search_term_string}\"},\"query-input\":\"required name=search_term_string\"}],\"inLanguage\":\"es\"}]}<\/script>\n<!-- \/ Yoast SEO plugin. -->","yoast_head_json":{"title":"Formaci\u00f3n Centro CIDE de la Fundaci\u00f3n General Universidad de La Laguna - Agencia Universitaria de Innovaci\u00f3n","robots":{"index":"index","follow":"follow","max-snippet":"max-snippet:-1","max-image-preview":"max-image-preview:large","max-video-preview":"max-video-preview:-1"},"canonical":"https:\/\/fg.ull.es\/innovacion\/formacion-red-cide-2020\/","og_locale":"es_ES","og_type":"article","og_title":"Formaci\u00f3n Centro CIDE de la Fundaci\u00f3n General Universidad de La Laguna - Agencia Universitaria de Innovaci\u00f3n","og_description":"[vc_row][vc_column][vc_empty_space][vc_column_text] FORMACI\u00d3N PARA LA TRANSFORMACI\u00d3N DIGITAL &nbsp; El centro CIDE de la Fundaci\u00f3n General Universidad de La Laguna organiza gratuitamente tres sesiones formativas en tem\u00e1ticas relacionadas con la innovaci\u00f3n para personas emprendedoras, profesionales y\u00a0 empresas. Esta formaci\u00f3n es gratuita pero tiene un coste para tod@s nosotr@s. Por eso, se pide responsabilidad a la hora de...","og_url":"https:\/\/fg.ull.es\/innovacion\/formacion-red-cide-2020\/","og_site_name":"Agencia Universitaria de Innovaci\u00f3n","og_image":[{"url":"https:\/\/fg.ull.es\/innovacion\/wp-content\/uploads\/sites\/5\/2020\/09\/Sonia-Contero.jpg"}],"twitter_card":"summary_large_image","twitter_misc":{"Est. reading time":"9 minutos"},"schema":{"@context":"https:\/\/schema.org","@graph":[{"@type":"WebPage","@id":"https:\/\/fg.ull.es\/innovacion\/formacion-red-cide-2020\/","url":"https:\/\/fg.ull.es\/innovacion\/formacion-red-cide-2020\/","name":"Formaci\u00f3n Centro CIDE de la Fundaci\u00f3n General Universidad de La Laguna - Agencia Universitaria de Innovaci\u00f3n","isPartOf":{"@id":"https:\/\/fg.ull.es\/innovacion\/#website"},"datePublished":"2020-09-15T07:49:42+00:00","dateModified":"2020-09-15T07:49:42+00:00","breadcrumb":{"@id":"https:\/\/fg.ull.es\/innovacion\/formacion-red-cide-2020\/#breadcrumb"},"inLanguage":"es","potentialAction":[{"@type":"ReadAction","target":["https:\/\/fg.ull.es\/innovacion\/formacion-red-cide-2020\/"]}]},{"@type":"BreadcrumbList","@id":"https:\/\/fg.ull.es\/innovacion\/formacion-red-cide-2020\/#breadcrumb","itemListElement":[{"@type":"ListItem","position":1,"name":"Portada","item":"https:\/\/fg.ull.es\/innovacion\/"},{"@type":"ListItem","position":2,"name":"Formaci\u00f3n Centro CIDE de la Fundaci\u00f3n General Universidad de La Laguna"}]},{"@type":"WebSite","@id":"https:\/\/fg.ull.es\/innovacion\/#website","url":"https:\/\/fg.ull.es\/innovacion\/","name":"Agencia Universitaria de Innovaci\u00f3n","description":"Agencia Universitaria de Innovaci\u00f3n de La Universidad de La Laguna","potentialAction":[{"@type":"SearchAction","target":{"@type":"EntryPoint","urlTemplate":"https:\/\/fg.ull.es\/innovacion\/?s={search_term_string}"},"query-input":"required name=search_term_string"}],"inLanguage":"es"}]}},"_links":{"self":[{"href":"https:\/\/fg.ull.es\/innovacion\/wp-json\/wp\/v2\/pages\/33553"}],"collection":[{"href":"https:\/\/fg.ull.es\/innovacion\/wp-json\/wp\/v2\/pages"}],"about":[{"href":"https:\/\/fg.ull.es\/innovacion\/wp-json\/wp\/v2\/types\/page"}],"author":[{"embeddable":true,"href":"https:\/\/fg.ull.es\/innovacion\/wp-json\/wp\/v2\/users\/19"}],"replies":[{"embeddable":true,"href":"https:\/\/fg.ull.es\/innovacion\/wp-json\/wp\/v2\/comments?post=33553"}],"version-history":[{"count":0,"href":"https:\/\/fg.ull.es\/innovacion\/wp-json\/wp\/v2\/pages\/33553\/revisions"}],"wp:attachment":[{"href":"https:\/\/fg.ull.es\/innovacion\/wp-json\/wp\/v2\/media?parent=33553"}],"curies":[{"name":"wp","href":"https:\/\/api.w.org\/{rel}","templated":true}]}}