{"id":27561,"date":"2016-07-27T11:53:47","date_gmt":"2016-07-27T10:53:47","guid":{"rendered":"http:\/\/www.fg.ull.es\/es\/?page_id=27561"},"modified":"2017-06-06T09:31:56","modified_gmt":"2017-06-06T09:31:56","slug":"emprendimiento-de-base-tecnologica","status":"publish","type":"page","link":"https:\/\/fg.ull.es\/innovacion\/innovacion-empresarial\/emprendimiento-de-base-tecnologica\/","title":{"rendered":"Emprendimiento de base tecnol\u00f3gica"},"content":{"rendered":"<section class=\"wpb-content-wrapper\"><p>[vc_row css=&#8221;.vc_custom_1496324309483{padding-top: 0px !important;}&#8221;][vc_column][vc_custom_heading text=&#8221;Emprendimiento de base tecnol\u00f3gica&#8221; font_container=&#8221;tag:div|font_size:28|text_align:left|color:%23212422&#8243; google_fonts=&#8221;font_family:Merriweather%3A300%2C300italic%2Cregular%2Citalic%2C700%2C700italic%2C900%2C900italic|font_style:900%20bold%20regular%3A900%3Anormal&#8221; css=&#8221;.vc_custom_1469782459356{margin-top: -10px !important;margin-bottom: 15px !important;border-bottom-width: 9px !important;padding-bottom: 2px !important;}&#8221;][vc_empty_space height=&#8221;32&#8243;][vc_column_text]<b><\/b><span style=\"color: #333333;\">Uno de los objetivos de la Universidad de La Laguna es la <strong>sensibilizaci\u00f3n de la comunidad universitaria hacia la transferencia del conocimiento tecnol\u00f3gico, al desarrollo empresarial y al fomento de filosof\u00edas de emprendimiento<\/strong>. De esta forma, el objetivo de la <strong>Unidad de Innovaci\u00f3n Empresarial<\/strong> se orienta a <strong>fomentar din\u00e1micas<\/strong> que favorezcan y aporten valor en los procesos iniciales, y que contribuyan al<strong> cambio en el modelo productivo de la sociedad<\/strong>, construyendo un ecosistema emprendedor, a trav\u00e9s de la prestaci\u00f3n de servicios especializados, e incorporando <strong>metodolog\u00edas \u00e1giles<\/strong>, que favorezcan el ambiente tecnol\u00f3gico de alta incertidumbre y constante cambio.<\/span><\/p>\n<p><span style=\"color: #333333;\">El proyecto paraguas contempla una serie de <strong>programas espec\u00edficos<\/strong> en virtud de la tem\u00e1tica y del p\u00fablico objetivo al que se destina.<\/span>[\/vc_column_text][vc_tta_accordion][vc_tta_section i_type=&#8221;entypo&#8221; i_icon_entypo=&#8221;entypo-icon entypo-icon-lamp&#8221; add_icon=&#8221;true&#8221; title=&#8221;Emprendimiento TIC&#8221; tab_id=&#8221;1469617859424-905a00d0-80fe&#8221;][vc_column_text]<span style=\"color: #333333;\">Dirigido a las personas con t\u00edtulo universitario y a los miembros de la comunidad universitaria en general, el <strong>Programa de Emprendimiento TIC<\/strong> permite prestar la asistencia para identificar aquellas ideas innovadoras con <strong>proyecci\u00f3n global y capacidad de crecimiento exponencial<\/strong>, con un fuerte componente de las TICs, en proyectos susceptibles de convertirse en iniciativas empresariales con \u00e9xito.<\/span>[\/vc_column_text][\/vc_tta_section][vc_tta_section i_type=&#8221;openiconic&#8221; i_icon_openiconic=&#8221;vc-oi vc-oi-wrench&#8221; add_icon=&#8221;true&#8221; title=&#8221;Emprendimiento Cient\u00edfico Ideas + D&#8221; tab_id=&#8221;1469617859576-14f20d0e-751a&#8221;][vc_column_text]<span style=\"color: #333333;\">Con el <strong>objetivo<\/strong> de impulsar la transformaci\u00f3n del conocimiento cient\u00edfico a la creaci\u00f3n de nuevas empresas y convertir una parte del esfuerzo en <strong>investigaci\u00f3n, talento y formaci\u00f3n especializada<\/strong> en progreso econ\u00f3mico y empleo directo de alta cualificaci\u00f3n que genere valor para la sociedad, el <em><strong>Programa Espec\u00edfico de Emprendimiento Cient\u00edfico Ideas + D<\/strong> <\/em>desarrolla acciones de acompa\u00f1amiento experto, adem\u00e1s de una aportaci\u00f3n econ\u00f3mica que permita la elaboraci\u00f3n y ejecuci\u00f3n de un plan de valorizaci\u00f3n y un plan de comercializaci\u00f3n de los resultados de investigaci\u00f3n del alumnado que desarrolla su tesis.<\/span><\/p>\n<p><span style=\"color: #333333;\">Dirigido a la comunidad de j\u00f3venes investigadores e investigadoras, que se han doctorado de la Universidad de La Laguna, permite recoger sus ideas creativas, innovadoras y resultados de su investigaci\u00f3n con <strong>potencial tecnol\u00f3gico de transferencia, y fomentar su puesta en el mercado.<\/strong><\/span>[\/vc_column_text][\/vc_tta_section][vc_tta_section i_type=&#8221;openiconic&#8221; i_icon_openiconic=&#8221;vc-oi vc-oi-mobile&#8221; add_icon=&#8221;true&#8221; title=&#8221;Programa IDEAS&#8221; tab_id=&#8221;1469618047989-a099dd9f-c980&#8243;][vc_column_text]<span style=\"color: #333333;\">Surge para impulsar el talento del alumnado de la Universidad de La Laguna, dinamizando y promocionando los <strong>Proyectos de Fin de Grado y M\u00e1ster<\/strong> conect\u00e1ndolos con <strong>necesidades empresariales concretas<\/strong>, o bien identificando el <strong>potencial emprendedor<\/strong> de los mismos.<\/span><\/p>\n<p><span style=\"color: #333333;\">De esta manera, se quiere dar al alumnado universitario la oportunidad de que su trabajo, conocimiento y experiencia sea promocionado, y correctamente transmitido, al tejido empresarial canario y a la sociedad canaria en general. Igualmente, y a trav\u00e9s de las acciones de asistencia se pretende dotar a los participantes de las herramientas b\u00e1sicas para la <strong>depuraci\u00f3n<\/strong> y<strong> presentaci\u00f3n<\/strong> de sus proyectos y de la necesidad de desarrollar<strong> prototipos<\/strong> que les permitan validar sus propuestas.<\/span>[\/vc_column_text][\/vc_tta_section][vc_tta_section i_type=&#8221;openiconic&#8221; i_icon_openiconic=&#8221;vc-oi vc-oi-location-alt&#8221; add_icon=&#8221;true&#8221; title=&#8221;Emprendimiento en \u00e1reas espec\u00edficas&#8221; tab_id=&#8221;1469618361308-f379a6a8-72f8&#8243;][vc_column_text]<span style=\"color: #333333;\">Desarrollo de <strong>programas espec\u00edficos<\/strong> de <strong>captaci\u00f3n de alumnado con talento<\/strong>, a trav\u00e9s de iniciativas puntuales (open data, bigdata, VR, 3D print, etc.), relacionando programas ya existentes de apoyo a nuevas tecnolog\u00edas y tendencias con la creaci\u00f3n de concursos espec\u00edficos, que motiven la participaci\u00f3n del alumnado, y convirtiendo a profesores e investigadores tanto en detectores de proyectos como en prescriptores de los servicios relacionados con el emprendimiento dentro de la ULL.<\/span>[\/vc_column_text][\/vc_tta_section][\/vc_tta_accordion][vc_empty_space][vc_column_text]<span style=\"color: #333333;\"><strong>Datos de contacto:<\/strong><\/span><\/p>\n<p><span style=\"color: #333333;\">Tlfno: 922 319 212<br \/>\n<\/span><span style=\"color: #333333;\">Email: <a style=\"color: #333333;\" href=\"mailto:launchtf@fg.ull.es\">launchtf@fg.ull.es<\/a><\/span>[\/vc_column_text][vc_separator border_width=&#8221;5&#8243;][vc_empty_space][vc_separator][vc_row_inner css=&#8221;.vc_custom_1469782369403{border-left-width: 1px !important;border-left-color: #c6c3c3 !important;border-left-style: dotted !important;}&#8221;][vc_column_inner width=&#8221;1\/2&#8243;][vc_video link=&#8221;https:\/\/vimeo.com\/125660573&#8243;][\/vc_column_inner][vc_column_inner width=&#8221;1\/2&#8243;][vc_video link=&#8221; https:\/\/vimeo.com\/176779631&#8243;][\/vc_column_inner][\/vc_row_inner][\/vc_column][\/vc_row][vc_row][vc_column][vc_empty_space][vc_video link=&#8221;https:\/\/www.youtube.com\/playlist?list=PLbU1uwxBUAGGlAIcnIx7rSwMlHxdVsFhE&#8221;][\/vc_column][\/vc_row]<\/p>\n<\/section>","protected":false},"excerpt":{"rendered":"<p>[vc_row css=&#8221;.vc_custom_1496324309483{padding-top: 0px !important;}&#8221;][vc_column][vc_custom_heading text=&#8221;Emprendimiento de base tecnol\u00f3gica&#8221; font_container=&#8221;tag:div|font_size:28|text_align:left|color:%23212422&#8243; google_fonts=&#8221;font_family:Merriweather%3A300%2C300italic%2Cregular%2Citalic%2C700%2C700italic%2C900%2C900italic|font_style:900%20bold%20regular%3A900%3Anormal&#8221; css=&#8221;.vc_custom_1469782459356{margin-top: -10px !important;margin-bottom: 15px !important;border-bottom-width: 9px !important;padding-bottom: 2px !important;}&#8221;][vc_empty_space height=&#8221;32&#8243;][vc_column_text]Uno de los objetivos de la Universidad de La Laguna es la sensibilizaci\u00f3n de la comunidad universitaria hacia la transferencia del conocimiento tecnol\u00f3gico, al desarrollo empresarial y al fomento de filosof\u00edas de emprendimiento. De esta forma,&#8230;<\/p>\n","protected":false},"author":1,"featured_media":0,"parent":27543,"menu_order":0,"comment_status":"closed","ping_status":"closed","template":"","meta":{"footnotes":""},"yoast_head":"<!-- This site is optimized with the Yoast SEO plugin v21.0 - https:\/\/yoast.com\/wordpress\/plugins\/seo\/ -->\n<title>Emprendimiento de base tecnol\u00f3gica - Agencia Universitaria de Innovaci\u00f3n<\/title>\n<meta name=\"robots\" content=\"index, follow, max-snippet:-1, max-image-preview:large, max-video-preview:-1\" \/>\n<link rel=\"canonical\" href=\"https:\/\/fg.ull.es\/innovacion\/innovacion-empresarial\/emprendimiento-de-base-tecnologica\/\" \/>\n<meta property=\"og:locale\" content=\"es_ES\" \/>\n<meta property=\"og:type\" content=\"article\" \/>\n<meta property=\"og:title\" content=\"Emprendimiento de base tecnol\u00f3gica - Agencia Universitaria de Innovaci\u00f3n\" \/>\n<meta property=\"og:description\" content=\"[vc_row css=&#8221;.vc_custom_1496324309483{padding-top: 0px !important;}&#8221;][vc_column][vc_custom_heading text=&#8221;Emprendimiento de base tecnol\u00f3gica&#8221; font_container=&#8221;tag:div|font_size:28|text_align:left|color:%23212422&#8243; google_fonts=&#8221;font_family:Merriweather%3A300%2C300italic%2Cregular%2Citalic%2C700%2C700italic%2C900%2C900italic|font_style:900%20bold%20regular%3A900%3Anormal&#8221; css=&#8221;.vc_custom_1469782459356{margin-top: -10px !important;margin-bottom: 15px !important;border-bottom-width: 9px !important;padding-bottom: 2px !important;}&#8221;][vc_empty_space height=&#8221;32&#8243;][vc_column_text]Uno de los objetivos de la Universidad de La Laguna es la sensibilizaci\u00f3n de la comunidad universitaria hacia la transferencia del conocimiento tecnol\u00f3gico, al desarrollo empresarial y al fomento de filosof\u00edas de emprendimiento. De esta forma,...\" \/>\n<meta property=\"og:url\" content=\"https:\/\/fg.ull.es\/innovacion\/innovacion-empresarial\/emprendimiento-de-base-tecnologica\/\" \/>\n<meta property=\"og:site_name\" content=\"Agencia Universitaria de Innovaci\u00f3n\" \/>\n<meta property=\"article:modified_time\" content=\"2017-06-06T09:31:56+00:00\" \/>\n<meta name=\"twitter:card\" content=\"summary_large_image\" \/>\n<meta name=\"twitter:label1\" content=\"Est. reading time\" \/>\n\t<meta name=\"twitter:data1\" content=\"4 minutos\" \/>\n<script type=\"application\/ld+json\" class=\"yoast-schema-graph\">{\"@context\":\"https:\/\/schema.org\",\"@graph\":[{\"@type\":\"WebPage\",\"@id\":\"https:\/\/fg.ull.es\/innovacion\/innovacion-empresarial\/emprendimiento-de-base-tecnologica\/\",\"url\":\"https:\/\/fg.ull.es\/innovacion\/innovacion-empresarial\/emprendimiento-de-base-tecnologica\/\",\"name\":\"Emprendimiento de base tecnol\u00f3gica - Agencia Universitaria de Innovaci\u00f3n\",\"isPartOf\":{\"@id\":\"https:\/\/fg.ull.es\/innovacion\/#website\"},\"datePublished\":\"2016-07-27T10:53:47+00:00\",\"dateModified\":\"2017-06-06T09:31:56+00:00\",\"breadcrumb\":{\"@id\":\"https:\/\/fg.ull.es\/innovacion\/innovacion-empresarial\/emprendimiento-de-base-tecnologica\/#breadcrumb\"},\"inLanguage\":\"es\",\"potentialAction\":[{\"@type\":\"ReadAction\",\"target\":[\"https:\/\/fg.ull.es\/innovacion\/innovacion-empresarial\/emprendimiento-de-base-tecnologica\/\"]}]},{\"@type\":\"BreadcrumbList\",\"@id\":\"https:\/\/fg.ull.es\/innovacion\/innovacion-empresarial\/emprendimiento-de-base-tecnologica\/#breadcrumb\",\"itemListElement\":[{\"@type\":\"ListItem\",\"position\":1,\"name\":\"Portada\",\"item\":\"https:\/\/fg.ull.es\/innovacion\/\"},{\"@type\":\"ListItem\",\"position\":2,\"name\":\"Innovaci\u00f3n Empresarial\",\"item\":\"https:\/\/fg.ull.es\/innovacion\/innovacion-empresarial\/\"},{\"@type\":\"ListItem\",\"position\":3,\"name\":\"Emprendimiento de base tecnol\u00f3gica\"}]},{\"@type\":\"WebSite\",\"@id\":\"https:\/\/fg.ull.es\/innovacion\/#website\",\"url\":\"https:\/\/fg.ull.es\/innovacion\/\",\"name\":\"Agencia Universitaria de Innovaci\u00f3n\",\"description\":\"Agencia Universitaria de Innovaci\u00f3n de La Universidad de La Laguna\",\"potentialAction\":[{\"@type\":\"SearchAction\",\"target\":{\"@type\":\"EntryPoint\",\"urlTemplate\":\"https:\/\/fg.ull.es\/innovacion\/?s={search_term_string}\"},\"query-input\":\"required name=search_term_string\"}],\"inLanguage\":\"es\"}]}<\/script>\n<!-- \/ Yoast SEO plugin. -->","yoast_head_json":{"title":"Emprendimiento de base tecnol\u00f3gica - Agencia Universitaria de Innovaci\u00f3n","robots":{"index":"index","follow":"follow","max-snippet":"max-snippet:-1","max-image-preview":"max-image-preview:large","max-video-preview":"max-video-preview:-1"},"canonical":"https:\/\/fg.ull.es\/innovacion\/innovacion-empresarial\/emprendimiento-de-base-tecnologica\/","og_locale":"es_ES","og_type":"article","og_title":"Emprendimiento de base tecnol\u00f3gica - Agencia Universitaria de Innovaci\u00f3n","og_description":"[vc_row css=&#8221;.vc_custom_1496324309483{padding-top: 0px !important;}&#8221;][vc_column][vc_custom_heading text=&#8221;Emprendimiento de base tecnol\u00f3gica&#8221; font_container=&#8221;tag:div|font_size:28|text_align:left|color:%23212422&#8243; google_fonts=&#8221;font_family:Merriweather%3A300%2C300italic%2Cregular%2Citalic%2C700%2C700italic%2C900%2C900italic|font_style:900%20bold%20regular%3A900%3Anormal&#8221; css=&#8221;.vc_custom_1469782459356{margin-top: -10px !important;margin-bottom: 15px !important;border-bottom-width: 9px !important;padding-bottom: 2px !important;}&#8221;][vc_empty_space height=&#8221;32&#8243;][vc_column_text]Uno de los objetivos de la Universidad de La Laguna es la sensibilizaci\u00f3n de la comunidad universitaria hacia la transferencia del conocimiento tecnol\u00f3gico, al desarrollo empresarial y al fomento de filosof\u00edas de emprendimiento. De esta forma,...","og_url":"https:\/\/fg.ull.es\/innovacion\/innovacion-empresarial\/emprendimiento-de-base-tecnologica\/","og_site_name":"Agencia Universitaria de Innovaci\u00f3n","article_modified_time":"2017-06-06T09:31:56+00:00","twitter_card":"summary_large_image","twitter_misc":{"Est. reading time":"4 minutos"},"schema":{"@context":"https:\/\/schema.org","@graph":[{"@type":"WebPage","@id":"https:\/\/fg.ull.es\/innovacion\/innovacion-empresarial\/emprendimiento-de-base-tecnologica\/","url":"https:\/\/fg.ull.es\/innovacion\/innovacion-empresarial\/emprendimiento-de-base-tecnologica\/","name":"Emprendimiento de base tecnol\u00f3gica - Agencia Universitaria de Innovaci\u00f3n","isPartOf":{"@id":"https:\/\/fg.ull.es\/innovacion\/#website"},"datePublished":"2016-07-27T10:53:47+00:00","dateModified":"2017-06-06T09:31:56+00:00","breadcrumb":{"@id":"https:\/\/fg.ull.es\/innovacion\/innovacion-empresarial\/emprendimiento-de-base-tecnologica\/#breadcrumb"},"inLanguage":"es","potentialAction":[{"@type":"ReadAction","target":["https:\/\/fg.ull.es\/innovacion\/innovacion-empresarial\/emprendimiento-de-base-tecnologica\/"]}]},{"@type":"BreadcrumbList","@id":"https:\/\/fg.ull.es\/innovacion\/innovacion-empresarial\/emprendimiento-de-base-tecnologica\/#breadcrumb","itemListElement":[{"@type":"ListItem","position":1,"name":"Portada","item":"https:\/\/fg.ull.es\/innovacion\/"},{"@type":"ListItem","position":2,"name":"Innovaci\u00f3n Empresarial","item":"https:\/\/fg.ull.es\/innovacion\/innovacion-empresarial\/"},{"@type":"ListItem","position":3,"name":"Emprendimiento de base tecnol\u00f3gica"}]},{"@type":"WebSite","@id":"https:\/\/fg.ull.es\/innovacion\/#website","url":"https:\/\/fg.ull.es\/innovacion\/","name":"Agencia Universitaria de Innovaci\u00f3n","description":"Agencia Universitaria de Innovaci\u00f3n de La Universidad de La Laguna","potentialAction":[{"@type":"SearchAction","target":{"@type":"EntryPoint","urlTemplate":"https:\/\/fg.ull.es\/innovacion\/?s={search_term_string}"},"query-input":"required name=search_term_string"}],"inLanguage":"es"}]}},"_links":{"self":[{"href":"https:\/\/fg.ull.es\/innovacion\/wp-json\/wp\/v2\/pages\/27561"}],"collection":[{"href":"https:\/\/fg.ull.es\/innovacion\/wp-json\/wp\/v2\/pages"}],"about":[{"href":"https:\/\/fg.ull.es\/innovacion\/wp-json\/wp\/v2\/types\/page"}],"author":[{"embeddable":true,"href":"https:\/\/fg.ull.es\/innovacion\/wp-json\/wp\/v2\/users\/1"}],"replies":[{"embeddable":true,"href":"https:\/\/fg.ull.es\/innovacion\/wp-json\/wp\/v2\/comments?post=27561"}],"version-history":[{"count":3,"href":"https:\/\/fg.ull.es\/innovacion\/wp-json\/wp\/v2\/pages\/27561\/revisions"}],"predecessor-version":[{"id":32399,"href":"https:\/\/fg.ull.es\/innovacion\/wp-json\/wp\/v2\/pages\/27561\/revisions\/32399"}],"up":[{"embeddable":true,"href":"https:\/\/fg.ull.es\/innovacion\/wp-json\/wp\/v2\/pages\/27543"}],"wp:attachment":[{"href":"https:\/\/fg.ull.es\/innovacion\/wp-json\/wp\/v2\/media?parent=27561"}],"curies":[{"name":"wp","href":"https:\/\/api.w.org\/{rel}","templated":true}]}}