{"id":8149,"date":"2015-03-10T10:51:40","date_gmt":"2015-03-10T10:51:40","guid":{"rendered":"http:\/\/www.fg.ull.es\/?page_id=8149"},"modified":"2018-04-17T09:52:01","modified_gmt":"2018-04-17T09:52:01","slug":"summer-campus","status":"publish","type":"page","link":"https:\/\/fg.ull.es\/formacion\/summer-campus\/","title":{"rendered":"Summer Campus 2018"},"content":{"rendered":"<section class=\"wpb-content-wrapper\"><p>[vc_row css=&#8221;.vc_custom_1496231191538{padding-top: 0px !important;}&#8221;][vc_column width=&#8221;1\/2&#8243; css=&#8221;.vc_custom_1434699687777{padding-top: 42px !important;}&#8221;][vc_custom_heading text=&#8221;Summer Campus 2018&#8243; font_container=&#8221;tag:div|font_size:28|text_align:left|color:%23212422&#8243; google_fonts=&#8221;font_family:Merriweather%3A300%2C300italic%2Cregular%2Citalic%2C700%2C700italic%2C900%2C900italic|font_style:900%20bold%20regular%3A900%3Anormal&#8221;][vc_empty_space][vc_column_text]<\/p>\n<h2><\/h2>\n<p>El\u00a0<strong><span style=\"text-decoration: underline\"><span style=\"color: #005689;text-decoration: underline\"><a style=\"color: #005689;text-decoration: underline\" href=\"https:\/\/fg.ull.es\/idiomas\/\" target=\"_blank\" rel=\"noopener noreferrer\">Servicio de Idiomas de la ULL<\/a><\/span><\/span><\/strong>\u00a0<span style=\"color: #333333\">y la Fundaci\u00f3n General de la Universidad de La Laguna organizan el <strong>\u2018Summer Campus\u2019,<\/strong> un campamento urbano de verano centrado en el aprendizaje de idiomas y en actividades de fomento de la creatividad.<\/span><\/p>\n<p><span style=\"color: #333333\">Se dirige\u00a0a<\/span><span style=\"color: #333333\"> <strong>ni\u00f1os y ni\u00f1as<\/strong> con edades comprendidas entre los 5 y los 13 a\u00f1os, en dos grupos: de 5 a 8 a\u00f1os y de 9 a 13 a\u00f1os<\/span><\/p>\n<p><span style=\"color: #333333\">En este campus de verano se fusionar\u00e1n clases de <strong>ingl\u00e9s y alem\u00e1n con talleres de teatro, ciencias y habilidades<\/strong> y se intentar\u00e1 inculcar el valor del emprendimiento, desarrollando el esp\u00edritu innovador desde las edades m\u00e1s tempranas.<\/span><\/p>\n<p><span style=\"color: #000000\"><strong>Toda la informaci\u00f3n, sujeta a posibles cambios, sobre <a href=\"https:\/\/drive.google.com\/file\/d\/1Bs-sTR0C7qgBtmsQtEtSPzdcIbR4HmSz\/view?usp=sharing\">horarios y actividades AQU\u00cd<\/a><\/strong><\/span><\/p>\n<p><a href=\"http:\/\/www.fg.ull.es\/wp-content\/uploads\/2015\/03\/DSC_0373.jpg\"><img decoding=\"async\" loading=\"lazy\" class=\"alignnone wp-image-25036 size-large\" src=\"http:\/\/www.fg.ull.es\/wp-content\/uploads\/2015\/03\/DSC_0373-1024x685.jpg\" alt=\"DSC_0373\" width=\"727\" height=\"486\" \/><\/a>[\/vc_column_text][\/vc_column][vc_column width=&#8221;1\/2&#8243; css=&#8221;.vc_custom_1469787089653{padding-top: 48px !important;padding-left: 46px !important;}&#8221;][vc_row_inner][vc_column_inner][vc_single_image image=&#8221;32439&#8243; img_size=&#8221;large&#8221; alignment=&#8221;center&#8221; style=&#8221;vc_box_shadow_circle&#8221; css=&#8221;.vc_custom_1496234085115{margin-top: 0px !important;margin-right: 0px !important;margin-bottom: 0px !important;margin-left: 0px !important;border-top-width: 0px !important;border-right-width: 0px !important;border-bottom-width: 20px !important;border-left-width: 0px !important;padding-top: 3px !important;padding-right: 3px !important;padding-bottom: 3px !important;padding-left: 3px !important;}&#8221;][\/vc_column_inner][\/vc_row_inner][vc_column_text css=&#8221;.vc_custom_1523958420700{background-color: #ffffff !important;}&#8221;]Las actividades se desarrollar\u00e1n en la Laguna, en el Campus Central de la ULL, desde el 25 de junio\u00a0 al 3 de agosto, de lunes a viernes y entre las 9 y las 14 horas de la tarde, si bien las puertas del recinto estar\u00e1n abiertas desde las 8:00 de la ma\u00f1ana y hasta las 14:45 horas, para facilitar la llegada al trabajo de los padres y madres.<\/p>\n<ul>\n<li><strong>Precio completo:<\/strong> 295 euros p\u00fablico en general, 235 euros para comunidad universitaria y familiares (descuentos para hermanos)<\/li>\n<li><strong>Precio por periodos:<\/strong> 180 euros para p\u00fablico en general, 150 euros para comunidad universitaria y familiares (1\u00ba Periodo: del 25 de junio al 13 de julio, 2\u00ba Periodo: del 16 de julio al 3 de agosto)<\/li>\n<li>Precios por semanas: 60 euros para p\u00fablico en general, 50 euros para comunidad universitaria y familiares <em>(Sujeto a disponibilidad de plazas<\/em>)<\/li>\n<\/ul>\n<p><strong><span style=\"color: #333333\">Inscripci\u00f3n\u00a0<a href=\"https:\/\/sede.fg.ull.es\/summercampus\/es\/Inscripcion\/Add\">AQUI<\/a><\/span><\/strong><\/p>\n<p><strong><span style=\"color: #333333\">Secreatar\u00eda:\u00a0<\/span><\/strong><span style=\"color: #333333\">922319200,<\/span><strong><span style=\"color: #333333\"> <span style=\"text-decoration: underline;color: #005689\"><a style=\"color: #005689;text-decoration: underline\" href=\"mailto:secretaria@fg.ull.es\">secretaria@fg.ull.es<\/a><br \/>\n<\/span><\/span><\/strong><span style=\"color: #333333\"><strong>\u00c1rea de formaci\u00f3n:\u00a0<\/strong>: 922319937, <strong><span style=\"text-decoration: underline\"><span style=\"color: #005689\"><a style=\"color: #005689;text-decoration: underline\" href=\"mailto:formacion@fg.ull.es\">formacion@fg.ull.es<\/a><\/span><\/span><\/strong><\/span><\/p>\n<h4><\/h4>\n<p>[\/vc_column_text][\/vc_column][\/vc_row]<\/p>\n<\/section>","protected":false},"excerpt":{"rendered":"<p>[vc_row css=&#8221;.vc_custom_1496231191538{padding-top: 0px !important;}&#8221;][vc_column width=&#8221;1\/2&#8243; css=&#8221;.vc_custom_1434699687777{padding-top: 42px !important;}&#8221;][vc_custom_heading text=&#8221;Summer Campus 2018&#8243; font_container=&#8221;tag:div|font_size:28|text_align:left|color:%23212422&#8243; google_fonts=&#8221;font_family:Merriweather%3A300%2C300italic%2Cregular%2Citalic%2C700%2C700italic%2C900%2C900italic|font_style:900%20bold%20regular%3A900%3Anormal&#8221;][vc_empty_space][vc_column_text] El\u00a0Servicio de Idiomas de la ULL\u00a0y la Fundaci\u00f3n General de la Universidad de La Laguna organizan el \u2018Summer Campus\u2019, un campamento urbano de verano centrado en el aprendizaje de idiomas y en actividades de fomento de la creatividad. Se dirige\u00a0a ni\u00f1os y&#8230;<\/p>\n","protected":false},"author":1,"featured_media":0,"parent":0,"menu_order":0,"comment_status":"closed","ping_status":"closed","template":"","meta":{"footnotes":""},"_links":{"self":[{"href":"https:\/\/fg.ull.es\/formacion\/wp-json\/wp\/v2\/pages\/8149"}],"collection":[{"href":"https:\/\/fg.ull.es\/formacion\/wp-json\/wp\/v2\/pages"}],"about":[{"href":"https:\/\/fg.ull.es\/formacion\/wp-json\/wp\/v2\/types\/page"}],"author":[{"embeddable":true,"href":"https:\/\/fg.ull.es\/formacion\/wp-json\/wp\/v2\/users\/1"}],"replies":[{"embeddable":true,"href":"https:\/\/fg.ull.es\/formacion\/wp-json\/wp\/v2\/comments?post=8149"}],"version-history":[{"count":9,"href":"https:\/\/fg.ull.es\/formacion\/wp-json\/wp\/v2\/pages\/8149\/revisions"}],"predecessor-version":[{"id":32520,"href":"https:\/\/fg.ull.es\/formacion\/wp-json\/wp\/v2\/pages\/8149\/revisions\/32520"}],"wp:attachment":[{"href":"https:\/\/fg.ull.es\/formacion\/wp-json\/wp\/v2\/media?parent=8149"}],"curies":[{"name":"wp","href":"https:\/\/api.w.org\/{rel}","templated":true}]}}