{"id":8127,"date":"2015-03-10T10:51:36","date_gmt":"2015-03-10T10:51:36","guid":{"rendered":"http:\/\/www.fg.ull.es\/?page_id=8127"},"modified":"2022-10-18T08:20:12","modified_gmt":"2022-10-18T08:20:12","slug":"universitas-prolingua","status":"publish","type":"page","link":"https:\/\/fg.ull.es\/formacion\/universitas-prolingua\/","title":{"rendered":"Becas Universitas Prolingua"},"content":{"rendered":"<section class=\"wpb-content-wrapper\"><p>[vc_row css=&#8221;.vc_custom_1495614476758{padding-top: 0px !important;}&#8221;][vc_column css=&#8221;.vc_custom_1434633141524{padding-right: 46px !important;}&#8221;][vc_custom_heading text=&#8221;Becas Universitarias Prolingua&#8221; font_container=&#8221;tag:div|font_size:28|text_align:left|color:%23212422&#8243; google_fonts=&#8221;font_family:Merriweather%3A300%2C300italic%2Cregular%2Citalic%2C700%2C700italic%2C900%2C900italic|font_style:900%20bold%20regular%3A900%3Anormal&#8221;][vc_empty_space][vc_column_text]El aprendizaje de las lenguas se ha convertido, de un tiempo a esta parte, en una <strong>necesidad formativa primordial<\/strong>. El nivel de conocimiento de otros idiomas en nuestro pa\u00eds no alcanza los est\u00e1ndares que se dan en otros lugares de Europa, ya que el dominio de lenguas extranjeras es a\u00fan escaso. No obstante, la capacidad para hablar, escribir y entender otros idiomas es esencial para poder alcanzar la formaci\u00f3n acad\u00e9mica completa que otorga una titulaci\u00f3n universitaria.<\/p>\n<p>&nbsp;<\/p>\n<p>Con esta esta l\u00ednea de actuaci\u00f3n se pretende dotar, a la comunidad universitaria y personas con titulaci\u00f3n\u00a0en situaci\u00f3n de desempleo, de herramientas necesarias para desenvolverse profesionalmente en\u00a0<strong>lenguas distintas del castellano<\/strong>. Adem\u00e1s, debe\u00a0<strong>ayudar<\/strong>\u00a0a \u00a0<strong>obtener la acreditaci\u00f3n de competencias en lenguas extranjeras<\/strong>, que son\u00a0<strong>requeridas<\/strong>\u00a0en los<strong>\u00a0t\u00edtulos de posgrado<\/strong>\u00a0implantados recientemente, y\u00a0<strong>facilitar el seguimiento de las actividades\u00a0<\/strong>que, de forma general, deben desarrollarse\u00a0<strong>en todos los t\u00edtulos de grado y posgrado\u00a0<\/strong>en\u00a0<strong>alg\u00fan idioma\u00a0<\/strong>de la Uni\u00f3n Europea, distinto del espa\u00f1ol.<\/p>\n<p>&nbsp;<\/p>\n<p><img decoding=\"async\" loading=\"lazy\" class=\"size-large wp-image-32424 aligncenter\" src=\"https:\/\/fg.ull.es\/formacion\/wp-content\/uploads\/sites\/4\/2015\/03\/banner_facebook1200x628px-1024x536.jpg\" alt=\"\" width=\"1024\" height=\"536\" srcset=\"https:\/\/fg.ull.es\/formacion\/wp-content\/uploads\/sites\/4\/2015\/03\/banner_facebook1200x628px-1024x536.jpg 1024w, https:\/\/fg.ull.es\/formacion\/wp-content\/uploads\/sites\/4\/2015\/03\/banner_facebook1200x628px-300x157.jpg 300w, https:\/\/fg.ull.es\/formacion\/wp-content\/uploads\/sites\/4\/2015\/03\/banner_facebook1200x628px-768x402.jpg 768w, https:\/\/fg.ull.es\/formacion\/wp-content\/uploads\/sites\/4\/2015\/03\/banner_facebook1200x628px-375x196.jpg 375w, https:\/\/fg.ull.es\/formacion\/wp-content\/uploads\/sites\/4\/2015\/03\/banner_facebook1200x628px-750x393.jpg 750w, https:\/\/fg.ull.es\/formacion\/wp-content\/uploads\/sites\/4\/2015\/03\/banner_facebook1200x628px-1140x597.jpg 1140w, https:\/\/fg.ull.es\/formacion\/wp-content\/uploads\/sites\/4\/2015\/03\/banner_facebook1200x628px.jpg 1200w\" sizes=\"(max-width: 1024px) 100vw, 1024px\" \/><\/p>\n<p>Estas becas est\u00e1n destinadas a la realizaci\u00f3n de alguno de los <strong>cursos de idiomas del Servicio de Idiomas de la ULL<\/strong>, que se desarrollan a lo largo del curso acad\u00e9mico, seg\u00fan las bases de las convocatorias vigentes en cada cuatrimestre.<\/p>\n<p>&nbsp;<\/p>\n<p>La beca cubrir\u00e1\u00a0<strong>125 euros<\/strong> del precio de la matr\u00edcula.<\/p>\n<p>&nbsp;<\/p>\n<p>En cada una de las convocatorias que se realicen se publicar\u00e1n <strong>las bases (<a href=\"https:\/\/fg.ull.es\/noticias\/tablon-de-anuncios\/\">Revisar el tabl\u00f3n de anuncios<\/a>)<\/strong>, donde se fijar\u00e1n los requisitos de los aspirantes, el plazo y lugar de presentaci\u00f3n de solicitudes, la documentaci\u00f3n necesaria, los criterios de baremaci\u00f3n, el procedimiento y publicidad de las listas de adjudicaci\u00f3n, el plazo de resoluci\u00f3n y las obligaciones de las personas beneficiarias.<\/p>\n<p>Estas becas est\u00e1n subvencionadas por el <strong>Cabildo Insular de Tenerife<\/strong>, y cofinanciadas por el <strong>FDCAN<\/strong>.<\/p>\n<p>&nbsp;<\/p>\n<h4><\/h4>\n<p>[\/vc_column_text][vc_empty_space][vc_btn title=&#8221;M\u00e1s informaci\u00f3n sobre las becas&#8221; style=&#8221;flat&#8221; shape=&#8221;square&#8221; color=&#8221;black&#8221; css_animation=&#8221;fadeInLeftBig&#8221; link=&#8221;url:https%3A%2F%2Ffg.ull.es%2Fidiomas%2Fbecas%2F|||&#8221;][vc_empty_space][vc_row_inner][vc_column_inner][vc_single_image image=&#8221;16571&#8243; alignment=&#8221;center&#8221; onclick=&#8221;custom_link&#8221; img_link_target=&#8221;_blank&#8221; link=&#8221;https:\/\/sede.fg.ull.es\/es\/idioma&#8221;][vc_empty_space height=&#8221;3&#8243;][vc_separator][\/vc_column_inner][\/vc_row_inner][\/vc_column][\/vc_row]<\/p>\n<\/section>","protected":false},"excerpt":{"rendered":"<p>[vc_row css=&#8221;.vc_custom_1495614476758{padding-top: 0px !important;}&#8221;][vc_column css=&#8221;.vc_custom_1434633141524{padding-right: 46px !important;}&#8221;][vc_custom_heading text=&#8221;Becas Universitarias Prolingua&#8221; font_container=&#8221;tag:div|font_size:28|text_align:left|color:%23212422&#8243; google_fonts=&#8221;font_family:Merriweather%3A300%2C300italic%2Cregular%2Citalic%2C700%2C700italic%2C900%2C900italic|font_style:900%20bold%20regular%3A900%3Anormal&#8221;][vc_empty_space][vc_column_text]El aprendizaje de las lenguas se ha convertido, de un tiempo a esta parte, en una necesidad formativa primordial. El nivel de conocimiento de otros idiomas en nuestro pa\u00eds no alcanza los est\u00e1ndares que se dan en otros lugares de Europa, ya que el&#8230;<\/p>\n","protected":false},"author":1,"featured_media":0,"parent":0,"menu_order":0,"comment_status":"closed","ping_status":"open","template":"","meta":{"footnotes":""},"_links":{"self":[{"href":"https:\/\/fg.ull.es\/formacion\/wp-json\/wp\/v2\/pages\/8127"}],"collection":[{"href":"https:\/\/fg.ull.es\/formacion\/wp-json\/wp\/v2\/pages"}],"about":[{"href":"https:\/\/fg.ull.es\/formacion\/wp-json\/wp\/v2\/types\/page"}],"author":[{"embeddable":true,"href":"https:\/\/fg.ull.es\/formacion\/wp-json\/wp\/v2\/users\/1"}],"replies":[{"embeddable":true,"href":"https:\/\/fg.ull.es\/formacion\/wp-json\/wp\/v2\/comments?post=8127"}],"version-history":[{"count":4,"href":"https:\/\/fg.ull.es\/formacion\/wp-json\/wp\/v2\/pages\/8127\/revisions"}],"predecessor-version":[{"id":32714,"href":"https:\/\/fg.ull.es\/formacion\/wp-json\/wp\/v2\/pages\/8127\/revisions\/32714"}],"wp:attachment":[{"href":"https:\/\/fg.ull.es\/formacion\/wp-json\/wp\/v2\/media?parent=8127"}],"curies":[{"name":"wp","href":"https:\/\/api.w.org\/{rel}","templated":true}]}}