{"id":8155,"date":"2015-03-10T10:51:41","date_gmt":"2015-03-10T10:51:41","guid":{"rendered":"http:\/\/www.fg.ull.es\/?page_id=8155"},"modified":"2017-06-06T12:51:36","modified_gmt":"2017-06-06T12:51:36","slug":"escuela-de-empleo","status":"publish","type":"page","link":"https:\/\/fg.ull.es\/empleo\/escuela-de-empleo\/","title":{"rendered":"Escuela de Empleo"},"content":{"rendered":"<p style=\"text-align: justify;\">La <strong><em>Escuela de Empleo<\/em><\/strong> es un proyecto piloto llevado a cabo por un equipo de profesionales (docentes y orientadores\/as), que ofrece por medio de un programa educativo integral, una completa formaci\u00f3n profesionalizadora durante 280 horas semipresenciales, dirigido a demandantes de empleo, sin experiencia laboral o con experiencia laboral en el sector profesional de referencia inferior a 6 meses.<\/p>\n<p style=\"text-align: justify;\">El proyecto pretende promover la empleabilidad de personas sin experiencia laboral en el sector profesional de referencia, fomentando la adquisici\u00f3n de competencias transversales, promoviendo la b\u00fasqueda activa de empleo, potenciando el desarrollo de la carrera profesional y facilitando la inserci\u00f3n.<\/p>\n<p style=\"text-align: justify;\"><strong>FASES<\/strong><\/p>\n<p style=\"text-align: justify;\"><strong>1. Proceso de selecci\u00f3n de las personas beneficiarias<\/strong><\/p>\n<p style=\"text-align: justify;\">Se llevar\u00e1 a cabo en los meses de junio y julio de 2014 y est\u00e1 regido <strong>p<\/strong><strong>or estas <a href=\"..\/..\/public\/docs\/1759_n7_bases_escuela_de_empleo_2.pdf\" target=\"_blank\" rel=\"noopener noreferrer\">bases.<\/a><\/strong><\/p>\n<p style=\"text-align: justify;\"><strong>2. Formalizaci\u00f3n de matr\u00edcula<\/strong><\/p>\n<p style=\"text-align: justify;\">Una vez se ha superado el proceso de selecci\u00f3n se proceder\u00e1 a formalizar la matr\u00edcula durante la \u00faltima semana de agosto de 2014, siguiendo las pautas descritas en la cl\u00e1usula s\u00e9ptima de las <a title=\"Bases generales\" href=\"..\/..\/public\/docs\/1759_n7_bases_escuela_de_empleo_2.pdf\" target=\"_blank\" rel=\"noopener noreferrer\">bases<\/a> que regulan el proceso.<\/p>\n<p style=\"text-align: justify;\"><strong>3. Programa formativo<\/strong><\/p>\n<p style=\"text-align: justify;\">La formaci\u00f3n ser\u00e1 semipresencial y tendr\u00e1 una duraci\u00f3n total de<strong> 280 horas (200 presenciales y 80 online)<\/strong>, que se desarrollar\u00e1n entre los meses de septiembre y noviembre de 2014. El comienzo del curso escolar estar\u00e1 presidido por una jornada de bienvenida, que tendr\u00e1 lugar la primera semana de septiembre de 2014, en la que se dar\u00e1 a conocer a las personas beneficiarias todo el itinerario formativo, se realizar\u00e1 una presentaci\u00f3n de los\/as docentes y se detallar\u00e1 el servicio de orientaci\u00f3n del proyecto. Adem\u00e1s, se proceder\u00e1 a firmar con el alumnado el compromiso de participaci\u00f3n en el proyecto y la aceptaci\u00f3n de las normas de la <strong><em>Escuela de Empleo<\/em><\/strong>.<\/p>\n<p style=\"text-align: justify;\"><span style=\"font-weight: bold;\">4. Periodo de inserci\u00f3n y acompa\u00f1amiento de la Fundaci\u00f3n<\/span><\/p>\n<p style=\"text-align: justify;\">A partir del mes de octubre de 2014 comienza el periodo de inserci\u00f3n de las personas beneficiarias en el que se realizar\u00e1n diferentes acciones a trav\u00e9s de visitas a empresas y sesiones grupales. Igualmente, a lo largo de todo el proyecto, se ofrecer\u00e1 a las personas todos los recursos y servicios de los que dispone, con el fin de fomentar su incorporaci\u00f3n al mercado laboral.<\/p>\n<p style=\"text-align: justify;\"><strong>5. Sensibilizaci\u00f3n del tejido empresarial<\/strong><\/p>\n<p style=\"text-align: justify;\">A partir del mes de septiembre de 2014 y hasta febrero de 2015, se planificar\u00e1n visitas a empresas y encuentros con empresarios\/as, para sensibilizar y motivar la colaboraci\u00f3n en la formaci\u00f3n e inserci\u00f3n de las personas beneficiarias.<\/p>\n<p style=\"text-align: justify;\">Se realizar\u00e1 una evaluaci\u00f3n continua a trav\u00e9s de cuestionarios de satisfacci\u00f3n de todos los agentes implicados (alumnado, empresariado, docentes y orientadores), del an\u00e1lisis de abandonos y de la tasa de inserci\u00f3n a los tres, seis y doce meses. Finalmente, al concluir el proyecto las personas que han participado activamente deber\u00e1n realizar una valoraci\u00f3n del proceso y aportar propuestas de mejora para futuras ediciones.<\/p>\n<p style=\"text-align: justify;\"><strong>M\u00d3DULOS DE LA FORMACI\u00d3N<\/strong><\/p>\n<p style=\"text-align: justify;\">1.- Habilidades y competencias para el puesto de trabajo (30 horas: 20h presenciales y 10 online)<\/p>\n<p style=\"text-align: justify;\">2.- Habilidades TIC para el puesto de trabajo (50 horas: 30 presenciales y 20 online)<\/p>\n<p style=\"text-align: justify;\">3.- Automarketing (30 horas: 20 presenciales y 10 online)<\/p>\n<p style=\"text-align: justify;\">4.- Emprendimiento (40 horas: 30 presenciales y 10 online)<\/p>\n<p style=\"text-align: justify;\">5.- Orientaci\u00f3n (40 horas: 30 presenciales y 10 online)<\/p>\n<p style=\"text-align: justify;\">6.- Ingl\u00e9s (70 horas: 50 presenciales y 20 online)<\/p>\n<p style=\"text-align: justify;\">7.- Seminarios (20 horas: presenciales)<\/p>\n<p style=\"text-align: justify;\">El proyecto tambi\u00e9n incluye atenci\u00f3n personalizada mediante tutor\u00edas de orientaci\u00f3n.<\/p>\n<p style=\"text-align: justify;\"><strong>\u00bfQUI\u00c9N PUEDE PARTICIPAR?<\/strong><\/p>\n<p style=\"text-align: justify;\">Titulados\/as universitarios\/as, FPI, FPII y Certificados de Profesionalidad (Nivel 2 y 3), que se encuentren en situaci\u00f3n de desempleo, con edad igual o superior a 26 a\u00f1os y sin experiencia laboral o con experiencia en el sector profesional de referencia inferior a 6 meses.<\/p>\n<p style=\"text-align: justify;\"><strong>Requisitos de acceso:<\/strong><\/p>\n<p style=\"text-align: justify;\">Las personas que deseen acceder a la <strong><em>Escuela de Empleo<\/em><\/strong>, deben cumplir los siguientes requisitos:<\/p>\n<table border=\"1\" cellspacing=\"0\" cellpadding=\"0\">\n<tbody>\n<tr>\n<td width=\"170\"><strong>REQUISITOS<\/strong><\/td>\n<td valign=\"top\" width=\"399\"><strong>DESCRIPCI\u00d3N<\/strong><\/td>\n<\/tr>\n<tr style=\"text-align: justify;\">\n<td width=\"170\"><strong>1.- Titulaci\u00f3n de acceso<\/strong><\/td>\n<td valign=\"top\" width=\"399\">\n<p style=\"text-align: justify;\">Estar en disposici\u00f3n de una titulaci\u00f3n de FPI, FPII, Certificado de Profesionalidad (de nivel 2 o 3) y\/o Universitaria. En caso de t\u00edtulos extranjeros o expedidos en centros espa\u00f1oles privados, deber\u00e1n estar homologados por el Ministerio de Educaci\u00f3n espa\u00f1ol. Adem\u00e1s, no haber transcurrido un periodo superior a 36 meses, entre la fecha de obtenci\u00f3n de la titulaci\u00f3n y la fecha del momento en que formalice la inscripci\u00f3n (junio 2014).<\/p>\n<\/td>\n<\/tr>\n<tr>\n<td width=\"170\"><strong>2.- Nacionalidad espa\u00f1ola o residencia<\/strong><\/td>\n<td valign=\"top\" width=\"399\">\n<p style=\"text-align: justify;\">Poseer nacionalidad espa\u00f1ola o ser ciudadano\/a de alg\u00fan Estado miembro de la Uni\u00f3n Europea o de terceros pa\u00edses con residencia legal en Espa\u00f1a.<\/p>\n<\/td>\n<\/tr>\n<tr>\n<td width=\"170\"><strong>3.- Edad<\/strong><\/td>\n<td valign=\"top\" width=\"399\">\n<p style=\"text-align: justify;\">Tener preferentemente una edad igual o superior a 26 a\u00f1os, cumplidos hasta el plazo de presentaci\u00f3n de solicitudes.<\/p>\n<\/td>\n<\/tr>\n<tr>\n<td width=\"170\"><strong>4.- Inscrito\/a como demandante de empleo<\/strong><\/td>\n<td valign=\"top\" width=\"399\">\n<p style=\"text-align: justify;\">Estar inscrito\/a en el Servicio Canario de Empleo en situaci\u00f3n de alta como demandante de empleo desempleado\/a o como demandante de servicios previos al empleo, en el momento en que se realice la inscripci\u00f3n.<\/p>\n<\/td>\n<\/tr>\n<tr>\n<td width=\"170\"><strong>5.- Experiencia laboral<\/strong><\/td>\n<td valign=\"top\" width=\"399\">\n<p style=\"text-align: justify;\">No disponer de experiencia laboral superior a 6 meses, relacionada con el sector de la titulaci\u00f3n de acceso. Los periodos de pr\u00e1cticas formativas y becas de inserci\u00f3n laboral no ser\u00e1n computados.<\/p>\n<\/td>\n<\/tr>\n<tr>\n<td width=\"170\"><strong>6.- Incompatibilidad con becas de inserci\u00f3n<\/strong><\/td>\n<td valign=\"top\" width=\"399\">\n<p style=\"text-align: justify;\">No haber sido beneficiario\/a de alguna beca de inserci\u00f3n laboral con anterioridad, por la titulaci\u00f3n de acceso al proyecto.<\/p>\n<\/td>\n<\/tr>\n<tr>\n<td width=\"170\"><strong>7.- Programa Itinera<\/strong><\/td>\n<td valign=\"top\" width=\"399\">\n<p style=\"text-align: justify;\">Haber sido beneficiario\/a del Programa Itinera, con fecha posterior a septiembre de 2010 o estar en disposici\u00f3n de realizarlo durante el periodo de inscripci\u00f3n y selecci\u00f3n de esta convocatoria.<\/p>\n<\/td>\n<\/tr>\n<tr>\n<td width=\"170\"><strong>8.- Idiomas<\/strong><\/td>\n<td valign=\"top\" width=\"399\">\n<p style=\"text-align: justify;\">Disponer de una acreditaci\u00f3n de nivel de ingl\u00e9s A2, homologada por la administraci\u00f3n competente o expedida por el Servicio de Idiomas de la Universidad de La Laguna. En el caso de no disponer de acreditaci\u00f3n, se podr\u00e1 habilitar una prueba de nivel para comprobar sus conocimientos.<\/p>\n<\/td>\n<\/tr>\n<\/tbody>\n<\/table>\n<p>&nbsp;<\/p>\n<p style=\"text-align: justify;\"><strong>M\u00e9ritos baremables:<\/strong><\/p>\n<p style=\"text-align: justify;\">Ser\u00e1n baremables los m\u00e9ritos que se enumeran a continuaci\u00f3n, determin\u00e1ndose las puntuaciones m\u00e1ximas siguientes:<\/p>\n<p style=\"text-align: justify;\">1.- Formaci\u00f3n acad\u00e9mica <strong>adicional <\/strong>reglada y homologada, relacionada con la titulaci\u00f3n de acceso a esta convocatoria (m\u00e1ximo 10 puntos).<\/p>\n<p style=\"text-align: justify;\">2.- Cursos de formaci\u00f3n, relacionados con las titulaciones de acceso y adicionales (m\u00e1ximo 10 puntos).<\/p>\n<p style=\"text-align: justify;\">3.- Cursos relacionados con conocimientos inform\u00e1ticos (m\u00e1ximo 5 puntos).<\/p>\n<p style=\"text-align: justify;\">4.- Entrevista personal (m\u00e1ximo 20 puntos).<\/p>\n<p style=\"text-align: justify;\">5.- Carta de presentaci\u00f3n (m\u00e1ximo 5 puntos).<\/p>\n<p style=\"text-align: justify;\"><strong>*Importante:<\/strong><\/p>\n<p style=\"text-align: justify;\">Un mismo m\u00e9rito solo ser\u00e1 baremado en una \u00fanica categor\u00eda de las anteriores.<\/p>\n<p style=\"text-align: justify;\"><strong>PRECIO<\/strong><\/p>\n<p style=\"text-align: justify;\">Precio total: 800 euros. Bonificado por la Fundaci\u00f3n General: 700 euros. A pagar por el\/la beneficiario\/a: 100 euros\u00a0(posibilidad de abonar en 2 pagos, 50 euros\u00a0en agosto de 2014 y 50 euros\u00a0en septiembre de 2014). Adem\u00e1s, se becar\u00e1 el 100% del coste del programa a un m\u00e1ximo de tres personas que acrediten encontrarse en situaci\u00f3n de riesgo de exclusi\u00f3n social seg\u00fan el orden de puntuaci\u00f3n obtenida en el listado definitivo del proceso selectivo.<\/p>\n<p style=\"text-align: justify;\"><strong>PROCEDIMIENTO PARA PARTICIPAR<\/strong><\/p>\n<p style=\"text-align: justify;\">1.- Realizar la inscripci\u00f3n al proceso de selecci\u00f3n cumpliendo con lo estipulado en la cl\u00e1usula cuarta de las\u00a0<a title=\"Bases generales\" href=\"..\/..\/public\/docs\/1759_n7_bases_escuela_de_empleo_2.pdf\" target=\"_blank\" rel=\"noopener noreferrer\">bases<\/a><strong>, <\/strong>en la que se detalla que para realizar la inscripci\u00f3n ser\u00e1 <strong>requisito indispensable<\/strong> cumplimentar los siguientes documentos dentro del periodo de inscripci\u00f3n:<\/p>\n<p style=\"text-align: justify;\"><strong><em>a) Carta de presentaci\u00f3n normalizada<\/em><\/strong>,\u00a0dirigida a la Fundaci\u00f3n y en la que se muestre la motivaci\u00f3n para acceder a la Escuela de Empleo.<\/p>\n<p style=\"text-align: justify;\"><em><strong>b) \u00a0Curr\u00edculum Vitae normalizado y actualizad<\/strong><strong>o<\/strong>.<\/em><\/p>\n<p style=\"text-align: justify;\"><em><strong>c) \u00a0Cuestionario de selecci\u00f3n<\/strong>.<\/em><\/p>\n<p style=\"text-align: justify;\">Para acceder a estos\u00a0documentos y realizar la inscripci\u00f3n\u00a0al proceso de selecci\u00f3n haz clic en:\u00a0<a href=\"https:\/\/sede.fg.ull.es\/es\/curso\/detalle\/a14230048\/escuela-de-empleo\" target=\"_blank\" rel=\"noopener noreferrer\">sede\u00a0electr\u00f3nica<\/a>, aqu\u00ed\u00a0encontrar\u00e1s la Carta de presentaci\u00f3n y el CV dentro de tu \u00c1rea Personal y el Cuestionario de Selecci\u00f3n en los enlaces de inter\u00e9s de la propia convocatoria o en el siguiente enlace, <a href=\"https:\/\/docs.google.com\/a\/fg.ull.es\/forms\/d\/1LPgtWWcJjrdt3vBnJoRMGTKE-Pe6P63yDZOsHNugWls\/viewform\" target=\"_blank\" rel=\"noopener noreferrer\">Cuestionarios de Selecci\u00f3n<\/a>.<\/p>\n<p>2.- Formalizar la matr\u00edcula.<\/p>\n<p>3.- Realizar la formaci\u00f3n.<\/p>\n<p align=\"left\">4.- B\u00fasqueda Activa de Empleo.<\/p>\n<p style=\"text-align: justify;\"><strong>GRUPOS<\/strong><\/p>\n<p style=\"text-align: justify;\">Se conformar\u00e1n 2 grupos de 25 personas cada uno. Igualmente se crear\u00e1 una lista de reserva de 20 personas.<\/p>\n<p style=\"text-align: justify;\"><strong>HORARIOS<\/strong><\/p>\n<p style=\"text-align: justify;\">Grupo 1 y Grupo 2: de 9 a 13 horas (20 horas semanales cada grupo).<\/p>\n<p style=\"text-align: justify;\"><strong>ORIENTACI\u00d3N INDIVIDUALIZADA:<\/strong><\/p>\n<p style=\"text-align: justify;\">Adem\u00e1s, el proyecto incluye un servicio de orientaci\u00f3n personalizada, con una media de 3 orientaciones por persona, tanto individuales, como grupales.<\/p>\n<p style=\"text-align: justify;\">Para m\u00e1s <strong>informaci\u00f3n y contacto<\/strong> puede escribir al mail orientate@fg.ull.es o llamar al 922 318976.<\/p>\n","protected":false},"excerpt":{"rendered":"<p>La Escuela de Empleo es un proyecto piloto llevado a cabo por un equipo de profesionales (docentes y orientadores\/as), que ofrece por medio de un programa educativo integral, una completa formaci\u00f3n profesionalizadora durante 280 horas semipresenciales, dirigido a demandantes de empleo, sin experiencia laboral o con experiencia laboral en el sector profesional de referencia inferior&#8230;<\/p>\n","protected":false},"author":1,"featured_media":0,"parent":0,"menu_order":0,"comment_status":"closed","ping_status":"closed","template":"","meta":{"footnotes":""},"_links":{"self":[{"href":"https:\/\/fg.ull.es\/empleo\/wp-json\/wp\/v2\/pages\/8155"}],"collection":[{"href":"https:\/\/fg.ull.es\/empleo\/wp-json\/wp\/v2\/pages"}],"about":[{"href":"https:\/\/fg.ull.es\/empleo\/wp-json\/wp\/v2\/types\/page"}],"author":[{"embeddable":true,"href":"https:\/\/fg.ull.es\/empleo\/wp-json\/wp\/v2\/users\/1"}],"replies":[{"embeddable":true,"href":"https:\/\/fg.ull.es\/empleo\/wp-json\/wp\/v2\/comments?post=8155"}],"version-history":[{"count":2,"href":"https:\/\/fg.ull.es\/empleo\/wp-json\/wp\/v2\/pages\/8155\/revisions"}],"predecessor-version":[{"id":32456,"href":"https:\/\/fg.ull.es\/empleo\/wp-json\/wp\/v2\/pages\/8155\/revisions\/32456"}],"wp:attachment":[{"href":"https:\/\/fg.ull.es\/empleo\/wp-json\/wp\/v2\/media?parent=8155"}],"curies":[{"name":"wp","href":"https:\/\/api.w.org\/{rel}","templated":true}]}}