{"id":41999,"date":"2023-11-09T12:00:41","date_gmt":"2023-11-09T12:00:41","guid":{"rendered":"https:\/\/fg.ull.es\/empleo\/?page_id=41999"},"modified":"2025-02-17T11:55:02","modified_gmt":"2025-02-17T11:55:02","slug":"movilidad","status":"publish","type":"page","link":"https:\/\/fg.ull.es\/empleo\/movilidad\/","title":{"rendered":"Movilidad"},"content":{"rendered":"<section class=\"wpb-content-wrapper\"><p>[vc_row][vc_column]\n\t\t\t<!-- START Movlidad REVOLUTION SLIDER 6.6.15 --><p class=\"rs-p-wp-fix\"><\/p>\n\t\t\t<rs-module-wrap id=\"rev_slider_16_1_wrapper\" data-source=\"gallery\" style=\"visibility:hidden;background:transparent;padding:0;margin:0px auto;margin-top:0;margin-bottom:0;\">\n\t\t\t\t<rs-module id=\"rev_slider_16_1\" style=\"\" data-version=\"6.6.15\">\n\t\t\t\t\t<rs-slides style=\"overflow: hidden; position: absolute;\">\n\t\t\t\t\t\t<rs-slide style=\"position: absolute;\" data-key=\"rs-40\" data-title=\"Slide\" data-anim=\"adpr:false;\" data-in=\"o:0;\" data-out=\"a:false;\">\n\t\t\t\t\t\t\t<img src=\"\/\/fg.ull.es\/empleo\/wp-content\/plugins\/revslider\/public\/assets\/assets\/dummy.png\" alt=\"\" title=\"Slider web_2 degradado (1)\" width=\"1921\" height=\"525\" class=\"rev-slidebg tp-rs-img rs-lazyload\" data-lazyload=\"\/\/fg.ull.es\/empleo\/wp-content\/uploads\/sites\/6\/2023\/10\/Slider-web_2-degradado-1.png\" data-no-retina>\n<!--\n\t\t\t\t\t\t\t--><rs-layer\n\t\t\t\t\t\t\t\tid=\"slider-16-slide-40-layer-1\" \n\t\t\t\t\t\t\t\tdata-type=\"text\"\n\t\t\t\t\t\t\t\tdata-color=\"#ffffff\"\n\t\t\t\t\t\t\t\tdata-rsp_ch=\"on\"\n\t\t\t\t\t\t\t\tdata-xy=\"x:56px;y:201px;\"\n\t\t\t\t\t\t\t\tdata-text=\"s:60;l:60;a:inherit;\"\n\t\t\t\t\t\t\t\tdata-dim=\"w:623px;h:151px;\"\n\t\t\t\t\t\t\t\tdata-frame_0=\"y:50px;\"\n\t\t\t\t\t\t\t\tdata-frame_1=\"sp:1500;\"\n\t\t\t\t\t\t\t\tdata-frame_999=\"st:w;sR:8700;\"\n\t\t\t\t\t\t\t\tstyle=\"z-index:5;font-family:'Oswald';\"\n\t\t\t\t\t\t\t>Movilidad Internacional \n\t\t\t\t\t\t\t<\/rs-layer><!--\n-->\t\t\t\t\t\t<\/rs-slide>\n\t\t\t\t\t\t<rs-slide style=\"position: absolute;\" data-key=\"rs-41\" data-title=\"Slide\" data-anim=\"adpr:false;\" data-in=\"o:0;\" data-out=\"a:false;\">\n\t\t\t\t\t\t\t<img src=\"\/\/fg.ull.es\/empleo\/wp-content\/plugins\/revslider\/public\/assets\/assets\/dummy.png\" alt=\"\" title=\"Slider web_1 degradado\" width=\"1920\" height=\"525\" class=\"rev-slidebg tp-rs-img rs-lazyload\" data-lazyload=\"\/\/fg.ull.es\/empleo\/wp-content\/uploads\/sites\/6\/2023\/10\/Slider-web_1-degradado.png\" data-no-retina>\n<!--\n\t\t\t\t\t\t\t--><rs-layer\n\t\t\t\t\t\t\t\tid=\"slider-16-slide-41-layer-1\" \n\t\t\t\t\t\t\t\tdata-type=\"text\"\n\t\t\t\t\t\t\t\tdata-color=\"#ffffff\"\n\t\t\t\t\t\t\t\tdata-rsp_ch=\"on\"\n\t\t\t\t\t\t\t\tdata-xy=\"x:56px;y:201px;\"\n\t\t\t\t\t\t\t\tdata-text=\"s:60;l:60;a:inherit;\"\n\t\t\t\t\t\t\t\tdata-dim=\"w:623px;h:151px;\"\n\t\t\t\t\t\t\t\tdata-frame_0=\"y:50px;\"\n\t\t\t\t\t\t\t\tdata-frame_1=\"sp:1500;\"\n\t\t\t\t\t\t\t\tdata-frame_999=\"st:w;sR:8700;\"\n\t\t\t\t\t\t\t\tstyle=\"z-index:5;font-family:'Oswald';\"\n\t\t\t\t\t\t\t>Programas de Internacionalizaci\u00f3n \n\t\t\t\t\t\t\t<\/rs-layer><!--\n-->\t\t\t\t\t\t<\/rs-slide>\n\t\t\t\t\t<\/rs-slides>\n\t\t\t\t<\/rs-module>\n\t\t\t\t<script>\n\t\t\t\t\tsetREVStartSize({c: 'rev_slider_16_1',rl:[1240,1024,778,480],el:[384],gw:[1240],gh:[384],type:'standard',justify:'',layout:'fullwidth',mh:\"0\"});if (window.RS_MODULES!==undefined && window.RS_MODULES.modules!==undefined && window.RS_MODULES.modules[\"revslider161\"]!==undefined) {window.RS_MODULES.modules[\"revslider161\"].once = false;window.revapi16 = undefined;if (window.RS_MODULES.checkMinimal!==undefined) window.RS_MODULES.checkMinimal()}\n\t\t\t\t<\/script>\n\t\t\t<\/rs-module-wrap>\n\t\t\t<!-- END REVOLUTION SLIDER -->\n[\/vc_column][\/vc_row][vc_row][vc_column][vc_empty_space height=&#8221;50px&#8221;][\/vc_column][\/vc_row][vc_row][vc_column][vc_column_text]La importancia de la movilidad en el \u00e1mbito universitario en la Universidad de La Laguna, tanto para pr\u00e1cticas empresariales como para emprendedores:<\/p>\n<ol>\n<li><strong>Experiencia internacional:<\/strong> La movilidad ofrece a los estudiantes una perspectiva global y la capacidad de comprender diferentes culturas, lo que es esencial en un mundo globalizado.<\/li>\n<li><strong>Desarrollo de habilidades:<\/strong> La movilidad desarrolla habilidades como la adaptabilidad, la comunicaci\u00f3n intercultural y el trabajo en equipo, lo que aumenta la empleabilidad.<\/li>\n<li><strong>Redes de contactos:<\/strong> La movilidad permite establecer conexiones valiosas en el \u00e1mbito acad\u00e9mico y empresarial, abriendo oportunidades futuras.<\/li>\n<li><strong>Experiencia laboral:<\/strong> Para estudiantes, proporciona experiencia laboral en diferentes empresas, aplicando conocimientos te\u00f3ricos en situaciones reales.<\/li>\n<li><strong>Fomento del esp\u00edritu emprendedor:<\/strong> Los emprendedores pueden obtener inspiraci\u00f3n y oportunidades de negocio a trav\u00e9s de la movilidad.<\/li>\n<li><strong>Internacionalizaci\u00f3n de la universidad:<\/strong> La colaboraci\u00f3n con instituciones extranjeras mejora la reputaci\u00f3n de la universidad y su posici\u00f3n global.<\/li>\n<li><strong>Enriquecimiento acad\u00e9mico:<\/strong> La movilidad brinda acceso a recursos y expertos que enriquecen la experiencia acad\u00e9mica.<\/li>\n<\/ol>\n<p>[\/vc_column_text][\/vc_column][\/vc_row][vc_row][vc_column][vc_empty_space height=&#8221;50px&#8221;][\/vc_column][\/vc_row][vc_row][vc_column width=&#8221;1\/4&#8243;][vc_btn title=&#8221;Programa Talento Africano&#8221; style=&#8221;outline-custom&#8221; outline_custom_color=&#8221;#8224e3&#8243; outline_custom_hover_background=&#8221;#1e73be&#8221; outline_custom_hover_text=&#8221;#ffffff&#8221; shape=&#8221;square&#8221; size=&#8221;lg&#8221; align=&#8221;center&#8221; link=&#8221;url:https%3A%2F%2Ffg.ull.es%2Fempleo%2Ftalento-africano%2F&#8221;][\/vc_column][vc_column width=&#8221;1\/4&#8243;][vc_btn title=&#8221;Programa Talento Canario&#8221; style=&#8221;outline-custom&#8221; outline_custom_color=&#8221;#8224e3&#8243; outline_custom_hover_background=&#8221;#1e73be&#8221; outline_custom_hover_text=&#8221;#ffffff&#8221; shape=&#8221;square&#8221; size=&#8221;lg&#8221; align=&#8221;center&#8221; link=&#8221;url:https%3A%2F%2Ffg.ull.es%2Fempleo%2Fi-edicion-programa-de-practicas-no-laborables-en-paises-africanos-para-jovenes-talentos-canarios%2F|target:_blank&#8221;][\/vc_column][vc_column width=&#8221;1\/4&#8243;][vc_btn title=&#8221;Programas de Movilidad&#8221; style=&#8221;outline-custom&#8221; outline_custom_color=&#8221;#8224e3&#8243; outline_custom_hover_background=&#8221;#1e73be&#8221; outline_custom_hover_text=&#8221;#ffffff&#8221; shape=&#8221;square&#8221; size=&#8221;lg&#8221; align=&#8221;center&#8221; link=&#8221;url:https%3A%2F%2Fwww.ull.es%2Finternacional%2F%23programas-movilidad&#8221;][\/vc_column][vc_column width=&#8221;1\/4&#8243;][vc_btn title=&#8221;Erasmus&#8221; style=&#8221;outline-custom&#8221; outline_custom_color=&#8221;#8224e3&#8243; outline_custom_hover_background=&#8221;#1e73be&#8221; outline_custom_hover_text=&#8221;#ffffff&#8221; shape=&#8221;square&#8221; size=&#8221;lg&#8221; align=&#8221;center&#8221; link=&#8221;url:https%3A%2F%2Fwww.ull.es%2Fportal%2Ferasmus%2Fmovilidad%2F&#8221;][\/vc_column][\/vc_row]<\/p>\n<\/section>","protected":false},"excerpt":{"rendered":"<p>[vc_row][vc_column][\/vc_column][\/vc_row][vc_row][vc_column][vc_empty_space height=&#8221;50px&#8221;][\/vc_column][\/vc_row][vc_row][vc_column][vc_column_text]La importancia de la movilidad en el \u00e1mbito universitario en la Universidad de La Laguna, tanto para pr\u00e1cticas empresariales como para emprendedores: Experiencia internacional: La movilidad ofrece a los estudiantes una perspectiva global y la capacidad de comprender diferentes culturas, lo que es esencial en un mundo globalizado. Desarrollo de habilidades: La movilidad desarrolla&#8230;<\/p>\n","protected":false},"author":1,"featured_media":0,"parent":0,"menu_order":0,"comment_status":"closed","ping_status":"closed","template":"templates\/template-frontpage.php","meta":{"footnotes":""},"_links":{"self":[{"href":"https:\/\/fg.ull.es\/empleo\/wp-json\/wp\/v2\/pages\/41999"}],"collection":[{"href":"https:\/\/fg.ull.es\/empleo\/wp-json\/wp\/v2\/pages"}],"about":[{"href":"https:\/\/fg.ull.es\/empleo\/wp-json\/wp\/v2\/types\/page"}],"author":[{"embeddable":true,"href":"https:\/\/fg.ull.es\/empleo\/wp-json\/wp\/v2\/users\/1"}],"replies":[{"embeddable":true,"href":"https:\/\/fg.ull.es\/empleo\/wp-json\/wp\/v2\/comments?post=41999"}],"version-history":[{"count":10,"href":"https:\/\/fg.ull.es\/empleo\/wp-json\/wp\/v2\/pages\/41999\/revisions"}],"predecessor-version":[{"id":43330,"href":"https:\/\/fg.ull.es\/empleo\/wp-json\/wp\/v2\/pages\/41999\/revisions\/43330"}],"wp:attachment":[{"href":"https:\/\/fg.ull.es\/empleo\/wp-json\/wp\/v2\/media?parent=41999"}],"curies":[{"name":"wp","href":"https:\/\/api.w.org\/{rel}","templated":true}]}}

<section class="wpb-content-wrapper"><p>[vc_row][vc_column]
			<!-- START Movlidad REVOLUTION SLIDER 6.6.15 --><p class="rs-p-wp-fix"></p>
			<rs-module-wrap id="rev_slider_16_1_wrapper" data-source="gallery" style="visibility:hidden;background:transparent;padding:0;margin:0px auto;margin-top:0;margin-bottom:0;">
				<rs-module id="rev_slider_16_1" style="" data-version="6.6.15">
					<rs-slides style="overflow: hidden; position: absolute;">
						<rs-slide style="position: absolute;" data-key="rs-40" data-title="Slide" data-anim="adpr:false;" data-in="o:0;" data-out="a:false;">
							<img src="//fg.ull.es/empleo/wp-content/plugins/revslider/public/assets/assets/dummy.png" alt="" title="Slider web_2 degradado (1)" width="1921" height="525" class="rev-slidebg tp-rs-img rs-lazyload" data-lazyload="//fg.ull.es/empleo/wp-content/uploads/sites/6/2023/10/Slider-web_2-degradado-1.png" data-no-retina>
<!--
							--><rs-layer
								id="slider-16-slide-40-layer-1" 
								data-type="text"
								data-color="#ffffff"
								data-rsp_ch="on"
								data-xy="x:56px;y:201px;"
								data-text="s:60;l:60;a:inherit;"
								data-dim="w:623px;h:151px;"
								data-frame_0="y:50px;"
								data-frame_1="sp:1500;"
								data-frame_999="st:w;sR:8700;"
								style="z-index:5;font-family:'Oswald';"
							>Movilidad Internacional 
							</rs-layer><!--
-->						</rs-slide>
						<rs-slide style="position: absolute;" data-key="rs-41" data-title="Slide" data-anim="adpr:false;" data-in="o:0;" data-out="a:false;">
							<img src="//fg.ull.es/empleo/wp-content/plugins/revslider/public/assets/assets/dummy.png" alt="" title="Slider web_1 degradado" width="1920" height="525" class="rev-slidebg tp-rs-img rs-lazyload" data-lazyload="//fg.ull.es/empleo/wp-content/uploads/sites/6/2023/10/Slider-web_1-degradado.png" data-no-retina>
<!--
							--><rs-layer
								id="slider-16-slide-41-layer-1" 
								data-type="text"
								data-color="#ffffff"
								data-rsp_ch="on"
								data-xy="x:56px;y:201px;"
								data-text="s:60;l:60;a:inherit;"
								data-dim="w:623px;h:151px;"
								data-frame_0="y:50px;"
								data-frame_1="sp:1500;"
								data-frame_999="st:w;sR:8700;"
								style="z-index:5;font-family:'Oswald';"
							>Programas de Internacionalización 
							</rs-layer><!--
-->						</rs-slide>
					</rs-slides>
				</rs-module>
				<script>
					setREVStartSize({c: 'rev_slider_16_1',rl:[1240,1024,778,480],el:[384],gw:[1240],gh:[384],type:'standard',justify:'',layout:'fullwidth',mh:"0"});if (window.RS_MODULES!==undefined && window.RS_MODULES.modules!==undefined && window.RS_MODULES.modules["revslider161"]!==undefined) {window.RS_MODULES.modules["revslider161"].once = false;window.revapi16 = undefined;if (window.RS_MODULES.checkMinimal!==undefined) window.RS_MODULES.checkMinimal()}
				</script>
			</rs-module-wrap>
			<!-- END REVOLUTION SLIDER -->
[/vc_column][/vc_row][vc_row][vc_column][vc_empty_space height=&#8221;50px&#8221;][/vc_column][/vc_row][vc_row][vc_column][vc_column_text]La importancia de la movilidad en el ámbito universitario en la Universidad de La Laguna, tanto para prácticas empresariales como para emprendedores:</p>
<ol>
<li><strong>Experiencia internacional:</strong> La movilidad ofrece a los estudiantes una perspectiva global y la capacidad de comprender diferentes culturas, lo que es esencial en un mundo globalizado.</li>
<li><strong>Desarrollo de habilidades:</strong> La movilidad desarrolla habilidades como la adaptabilidad, la comunicación intercultural y el trabajo en equipo, lo que aumenta la empleabilidad.</li>
<li><strong>Redes de contactos:</strong> La movilidad permite establecer conexiones valiosas en el ámbito académico y empresarial, abriendo oportunidades futuras.</li>
<li><strong>Experiencia laboral:</strong> Para estudiantes, proporciona experiencia laboral en diferentes empresas, aplicando conocimientos teóricos en situaciones reales.</li>
<li><strong>Fomento del espíritu emprendedor:</strong> Los emprendedores pueden obtener inspiración y oportunidades de negocio a través de la movilidad.</li>
<li><strong>Internacionalización de la universidad:</strong> La colaboración con instituciones extranjeras mejora la reputación de la universidad y su posición global.</li>
<li><strong>Enriquecimiento académico:</strong> La movilidad brinda acceso a recursos y expertos que enriquecen la experiencia académica.</li>
</ol>
<p>[/vc_column_text][/vc_column][/vc_row][vc_row][vc_column][vc_empty_space height=&#8221;50px&#8221;][/vc_column][/vc_row][vc_row][vc_column width=&#8221;1/4&#8243;][vc_btn title=&#8221;Programa Talento Africano&#8221; style=&#8221;outline-custom&#8221; outline_custom_color=&#8221;#8224e3&#8243; outline_custom_hover_background=&#8221;#1e73be&#8221; outline_custom_hover_text=&#8221;#ffffff&#8221; shape=&#8221;square&#8221; size=&#8221;lg&#8221; align=&#8221;center&#8221; link=&#8221;url:https%3A%2F%2Ffg.ull.es%2Fempleo%2Ftalento-africano%2F&#8221;][/vc_column][vc_column width=&#8221;1/4&#8243;][vc_btn title=&#8221;Programa Talento Canario&#8221; style=&#8221;outline-custom&#8221; outline_custom_color=&#8221;#8224e3&#8243; outline_custom_hover_background=&#8221;#1e73be&#8221; outline_custom_hover_text=&#8221;#ffffff&#8221; shape=&#8221;square&#8221; size=&#8221;lg&#8221; align=&#8221;center&#8221; link=&#8221;url:https%3A%2F%2Ffg.ull.es%2Fempleo%2Fi-edicion-programa-de-practicas-no-laborables-en-paises-africanos-para-jovenes-talentos-canarios%2F|target:_blank&#8221;][/vc_column][vc_column width=&#8221;1/4&#8243;][vc_btn title=&#8221;Programas de Movilidad&#8221; style=&#8221;outline-custom&#8221; outline_custom_color=&#8221;#8224e3&#8243; outline_custom_hover_background=&#8221;#1e73be&#8221; outline_custom_hover_text=&#8221;#ffffff&#8221; shape=&#8221;square&#8221; size=&#8221;lg&#8221; align=&#8221;center&#8221; link=&#8221;url:https%3A%2F%2Fwww.ull.es%2Finternacional%2F%23programas-movilidad&#8221;][/vc_column][vc_column width=&#8221;1/4&#8243;][vc_btn title=&#8221;Erasmus&#8221; style=&#8221;outline-custom&#8221; outline_custom_color=&#8221;#8224e3&#8243; outline_custom_hover_background=&#8221;#1e73be&#8221; outline_custom_hover_text=&#8221;#ffffff&#8221; shape=&#8221;square&#8221; size=&#8221;lg&#8221; align=&#8221;center&#8221; link=&#8221;url:https%3A%2F%2Fwww.ull.es%2Fportal%2Ferasmus%2Fmovilidad%2F&#8221;][/vc_column][/vc_row]</p>
</section>

<p>[vc_row][vc_column][/vc_column][/vc_row][vc_row][vc_column][vc_empty_space height=&#8221;50px&#8221;][/vc_column][/vc_row][vc_row][vc_column][vc_column_text]La importancia de la movilidad en el ámbito universitario en la Universidad de La Laguna, tanto para prácticas empresariales como para emprendedores: Experiencia internacional: La movilidad ofrece a los estudiantes una perspectiva global y la capacidad de comprender diferentes culturas, lo que es esencial en un mundo globalizado. Desarrollo de habilidades: La movilidad desarrolla&#8230;</p>
