{"id":39062,"date":"2020-02-20T12:33:32","date_gmt":"2020-02-20T12:33:32","guid":{"rendered":"https:\/\/fg.ull.es\/empleo\/?page_id=39062"},"modified":"2020-02-20T12:33:32","modified_gmt":"2020-02-20T12:33:32","slug":"party-business","status":"publish","type":"page","link":"https:\/\/fg.ull.es\/empleo\/party-business\/","title":{"rendered":"Party Business"},"content":{"rendered":"<section class=\"wpb-content-wrapper\"><p>[vc_row][vc_column][vc_cta h2=&#8221;Centro Empresarial de Arona&#8221;]<\/p>\n<ul>\n<li>Fecha: <strong>28 de febrero de 2020<\/strong><\/li>\n<li>Horario: <strong>De 10 a 14 horas<\/strong><\/li>\n<\/ul>\n<p>[\/vc_cta][vc_cta h2=&#8221;Conferencia Party Business&#8221; h2_use_theme_fonts=&#8221;yes&#8221; h2_css_animation=&#8221;bounceInLeft&#8221; h4_css_animation=&#8221;bounceInLeft&#8221; shape=&#8221;square&#8221; color=&#8221;violet&#8221; css_animation=&#8221;bounceInLeft&#8221; use_custom_fonts_h2=&#8221;true&#8221; use_custom_fonts_h4=&#8221;true&#8221;]Party Business es el nuevo entorno en el que se desenvuelven las empresas de \u00e9xito del siglo XXI. Se adaptan a una nueva sociedad y ofrecen sus productos y servicios de una forma divertida y desenfadada. Proponen entornos creativos y estimulantes, y sus productos est\u00e1n siempre adaptados al mercado porque saben leer las tendencias sociales de clientes y colaboradores que prefieren experiencias sobre los productos.[\/vc_cta][vc_single_image image=&#8221;39064&#8243; img_size=&#8221;full&#8221;][vc_cta h2=&#8221;El nuevo emprendimiento, por Jes\u00fas Vega&#8221; css_animation=&#8221;bounceInLeft&#8221;]\u00bfQui\u00e9n dijo que en las empresas no hay lugar para el baile, la risa, el juego y los momentos de dispersi\u00f3n? Atr\u00e1s quedaron los d\u00edas cuando un trabajador llegaba a la oficina, realizaba sus tareas y sal\u00eda; al ritmo de un estricto horario laboral definido por la organizaci\u00f3n.<\/p>\n<p>En la actualidad las nuevas generaciones, sobre todo los llamados \u2018Millenials\u2019, necesitan m\u00e1s incentivos para mejorar su productividad y ser m\u00e1s creativos. Demandan ambientes donde se rompa la costumbre, donde el negocio se convierta en un Party Business.[\/vc_cta][\/vc_column][\/vc_row][vc_row][vc_column][\/vc_column][\/vc_row][vc_row][vc_column][vc_btn title=&#8221;<b>INSCRIPCI\u00d3N<\/b>&#8221; color=&#8221;warning&#8221; size=&#8221;lg&#8221; align=&#8221;center&#8221; i_icon_fontawesome=&#8221;fa fa-arrow-right&#8221; add_icon=&#8221;true&#8221; link=&#8221;url:http%3A%2F%2Fbit.ly%2F2PaVfEf||target:%20_blank|&#8221;][vc_empty_space][\/vc_column][\/vc_row][vc_row][vc_column][vc_empty_space][\/vc_column][\/vc_row][vc_row][vc_column][vc_cta h2=&#8221;Programa&#8221;]<strong>10.00 &#8211; 10.30 horas.<\/strong><\/p>\n<p>Entrega de acreditaciones.<\/p>\n<p><strong>10.30 &#8211; 11.00 horas.<\/strong><\/p>\n<p>Presentaci\u00f3n de autoridades.<\/p>\n<p><strong>11.00 &#8211; 12.00 horas.\u00a0<\/strong><\/p>\n<p>El contenido de valor de <a href=\"http:\/\/www.jesusvega.es\/\" target=\"_blank\" rel=\"noopener noreferrer\"><strong>Jes\u00fas Vega<\/strong><\/a>.<\/p>\n<p><strong>12.00 &#8211; 12.30 horas.<\/strong><\/p>\n<p>Coffee break.<\/p>\n<p><strong>12.30 &#8211; 14.00 horas.\u00a0<\/strong><\/p>\n<p>Networking La Party Business.<\/p>\n<p>Uni\u00f3n de la experiencia networking a trav\u00e9s del gaming.[\/vc_cta][vc_btn title=&#8221;<b>INSCRIPCI\u00d3N<\/b>&#8221; color=&#8221;warning&#8221; size=&#8221;lg&#8221; align=&#8221;center&#8221; i_icon_fontawesome=&#8221;fa fa-arrow-right&#8221; add_icon=&#8221;true&#8221; link=&#8221;url:http%3A%2F%2Fbit.ly%2F2PaVfEf||target:%20_blank|&#8221;][\/vc_column][\/vc_row]<\/p>\n<\/section>","protected":false},"excerpt":{"rendered":"<p>[vc_row][vc_column][vc_cta h2=&#8221;Centro Empresarial de Arona&#8221;] Fecha: 28 de febrero de 2020 Horario: De 10 a 14 horas [\/vc_cta][vc_cta h2=&#8221;Conferencia Party Business&#8221; h2_use_theme_fonts=&#8221;yes&#8221; h2_css_animation=&#8221;bounceInLeft&#8221; h4_css_animation=&#8221;bounceInLeft&#8221; shape=&#8221;square&#8221; color=&#8221;violet&#8221; css_animation=&#8221;bounceInLeft&#8221; use_custom_fonts_h2=&#8221;true&#8221; use_custom_fonts_h4=&#8221;true&#8221;]Party Business es el nuevo entorno en el que se desenvuelven las empresas de \u00e9xito del siglo XXI. Se adaptan a una nueva sociedad y ofrecen sus&#8230;<\/p>\n","protected":false},"author":29,"featured_media":0,"parent":0,"menu_order":0,"comment_status":"closed","ping_status":"closed","template":"","meta":{"footnotes":""},"_links":{"self":[{"href":"https:\/\/fg.ull.es\/empleo\/wp-json\/wp\/v2\/pages\/39062"}],"collection":[{"href":"https:\/\/fg.ull.es\/empleo\/wp-json\/wp\/v2\/pages"}],"about":[{"href":"https:\/\/fg.ull.es\/empleo\/wp-json\/wp\/v2\/types\/page"}],"author":[{"embeddable":true,"href":"https:\/\/fg.ull.es\/empleo\/wp-json\/wp\/v2\/users\/29"}],"replies":[{"embeddable":true,"href":"https:\/\/fg.ull.es\/empleo\/wp-json\/wp\/v2\/comments?post=39062"}],"version-history":[{"count":0,"href":"https:\/\/fg.ull.es\/empleo\/wp-json\/wp\/v2\/pages\/39062\/revisions"}],"wp:attachment":[{"href":"https:\/\/fg.ull.es\/empleo\/wp-json\/wp\/v2\/media?parent=39062"}],"curies":[{"name":"wp","href":"https:\/\/api.w.org\/{rel}","templated":true}]}}