{"id":34104,"date":"2018-01-16T13:19:24","date_gmt":"2018-01-16T13:19:24","guid":{"rendered":"https:\/\/fg.ull.es\/empleo\/?page_id=34104"},"modified":"2018-01-16T13:20:58","modified_gmt":"2018-01-16T13:20:58","slug":"metodologia","status":"publish","type":"page","link":"https:\/\/fg.ull.es\/empleo\/idealo\/metodologia\/","title":{"rendered":"Metodolog\u00eda"},"content":{"rendered":"<section class=\"wpb-content-wrapper\"><p>[vc_row full_width=&#8221;stretch_row&#8221; video_bg=&#8221;yes&#8221; video_bg_url=&#8221;https:\/\/www.youtube.com\/watch?v=CcLY7pwaK74&#8243; css=&#8221;.vc_custom_1516107240075{padding-top: 45px !important;padding-bottom: 45px !important;background-image: url(https:\/\/fg.ull.es\/empleo\/wp-content\/uploads\/sites\/6\/2018\/01\/captura-video.jpg?id=34095) !important;background-position: center !important;background-repeat: no-repeat !important;background-size: cover !important;}&#8221;][vc_column css=&#8221;.vc_custom_1516104352927{padding-top: 0px !important;}&#8221;][vc_single_image image=&#8221;34089&#8243; img_size=&#8221;full&#8221; alignment=&#8221;center&#8221;][\/vc_column][\/vc_row][vc_row][vc_column width=&#8221;3\/4&#8243;][vc_row_inner][vc_column_inner width=&#8221;1\/4&#8243;][vc_btn title=&#8221;VOLVER&#8221; style=&#8221;custom&#8221; custom_background=&#8221;#ff6958&#8243; custom_text=&#8221;#ffffff&#8221; shape=&#8221;square&#8221; size=&#8221;sm&#8221; align=&#8221;left&#8221; i_icon_fontawesome=&#8221;fa fa-caret-left&#8221; add_icon=&#8221;true&#8221; link=&#8221;url:https%3A%2F%2Ffg.ull.es%2Fempleo%2Fidealo%2F|||&#8221;][\/vc_column_inner][vc_column_inner width=&#8221;1\/2&#8243;][vc_custom_heading text=&#8221;METODOLOG\u00cdA&#8221; font_container=&#8221;tag:h1|text_align:center&#8221; use_theme_fonts=&#8221;yes&#8221;][\/vc_column_inner][vc_column_inner width=&#8221;1\/4&#8243;][\/vc_column_inner][\/vc_row_inner][vc_separator css=&#8221;.vc_custom_1516104596420{margin-top: 34px !important;margin-bottom: 40px !important;}&#8221;][vc_column_text]La metodolog\u00eda que se pretende desarrollar en este proyecto, gira en torno al proceso de creaci\u00f3n de proyectos de empresa innovadores en el aula. Se trata de una metodolog\u00eda participativa, en la que se concibe a los y las participantes como agentes activos en la generaci\u00f3n y materializaci\u00f3n de ideas de negocio innovadoras. Asimismo, se basa en el enfoque del emprendimiento \u00e1gil (\u201cLean Startup\u201d) fomentando el aprendizaje directamente de la pr\u00e1ctica y experimentaci\u00f3n.<\/p>\n<p>La estrategia a seguir radica en un programa formativo dirigido a docentes para desarrollar directamente en el aula a trav\u00e9s de herramientas digitales integradas en un aula virtual. La pr\u00e1ctica del docente ser\u00e1 supervisada y apoyada por el equipo t\u00e9cnico de la FGULL, quienes ofrecer\u00e1n asesoramiento espec\u00edfico cuando sea necesario.<\/p>\n<p>El programa est\u00e1 integrado por cuatro m\u00f3dulos para implementar en el aula de forma totalmente flexible y complementaria a otras materias, siempre en horario escolar. Aunque han sido pensados con una secuenciaci\u00f3n l\u00f3gica, no hay obligatoriedad de impartirlos en los periodos que ahora sugerimos:<\/p>\n<h4>M\u00d3DULO 1: \u00bfC\u00f3mo despertar el esp\u00edritu emprendedor?<\/h4>\n<p>En este m\u00f3dulo se trabajan contenidos relacionados con el autoconocimiento, la autoestima y el sentido de la iniciativa, as\u00ed como, un acercamiento a la definici\u00f3n de emprendimiento y los tipos de emprendimiento que se pueden distinguir<\/p>\n<h4>M\u00d3DULO 2: \u00bfC\u00f3mo detectar ideas y convertirlas en ideas de empresa?<\/h4>\n<p>Este segundo m\u00f3dulo se dar\u00e1n pautas sobre c\u00f3mo detectar oportunidades de negocio y desarrollar a partir de ellas un proyecto innovador. Se facilitar\u00e1n herramientas para el dise\u00f1o de proyectos innovadores de forma que se fomente la creatividad y la innovaci\u00f3n.<\/p>\n<h4>M\u00d3DULO 3: \u00bfC\u00f3mo construir un modelo de negocio?<\/h4>\n<p>En el tercer m\u00f3dulo se trabajar\u00e1 el m\u00e9todo CANVAS para verificar de forma \u00e1gil si el proyecto de empresa podr\u00e1 ser o no viable. Paralelamente se potenciar\u00e1n un conjunto de valores, normas y principios para alcanzar una sinton\u00eda entre los objetivos empresariales y sociales.<\/p>\n<h4>M\u00d3DULO 4: \u00bfC\u00f3mo comunicar mi proyecto?<\/h4>\n<p>En el cuarto m\u00f3dulo se identificar\u00e1n las pautas gen\u00e9ricas en el \u00e1mbito de la comunicaci\u00f3n de proyectos innovadores, dedicando especial atenci\u00f3n al gui\u00f3n. A continuaci\u00f3n, se construir\u00e1 un producto audiovisual que permitir\u00e1 comunicar el proyecto.[\/vc_column_text][\/vc_column][vc_column width=&#8221;1\/4&#8243;][vc_single_image image=&#8221;32770&#8243; img_size=&#8221;full&#8221;][vc_column_text]<i class=\"fa fa-envelope\"><\/i> <a href=\"mailto:idealo@fg.ull.es\">idealo@fg.ull.es<\/a><br \/>\n<i class=\"fa fa-phone\"><\/i> <a href=\"tel:922319713\">922 319 713<\/a><br \/>\n<i class=\"fa fa-phone\"><\/i> <a href=\"tel:649225509\">649 225 509<\/a>[\/vc_column_text][vc_empty_space height=&#8221;15px&#8221;][vc_column_text]<a class=\"btn-idealo\" href=\"https:\/\/fg.ull.es\/empleo\/idealo\/que-es-idealo\/\">\u00bfQU\u00c9 ES ID\u00c9ALO?<\/a>[\/vc_column_text][vc_column_text]<a class=\"btn-idealo\" style=\"background-color: #044cea\" href=\"https:\/\/fg.ull.es\/empleo\/idealo\/como-participar\/\">\u00bfC\u00d3MO PARTICIPAR?<\/a>[\/vc_column_text][\/vc_column][\/vc_row]<\/p>\n<\/section>","protected":false},"excerpt":{"rendered":"<p>[vc_row full_width=&#8221;stretch_row&#8221; video_bg=&#8221;yes&#8221; video_bg_url=&#8221;https:\/\/www.youtube.com\/watch?v=CcLY7pwaK74&#8243; css=&#8221;.vc_custom_1516107240075{padding-top: 45px !important;padding-bottom: 45px !important;background-image: url(https:\/\/fg.ull.es\/empleo\/wp-content\/uploads\/sites\/6\/2018\/01\/captura-video.jpg?id=34095) !important;background-position: center !important;background-repeat: no-repeat !important;background-size: cover !important;}&#8221;][vc_column css=&#8221;.vc_custom_1516104352927{padding-top: 0px !important;}&#8221;][vc_single_image image=&#8221;34089&#8243; img_size=&#8221;full&#8221; alignment=&#8221;center&#8221;][\/vc_column][\/vc_row][vc_row][vc_column width=&#8221;3\/4&#8243;][vc_row_inner][vc_column_inner width=&#8221;1\/4&#8243;][vc_btn title=&#8221;VOLVER&#8221; style=&#8221;custom&#8221; custom_background=&#8221;#ff6958&#8243; custom_text=&#8221;#ffffff&#8221; shape=&#8221;square&#8221; size=&#8221;sm&#8221; align=&#8221;left&#8221; i_icon_fontawesome=&#8221;fa fa-caret-left&#8221; add_icon=&#8221;true&#8221; link=&#8221;url:https%3A%2F%2Ffg.ull.es%2Fempleo%2Fidealo%2F|||&#8221;][\/vc_column_inner][vc_column_inner width=&#8221;1\/2&#8243;][vc_custom_heading text=&#8221;METODOLOG\u00cdA&#8221; font_container=&#8221;tag:h1|text_align:center&#8221; use_theme_fonts=&#8221;yes&#8221;][\/vc_column_inner][vc_column_inner width=&#8221;1\/4&#8243;][\/vc_column_inner][\/vc_row_inner][vc_separator css=&#8221;.vc_custom_1516104596420{margin-top: 34px !important;margin-bottom: 40px !important;}&#8221;][vc_column_text]La metodolog\u00eda que se pretende desarrollar en este proyecto, gira&#8230;<\/p>\n","protected":false},"author":18,"featured_media":0,"parent":32756,"menu_order":0,"comment_status":"closed","ping_status":"closed","template":"templates\/template-frontpage.php","meta":{"footnotes":""},"_links":{"self":[{"href":"https:\/\/fg.ull.es\/empleo\/wp-json\/wp\/v2\/pages\/34104"}],"collection":[{"href":"https:\/\/fg.ull.es\/empleo\/wp-json\/wp\/v2\/pages"}],"about":[{"href":"https:\/\/fg.ull.es\/empleo\/wp-json\/wp\/v2\/types\/page"}],"author":[{"embeddable":true,"href":"https:\/\/fg.ull.es\/empleo\/wp-json\/wp\/v2\/users\/18"}],"replies":[{"embeddable":true,"href":"https:\/\/fg.ull.es\/empleo\/wp-json\/wp\/v2\/comments?post=34104"}],"version-history":[{"count":1,"href":"https:\/\/fg.ull.es\/empleo\/wp-json\/wp\/v2\/pages\/34104\/revisions"}],"predecessor-version":[{"id":34105,"href":"https:\/\/fg.ull.es\/empleo\/wp-json\/wp\/v2\/pages\/34104\/revisions\/34105"}],"up":[{"embeddable":true,"href":"https:\/\/fg.ull.es\/empleo\/wp-json\/wp\/v2\/pages\/32756"}],"wp:attachment":[{"href":"https:\/\/fg.ull.es\/empleo\/wp-json\/wp\/v2\/media?parent=34104"}],"curies":[{"name":"wp","href":"https:\/\/api.w.org\/{rel}","templated":true}]}}

Metodología

<section class="wpb-content-wrapper"><p>[vc_row full_width=&#8221;stretch_row&#8221; video_bg=&#8221;yes&#8221; video_bg_url=&#8221;https://www.youtube.com/watch?v=CcLY7pwaK74&#8243; css=&#8221;.vc_custom_1516107240075{padding-top: 45px !important;padding-bottom: 45px !important;background-image: url(https://fg.ull.es/empleo/wp-content/uploads/sites/6/2018/01/captura-video.jpg?id=34095) !important;background-position: center !important;background-repeat: no-repeat !important;background-size: cover !important;}&#8221;][vc_column css=&#8221;.vc_custom_1516104352927{padding-top: 0px !important;}&#8221;][vc_single_image image=&#8221;34089&#8243; img_size=&#8221;full&#8221; alignment=&#8221;center&#8221;][/vc_column][/vc_row][vc_row][vc_column width=&#8221;3/4&#8243;][vc_row_inner][vc_column_inner width=&#8221;1/4&#8243;][vc_btn title=&#8221;VOLVER&#8221; style=&#8221;custom&#8221; custom_background=&#8221;#ff6958&#8243; custom_text=&#8221;#ffffff&#8221; shape=&#8221;square&#8221; size=&#8221;sm&#8221; align=&#8221;left&#8221; i_icon_fontawesome=&#8221;fa fa-caret-left&#8221; add_icon=&#8221;true&#8221; link=&#8221;url:https%3A%2F%2Ffg.ull.es%2Fempleo%2Fidealo%2F|||&#8221;][/vc_column_inner][vc_column_inner width=&#8221;1/2&#8243;][vc_custom_heading text=&#8221;METODOLOGÍA&#8221; font_container=&#8221;tag:h1|text_align:center&#8221; use_theme_fonts=&#8221;yes&#8221;][/vc_column_inner][vc_column_inner width=&#8221;1/4&#8243;][/vc_column_inner][/vc_row_inner][vc_separator css=&#8221;.vc_custom_1516104596420{margin-top: 34px !important;margin-bottom: 40px !important;}&#8221;][vc_column_text]La metodología que se pretende desarrollar en este proyecto, gira en torno al proceso de creación de proyectos de empresa innovadores en el aula. Se trata de una metodología participativa, en la que se concibe a los y las participantes como agentes activos en la generación y materialización de ideas de negocio innovadoras. Asimismo, se basa en el enfoque del emprendimiento ágil (“Lean Startup”) fomentando el aprendizaje directamente de la práctica y experimentación.</p>
<p>La estrategia a seguir radica en un programa formativo dirigido a docentes para desarrollar directamente en el aula a través de herramientas digitales integradas en un aula virtual. La práctica del docente será supervisada y apoyada por el equipo técnico de la FGULL, quienes ofrecerán asesoramiento específico cuando sea necesario.</p>
<p>El programa está integrado por cuatro módulos para implementar en el aula de forma totalmente flexible y complementaria a otras materias, siempre en horario escolar. Aunque han sido pensados con una secuenciación lógica, no hay obligatoriedad de impartirlos en los periodos que ahora sugerimos:</p>
<h4>MÓDULO 1: ¿Cómo despertar el espíritu emprendedor?</h4>
<p>En este módulo se trabajan contenidos relacionados con el autoconocimiento, la autoestima y el sentido de la iniciativa, así como, un acercamiento a la definición de emprendimiento y los tipos de emprendimiento que se pueden distinguir</p>
<h4>MÓDULO 2: ¿Cómo detectar ideas y convertirlas en ideas de empresa?</h4>
<p>Este segundo módulo se darán pautas sobre cómo detectar oportunidades de negocio y desarrollar a partir de ellas un proyecto innovador. Se facilitarán herramientas para el diseño de proyectos innovadores de forma que se fomente la creatividad y la innovación.</p>
<h4>MÓDULO 3: ¿Cómo construir un modelo de negocio?</h4>
<p>En el tercer módulo se trabajará el método CANVAS para verificar de forma ágil si el proyecto de empresa podrá ser o no viable. Paralelamente se potenciarán un conjunto de valores, normas y principios para alcanzar una sintonía entre los objetivos empresariales y sociales.</p>
<h4>MÓDULO 4: ¿Cómo comunicar mi proyecto?</h4>
<p>En el cuarto módulo se identificarán las pautas genéricas en el ámbito de la comunicación de proyectos innovadores, dedicando especial atención al guión. A continuación, se construirá un producto audiovisual que permitirá comunicar el proyecto.[/vc_column_text][/vc_column][vc_column width=&#8221;1/4&#8243;][vc_single_image image=&#8221;32770&#8243; img_size=&#8221;full&#8221;][vc_column_text]<i class="fa fa-envelope"></i> <a href="mailto:idealo@fg.ull.es">idealo@fg.ull.es</a><br />
<i class="fa fa-phone"></i> <a href="tel:922319713">922 319 713</a><br />
<i class="fa fa-phone"></i> <a href="tel:649225509">649 225 509</a>[/vc_column_text][vc_empty_space height=&#8221;15px&#8221;][vc_column_text]<a class="btn-idealo" href="https://fg.ull.es/empleo/idealo/que-es-idealo/">¿QUÉ ES IDÉALO?</a>[/vc_column_text][vc_column_text]<a class="btn-idealo" style="background-color: #044cea" href="https://fg.ull.es/empleo/idealo/como-participar/">¿CÓMO PARTICIPAR?</a>[/vc_column_text][/vc_column][/vc_row]</p>
</section>

<p>[vc_row full_width=&#8221;stretch_row&#8221; video_bg=&#8221;yes&#8221; video_bg_url=&#8221;https://www.youtube.com/watch?v=CcLY7pwaK74&#8243; css=&#8221;.vc_custom_1516107240075{padding-top: 45px !important;padding-bottom: 45px !important;background-image: url(https://fg.ull.es/empleo/wp-content/uploads/sites/6/2018/01/captura-video.jpg?id=34095) !important;background-position: center !important;background-repeat: no-repeat !important;background-size: cover !important;}&#8221;][vc_column css=&#8221;.vc_custom_1516104352927{padding-top: 0px !important;}&#8221;][vc_single_image image=&#8221;34089&#8243; img_size=&#8221;full&#8221; alignment=&#8221;center&#8221;][/vc_column][/vc_row][vc_row][vc_column width=&#8221;3/4&#8243;][vc_row_inner][vc_column_inner width=&#8221;1/4&#8243;][vc_btn title=&#8221;VOLVER&#8221; style=&#8221;custom&#8221; custom_background=&#8221;#ff6958&#8243; custom_text=&#8221;#ffffff&#8221; shape=&#8221;square&#8221; size=&#8221;sm&#8221; align=&#8221;left&#8221; i_icon_fontawesome=&#8221;fa fa-caret-left&#8221; add_icon=&#8221;true&#8221; link=&#8221;url:https%3A%2F%2Ffg.ull.es%2Fempleo%2Fidealo%2F|||&#8221;][/vc_column_inner][vc_column_inner width=&#8221;1/2&#8243;][vc_custom_heading text=&#8221;METODOLOGÍA&#8221; font_container=&#8221;tag:h1|text_align:center&#8221; use_theme_fonts=&#8221;yes&#8221;][/vc_column_inner][vc_column_inner width=&#8221;1/4&#8243;][/vc_column_inner][/vc_row_inner][vc_separator css=&#8221;.vc_custom_1516104596420{margin-top: 34px !important;margin-bottom: 40px !important;}&#8221;][vc_column_text]La metodología que se pretende desarrollar en este proyecto, gira&#8230;</p>
