{"id":34097,"date":"2018-01-16T12:57:23","date_gmt":"2018-01-16T12:57:23","guid":{"rendered":"https:\/\/fg.ull.es\/empleo\/?page_id=34097"},"modified":"2018-01-16T13:21:19","modified_gmt":"2018-01-16T13:21:19","slug":"que-es-idealo","status":"publish","type":"page","link":"https:\/\/fg.ull.es\/empleo\/idealo\/que-es-idealo\/","title":{"rendered":"\u00bfQu\u00e9 es Id\u00e9alo?"},"content":{"rendered":"<section class=\"wpb-content-wrapper\"><p>[vc_row full_width=&#8221;stretch_row&#8221; video_bg=&#8221;yes&#8221; video_bg_url=&#8221;https:\/\/www.youtube.com\/watch?v=CcLY7pwaK74&#8243; css=&#8221;.vc_custom_1516107240075{padding-top: 45px !important;padding-bottom: 45px !important;background-image: url(https:\/\/fg.ull.es\/empleo\/wp-content\/uploads\/sites\/6\/2018\/01\/captura-video.jpg?id=34095) !important;background-position: center !important;background-repeat: no-repeat !important;background-size: cover !important;}&#8221;][vc_column css=&#8221;.vc_custom_1516104352927{padding-top: 0px !important;}&#8221;][vc_single_image image=&#8221;34089&#8243; img_size=&#8221;full&#8221; alignment=&#8221;center&#8221;][\/vc_column][\/vc_row][vc_row][vc_column width=&#8221;3\/4&#8243;][vc_row_inner][vc_column_inner width=&#8221;1\/4&#8243;][vc_btn title=&#8221;VOLVER&#8221; style=&#8221;custom&#8221; custom_background=&#8221;#ff6958&#8243; custom_text=&#8221;#ffffff&#8221; shape=&#8221;square&#8221; size=&#8221;sm&#8221; align=&#8221;left&#8221; i_icon_fontawesome=&#8221;fa fa-caret-left&#8221; add_icon=&#8221;true&#8221; link=&#8221;url:https%3A%2F%2Ffg.ull.es%2Fempleo%2Fidealo%2F|||&#8221;][\/vc_column_inner][vc_column_inner width=&#8221;1\/2&#8243;][vc_custom_heading text=&#8221;\u00bfQU\u00c9 ES ID\u00c9ALO?&#8221; font_container=&#8221;tag:h1|text_align:center&#8221; use_theme_fonts=&#8221;yes&#8221;][\/vc_column_inner][vc_column_inner width=&#8221;1\/4&#8243;][\/vc_column_inner][\/vc_row_inner][vc_separator css=&#8221;.vc_custom_1516104596420{margin-top: 34px !important;margin-bottom: 40px !important;}&#8221;][vc_column_text]El\u00a0<strong>proyecto Id\u00e9alo\u00a0<\/strong>es un proyecto educativo promovido por la Universidad de La Laguna desde su Fundaci\u00f3n General, dirigido al profesorado y alumnado de educaci\u00f3n secundaria, bachillerato y formaci\u00f3n profesional, que pretende estimular el sentido de la iniciativa y el esp\u00edritu emprendedor en el aula, a trav\u00e9s del desarrollo de proyectos de empresa innovadores. Asimismo, se plantea como propuesta de apoyo para el desarrollo de la asignatura \u201cIniciaci\u00f3n a la Actividad Emprendedora y Empresarial\u201d de Educaci\u00f3n Secundaria. Este aprendizaje experiencial, se desarrollar\u00e1 mediante un itinerario formativo, dirigido al profesorado y alumnado, que integra 4 m\u00f3dulos online en los que se pretende empoderar en las siguientes cuestiones:<\/p>\n<ul>\n<li>Potenciar el esp\u00edritu emprendedor en el aula.<\/li>\n<li>Desarrollar y gestionar trabajos colaborativos.<\/li>\n<li>Fomentar la detecci\u00f3n de ideas de empresa e iniciativas emprendedoras.<\/li>\n<li>Guiar en el proceso de elaboraci\u00f3n de un proyecto emprendedor.<\/li>\n<li>Aplicar los procedimientos adecuados para comunicar los proyectos a trav\u00e9s de herramientas digitales.<\/li>\n<\/ul>\n<p>El objetivo de este proyecto es, por tanto, desarrollar la competencia \u201cSentido de la iniciativa y esp\u00edritu emprendedor\u201d y competencias digitales en el aula a trav\u00e9s del desarrollo de proyectos de empresa innovadores.[\/vc_column_text][\/vc_column][vc_column width=&#8221;1\/4&#8243;][vc_single_image image=&#8221;32770&#8243; img_size=&#8221;full&#8221;][vc_column_text]<i class=\"fa fa-envelope\"><\/i> <a href=\"mailto:idealo@fg.ull.es\">idealo@fg.ull.es<\/a><br \/>\n<i class=\"fa fa-phone\"><\/i> <a href=\"tel:922319713\">922 319 713<\/a><br \/>\n<i class=\"fa fa-phone\"><\/i> <a href=\"tel:649225509\">649 225 509<\/a>[\/vc_column_text][vc_empty_space height=&#8221;15px&#8221;][vc_column_text]<a class=\"btn-idealo\" style=\"background-color: #414851\" href=\"https:\/\/fg.ull.es\/empleo\/idealo\/metodologia\/\">METODOLOG\u00cdA<\/a>[\/vc_column_text][vc_column_text]<a class=\"btn-idealo\" style=\"background-color: #044cea\" href=\"https:\/\/fg.ull.es\/empleo\/idealo\/como-participar\/\">\u00bfC\u00d3MO PARTICIPAR?<\/a>[\/vc_column_text][\/vc_column][\/vc_row]<\/p>\n<\/section>","protected":false},"excerpt":{"rendered":"<p>[vc_row full_width=&#8221;stretch_row&#8221; video_bg=&#8221;yes&#8221; video_bg_url=&#8221;https:\/\/www.youtube.com\/watch?v=CcLY7pwaK74&#8243; css=&#8221;.vc_custom_1516107240075{padding-top: 45px !important;padding-bottom: 45px !important;background-image: url(https:\/\/fg.ull.es\/empleo\/wp-content\/uploads\/sites\/6\/2018\/01\/captura-video.jpg?id=34095) !important;background-position: center !important;background-repeat: no-repeat !important;background-size: cover !important;}&#8221;][vc_column css=&#8221;.vc_custom_1516104352927{padding-top: 0px !important;}&#8221;][vc_single_image image=&#8221;34089&#8243; img_size=&#8221;full&#8221; alignment=&#8221;center&#8221;][\/vc_column][\/vc_row][vc_row][vc_column width=&#8221;3\/4&#8243;][vc_row_inner][vc_column_inner width=&#8221;1\/4&#8243;][vc_btn title=&#8221;VOLVER&#8221; style=&#8221;custom&#8221; custom_background=&#8221;#ff6958&#8243; custom_text=&#8221;#ffffff&#8221; shape=&#8221;square&#8221; size=&#8221;sm&#8221; align=&#8221;left&#8221; i_icon_fontawesome=&#8221;fa fa-caret-left&#8221; add_icon=&#8221;true&#8221; link=&#8221;url:https%3A%2F%2Ffg.ull.es%2Fempleo%2Fidealo%2F|||&#8221;][\/vc_column_inner][vc_column_inner width=&#8221;1\/2&#8243;][vc_custom_heading text=&#8221;\u00bfQU\u00c9 ES ID\u00c9ALO?&#8221; font_container=&#8221;tag:h1|text_align:center&#8221; use_theme_fonts=&#8221;yes&#8221;][\/vc_column_inner][vc_column_inner width=&#8221;1\/4&#8243;][\/vc_column_inner][\/vc_row_inner][vc_separator css=&#8221;.vc_custom_1516104596420{margin-top: 34px !important;margin-bottom: 40px !important;}&#8221;][vc_column_text]El\u00a0proyecto Id\u00e9alo\u00a0es un proyecto educativo promovido por la&#8230;<\/p>\n","protected":false},"author":18,"featured_media":0,"parent":32756,"menu_order":0,"comment_status":"closed","ping_status":"closed","template":"templates\/template-frontpage.php","meta":{"footnotes":""},"_links":{"self":[{"href":"https:\/\/fg.ull.es\/empleo\/wp-json\/wp\/v2\/pages\/34097"}],"collection":[{"href":"https:\/\/fg.ull.es\/empleo\/wp-json\/wp\/v2\/pages"}],"about":[{"href":"https:\/\/fg.ull.es\/empleo\/wp-json\/wp\/v2\/types\/page"}],"author":[{"embeddable":true,"href":"https:\/\/fg.ull.es\/empleo\/wp-json\/wp\/v2\/users\/18"}],"replies":[{"embeddable":true,"href":"https:\/\/fg.ull.es\/empleo\/wp-json\/wp\/v2\/comments?post=34097"}],"version-history":[{"count":8,"href":"https:\/\/fg.ull.es\/empleo\/wp-json\/wp\/v2\/pages\/34097\/revisions"}],"predecessor-version":[{"id":34108,"href":"https:\/\/fg.ull.es\/empleo\/wp-json\/wp\/v2\/pages\/34097\/revisions\/34108"}],"up":[{"embeddable":true,"href":"https:\/\/fg.ull.es\/empleo\/wp-json\/wp\/v2\/pages\/32756"}],"wp:attachment":[{"href":"https:\/\/fg.ull.es\/empleo\/wp-json\/wp\/v2\/media?parent=34097"}],"curies":[{"name":"wp","href":"https:\/\/api.w.org\/{rel}","templated":true}]}}