{"id":23348,"date":"2016-01-20T12:44:25","date_gmt":"2016-01-20T12:44:25","guid":{"rendered":"http:\/\/www.fg.ull.es\/es\/?page_id=23348"},"modified":"2016-01-20T12:44:25","modified_gmt":"2016-01-20T12:44:25","slug":"becas-santander","status":"publish","type":"page","link":"https:\/\/fg.ull.es\/empleo\/becas-de-insercion-laboral\/becas-santander\/","title":{"rendered":"Becas Santander"},"content":{"rendered":"<section class=\"wpb-content-wrapper\"><p>[vc_row][vc_column width=&#8221;1\/4&#8243;][vc_widget_sidebar sidebar_id=&#8221;izquierda_empleo&#8221;][\/vc_column][vc_column width=&#8221;1\/2&#8243;][vc_empty_space][vc_column_text]<\/p>\n<h2>Becas Santander<\/h2>\n<p>&nbsp;<\/p>\n<p>El<strong> objetivo<\/strong> de este programa de becas es complementar la formaci\u00f3n universitaria del alumnado y acercarles a las realidades del \u00e1mbito profesional donde ejercer\u00e1n su actividad una vez se hayan graduado, estableciendo los contactos entre \u00e9stos, las empresas y las instituciones, facilitando as\u00ed su posterior inserci\u00f3n laboral.<\/p>\n<p>En esta convocatoria, la Universidad de la Laguna gestionar\u00e1 <strong>83 becas del programa<\/strong>, que tendr\u00e1n una duraci\u00f3n de <strong>3 meses<\/strong> y una dotaci\u00f3n de <strong>600 euros<\/strong> al mes brutos pagados por el Banco de Santander.<\/p>\n<p>&nbsp;<\/p>\n<h3>Inscripci\u00f3n cerrada<\/h3>\n<p>&nbsp;<\/p>\n<h5><\/h5>\n<h5>Contacto<\/h5>\n<p>becassantander@fg.ull.es[\/vc_column_text][vc_separator][vc_empty_space][vc_column_text]<\/p>\n<p align=\"center\">\n<div data-url=\"https:\/\/issuu.com\/fundaciongeneralull\/docs\/informe_satisfacci__n_e_impacto_del\/1\" style=\"width: 750px; height: 530px;\" class=\"issuuembed\"><\/div>\n<p><script type=\"text\/javascript\" src=\"\/\/e.issuu.com\/embed.js\" async=\"true\"><\/script><\/p>\n<p>[\/vc_column_text][\/vc_column][vc_column width=&#8221;1\/4&#8243;][vc_single_image image=&#8221;23349&#8243; img_size=&#8221;medium&#8221;][vc_empty_space][vc_single_image image=&#8221;23350&#8243; img_size=&#8221;large&#8221;][\/vc_column][\/vc_row][vc_row css=&#8221;.vc_custom_1475489731977{margin-top: 0px !important;padding-top: 0px !important;}&#8221;][vc_column width=&#8221;1\/4&#8243;][\/vc_column][vc_column width=&#8221;1\/4&#8243;][\/vc_column][vc_column width=&#8221;1\/4&#8243;][\/vc_column][vc_column width=&#8221;1\/4&#8243;][\/vc_column][\/vc_row]<\/p>\n<\/section>","protected":false},"excerpt":{"rendered":"<p>[vc_row][vc_column width=&#8221;1\/4&#8243;][vc_widget_sidebar sidebar_id=&#8221;izquierda_empleo&#8221;][\/vc_column][vc_column width=&#8221;1\/2&#8243;][vc_empty_space][vc_column_text] Becas Santander &nbsp; El objetivo de este programa de becas es complementar la formaci\u00f3n universitaria del alumnado y acercarles a las realidades del \u00e1mbito profesional donde ejercer\u00e1n su actividad una vez se hayan graduado, estableciendo los contactos entre \u00e9stos, las empresas y las instituciones, facilitando as\u00ed su posterior inserci\u00f3n laboral. En&#8230;<\/p>\n","protected":false},"author":1,"featured_media":0,"parent":8035,"menu_order":0,"comment_status":"closed","ping_status":"closed","template":"","meta":{"footnotes":""},"_links":{"self":[{"href":"https:\/\/fg.ull.es\/empleo\/wp-json\/wp\/v2\/pages\/23348"}],"collection":[{"href":"https:\/\/fg.ull.es\/empleo\/wp-json\/wp\/v2\/pages"}],"about":[{"href":"https:\/\/fg.ull.es\/empleo\/wp-json\/wp\/v2\/types\/page"}],"author":[{"embeddable":true,"href":"https:\/\/fg.ull.es\/empleo\/wp-json\/wp\/v2\/users\/1"}],"replies":[{"embeddable":true,"href":"https:\/\/fg.ull.es\/empleo\/wp-json\/wp\/v2\/comments?post=23348"}],"version-history":[{"count":0,"href":"https:\/\/fg.ull.es\/empleo\/wp-json\/wp\/v2\/pages\/23348\/revisions"}],"up":[{"embeddable":true,"href":"https:\/\/fg.ull.es\/empleo\/wp-json\/wp\/v2\/pages\/8035"}],"wp:attachment":[{"href":"https:\/\/fg.ull.es\/empleo\/wp-json\/wp\/v2\/media?parent=23348"}],"curies":[{"name":"wp","href":"https:\/\/api.w.org\/{rel}","templated":true}]}}